{"id":37070,"date":"2026-05-05T07:27:18","date_gmt":"2026-05-05T07:27:18","guid":{"rendered":"https:\/\/accrosport.tn\/?post_type=product&#038;p=37070"},"modified":"2026-05-05T15:56:07","modified_gmt":"2026-05-05T15:56:07","slug":"chaussures-running-hispalis-2501-unisexe-noir","status":"publish","type":"product","link":"https:\/\/accrosport.tn\/index.php\/product\/chaussures-running-hispalis-2501-unisexe-noir\/","title":{"rendered":"Chaussures running Hispalis 2501 unisexe noir"},"content":{"rendered":"<p>Chaussures de course pour hommes. Mod\u00e8le mixte riche en confort et stabilit\u00e9 gr\u00e2ce \u00e0 la semelle interm\u00e9diaire \u00e0 double densit\u00e9. Recommand\u00e9 pour les coureurs avec un rythme de course moyen et parfait \u00e9galement pour la r\u00e9cup\u00e9ration.<\/p>\n<p>Tige fabriqu\u00e9e en mesh fini en jacquard. Le pied restera \u00e0 temp\u00e9rature constante \u00e0 l&rsquo;int\u00e9rieur des chaussures gr\u00e2ce au syst\u00e8me de ventilation VTS. Les zones d&rsquo;ajustement sont dot\u00e9es du syst\u00e8me thermoscell\u00e9 JOMA SPORTECH.<\/p>\n<p>Semelle interm\u00e9diaire am\u00e9lior\u00e9e avec un drop de 10 mm. Sa construction en phylon \u00e0 double densit\u00e9 DUAL REACTIVE am\u00e9liore la conduite et le mouvement du pied, le rendant plus stable. La partie de moindre densit\u00e9 amortit les chocs, tandis que celle de plus grande duret\u00e9 apporte de la stabilit\u00e9.<\/p>\n<p>Semelle en caoutchouc DURABILITY de haute qualit\u00e9 et r\u00e9sistance sur l&rsquo;asphalte.<\/p>\n","protected":false},"excerpt":{"rendered":"<p>Chaussures de course pour hommes. Mod\u00e8le mixte riche en confort et stabilit\u00e9 gr\u00e2ce \u00e0 la semelle interm\u00e9diaire \u00e0 double densit\u00e9. Recommand\u00e9 pour les coureurs avec un rythme de course moyen et parfait \u00e9galement pour la r\u00e9cup\u00e9ration.<\/p>\n","protected":false},"featured_media":37077,"template":"","meta":[],"product_brand":[],"product_cat":[61,33,77,114,113],"product_tag":[],"class_list":{"0":"post-37070","1":"product","2":"type-product","3":"status-publish","4":"has-post-thumbnail","6":"product_cat-chaussures-homme","7":"product_cat-homme","8":"product_cat-running","9":"product_cat-running-sport","10":"product_cat-sport","11":"pa_taille-646","12":"pa_taille-649","13":"pa_taille-650","14":"pa_taille-651","15":"pa_taille-653","16":"pa_taille-656","17":"pa_taille-719","19":"first","20":"outofstock","21":"sale","22":"purchasable","23":"product-type-variable"},"_links":{"self":[{"href":"https:\/\/accrosport.tn\/index.php\/wp-json\/wp\/v2\/product\/37070","targetHints":{"allow":["GET"]}}],"collection":[{"href":"https:\/\/accrosport.tn\/index.php\/wp-json\/wp\/v2\/product"}],"about":[{"href":"https:\/\/accrosport.tn\/index.php\/wp-json\/wp\/v2\/types\/product"}],"wp:featuredmedia":[{"embeddable":true,"href":"https:\/\/accrosport.tn\/index.php\/wp-json\/wp\/v2\/media\/37077"}],"wp:attachment":[{"href":"https:\/\/accrosport.tn\/index.php\/wp-json\/wp\/v2\/media?parent=37070"}],"wp:term":[{"taxonomy":"product_brand","embeddable":true,"href":"https:\/\/accrosport.tn\/index.php\/wp-json\/wp\/v2\/product_brand?post=37070"},{"taxonomy":"product_cat","embeddable":true,"href":"https:\/\/accrosport.tn\/index.php\/wp-json\/wp\/v2\/product_cat?post=37070"},{"taxonomy":"product_tag","embeddable":true,"href":"https:\/\/accrosport.tn\/index.php\/wp-json\/wp\/v2\/product_tag?post=37070"}],"curies":[{"name":"wp","href":"https:\/\/api.w.org\/{rel}","templated":true}]}}