{"id":36094,"date":"2025-11-26T15:52:55","date_gmt":"2025-11-26T15:52:55","guid":{"rendered":"https:\/\/accrosport.tn\/index.php\/product\/c-1992-men-2501-negro\/"},"modified":"2026-03-11T12:46:41","modified_gmt":"2026-03-11T12:46:41","slug":"c-1992-men-2501-negro","status":"publish","type":"product","link":"https:\/\/accrosport.tn\/index.php\/product\/c-1992-men-2501-negro\/","title":{"rendered":"Chaussures casual C.1992 Men 25 homme noir"},"content":{"rendered":"<p>Chaussures de sport pour homme. Le mod\u00e8le C.1992 d&rsquo;inspiration r\u00e9tro \u00e9voque la ligne Heritage, cr\u00e9\u00e9e par Joma dans les ann\u00e9es 70. La fusion entre le style sportif actuel et les touches classiques donne naissance \u00e0 des chaussures de sport polyvalentes pour un usage quotidien.<\/p>\n<p>La tige est fabriqu\u00e9e en combinant textile, cuir synth\u00e9tique et daim. L&rsquo;utilisation de ces trois mat\u00e9riaux offre confort, l\u00e9g\u00e8ret\u00e9 et haute durabilit\u00e9.<\/p>\n<p>La semelle interm\u00e9diaire est fabriqu\u00e9e en phylon recycl\u00e9, un mat\u00e9riau l\u00e9ger, flexible et capable d&rsquo;absorber les chocs. Sa fabrication \u00e0 partir de mat\u00e9riaux recycl\u00e9s s&rsquo;inscrit dans l&rsquo;engagement de Joma pour la protection de l&rsquo;environnement. Elle comporte un STABILIS arri\u00e8re pour stabiliser la foul\u00e9e.<\/p>\n<p>La semelle en caoutchouc DURABILITY provient \u00e9galement de mat\u00e9riaux recycl\u00e9s. L\u00e9g\u00e8re et tr\u00e8s r\u00e9sistante \u00e0 l&rsquo;abrasion.<\/p>\n","protected":false},"excerpt":{"rendered":"<p>Chaussures de sport pour homme. Le mod\u00e8le C.1992 d&rsquo;inspiration r\u00e9tro \u00e9voque la ligne Heritage, cr\u00e9\u00e9e par Joma dans les ann\u00e9es 70. La fusion entre le style sportif actuel et les touches classiques donne naissance \u00e0 des chaussures de sport polyvalentes pour un usage quotidien.<\/p>\n","protected":false},"featured_media":36246,"template":"","meta":[],"product_brand":[],"product_cat":[78,61,33],"product_tag":[],"class_list":{"0":"post-36094","1":"product","2":"type-product","3":"status-publish","4":"has-post-thumbnail","6":"product_cat-casual","7":"product_cat-chaussures-homme","8":"product_cat-homme","9":"pa_taille-645","10":"pa_taille-646","11":"pa_taille-649","12":"pa_taille-650","13":"pa_taille-651","14":"pa_taille-653","16":"first","17":"outofstock","18":"sale","19":"purchasable","20":"product-type-variable"},"_links":{"self":[{"href":"https:\/\/accrosport.tn\/index.php\/wp-json\/wp\/v2\/product\/36094","targetHints":{"allow":["GET"]}}],"collection":[{"href":"https:\/\/accrosport.tn\/index.php\/wp-json\/wp\/v2\/product"}],"about":[{"href":"https:\/\/accrosport.tn\/index.php\/wp-json\/wp\/v2\/types\/product"}],"wp:featuredmedia":[{"embeddable":true,"href":"https:\/\/accrosport.tn\/index.php\/wp-json\/wp\/v2\/media\/36246"}],"wp:attachment":[{"href":"https:\/\/accrosport.tn\/index.php\/wp-json\/wp\/v2\/media?parent=36094"}],"wp:term":[{"taxonomy":"product_brand","embeddable":true,"href":"https:\/\/accrosport.tn\/index.php\/wp-json\/wp\/v2\/product_brand?post=36094"},{"taxonomy":"product_cat","embeddable":true,"href":"https:\/\/accrosport.tn\/index.php\/wp-json\/wp\/v2\/product_cat?post=36094"},{"taxonomy":"product_tag","embeddable":true,"href":"https:\/\/accrosport.tn\/index.php\/wp-json\/wp\/v2\/product_tag?post=36094"}],"curies":[{"name":"wp","href":"https:\/\/api.w.org\/{rel}","templated":true}]}}