{"id":35843,"date":"2025-11-26T11:14:22","date_gmt":"2025-11-26T11:14:22","guid":{"rendered":"https:\/\/accrosport.tn\/?post_type=product&#038;p=35843"},"modified":"2026-04-03T16:03:17","modified_gmt":"2026-04-03T16:03:17","slug":"chaussures-spin-men-25-homme-noir","status":"publish","type":"product","link":"https:\/\/accrosport.tn\/index.php\/product\/chaussures-spin-men-25-homme-noir\/","title":{"rendered":"Chaussures Spin Men 25 homme noir"},"content":{"rendered":"<p>Chaussures de padel pour homme. Mod\u00e8le professionnel haut de gamme destin\u00e9 aux joueurs recherchant des performances \u00e9lev\u00e9es sur le terrain. Ils offrent un niveau maximal d&rsquo;amorti et de stabilit\u00e9. Test\u00e9 par des joueurs professionnels tels que Jos\u00e9 Diestro.<\/p>\n<p>Tige confectionn\u00e9e en mesh technique. La technologie VTS optimise la respirabilit\u00e9 et maintient les pieds \u00e0 une temp\u00e9rature constante. Le syst\u00e8me de r\u00e9glage thermoscell\u00e9 JOMA SPORTECH offre un maintien confortable et l\u00e9ger. De plus, les parties sensibles sont renforc\u00e9es avec la technologie PROTECTION.<\/p>\n<p>Semelle interm\u00e9diaire en phylon, un mat\u00e9riau l\u00e9ger et flexible offrant un amorti excellent et un grand confort \u00e0 chaque mouvement. Ce compos\u00e9 absorbe les chocs lors de d\u00e9placements intenses. Ses deux STABILIS maximisent la stabilit\u00e9 des mouvements et pr\u00e9viennent les blessures \u00e9ventuelles. Le joueur pourra se d\u00e9placer en toute confiance, en maintenant l&rsquo;\u00e9quilibre, sans sacrifier l&rsquo;agilit\u00e9 ni la flexibilit\u00e9 n\u00e9cessaires au padel.<\/p>\n<p>Semelle Omni en caoutchouc DURABILITY, compos\u00e9e de petits crampons circulaires pour am\u00e9liorer la durabilit\u00e9 sur les surfaces dures. Facilite les glissements pour arriver plus rapidement \u00e0 la balle.Chaussures Spin Men 25 homme noir<\/p>\n<ul class=\"featuresul\">\n<li>D\u00e9coupe avec mesh respirant VTS et SPORTECH<\/li>\n<li>Semelle interm\u00e9diaire en phylon avec STABILIS<\/li>\n<li>Semelle avec une r\u00e9sistance optimis\u00e9e gr\u00e2ce \u00e0 la technologie DURABILITY<\/li>\n<li>Renforcement PROTECTION<\/li>\n<\/ul>\n","protected":false},"excerpt":{"rendered":"<p>Chaussures de padel pour homme. Mod\u00e8le professionnel haut de gamme destin\u00e9 aux joueurs recherchant des performances \u00e9lev\u00e9es sur le terrain. Ils offrent un niveau maximal d&rsquo;amorti et de stabilit\u00e9. Test\u00e9 par des joueurs professionnels tels que Jos\u00e9 Diestro.<\/p>\n","protected":false},"featured_media":35856,"template":"","meta":[],"product_brand":[],"product_cat":[61,33,275,273,113],"product_tag":[],"class_list":{"0":"post-35843","1":"product","2":"type-product","3":"status-publish","4":"has-post-thumbnail","6":"product_cat-chaussures-homme","7":"product_cat-homme","8":"product_cat-padel-homme","9":"product_cat-padel","10":"product_cat-sport","11":"pa_taille-645","12":"pa_taille-646","13":"pa_taille-649","14":"pa_taille-650","15":"pa_taille-651","16":"pa_taille-653","18":"first","19":"outofstock","20":"sale","21":"purchasable","22":"product-type-variable"},"_links":{"self":[{"href":"https:\/\/accrosport.tn\/index.php\/wp-json\/wp\/v2\/product\/35843","targetHints":{"allow":["GET"]}}],"collection":[{"href":"https:\/\/accrosport.tn\/index.php\/wp-json\/wp\/v2\/product"}],"about":[{"href":"https:\/\/accrosport.tn\/index.php\/wp-json\/wp\/v2\/types\/product"}],"wp:featuredmedia":[{"embeddable":true,"href":"https:\/\/accrosport.tn\/index.php\/wp-json\/wp\/v2\/media\/35856"}],"wp:attachment":[{"href":"https:\/\/accrosport.tn\/index.php\/wp-json\/wp\/v2\/media?parent=35843"}],"wp:term":[{"taxonomy":"product_brand","embeddable":true,"href":"https:\/\/accrosport.tn\/index.php\/wp-json\/wp\/v2\/product_brand?post=35843"},{"taxonomy":"product_cat","embeddable":true,"href":"https:\/\/accrosport.tn\/index.php\/wp-json\/wp\/v2\/product_cat?post=35843"},{"taxonomy":"product_tag","embeddable":true,"href":"https:\/\/accrosport.tn\/index.php\/wp-json\/wp\/v2\/product_tag?post=35843"}],"curies":[{"name":"wp","href":"https:\/\/api.w.org\/{rel}","templated":true}]}}