{"id":35805,"date":"2025-11-26T10:59:35","date_gmt":"2025-11-26T10:59:35","guid":{"rendered":"https:\/\/accrosport.tn\/?post_type=product&#038;p=35805"},"modified":"2026-02-06T08:37:12","modified_gmt":"2026-02-06T08:37:12","slug":"chaussures-smash-25-terre-battue-unisexe-noir-multicolore","status":"publish","type":"product","link":"https:\/\/accrosport.tn\/index.php\/product\/chaussures-smash-25-terre-battue-unisexe-noir-multicolore\/","title":{"rendered":"Chaussures Smash 25 terre battue unisexe noir multicolore"},"content":{"rendered":"<p>Chaussures de padel pour homme. Haut de gamme, performances maximales et technologie de pointe qui ont permis \u00e0 des joueurs professionnels comme Tolito d&rsquo;atteindre leurs succ\u00e8s. Ils offrent un maximum d&rsquo;amorti, de r\u00e9activit\u00e9, de protection, c&rsquo;est pourquoi ils requi\u00e8rent une technique affin\u00e9e.<\/p>\n<p>Tige l\u00e9g\u00e8re confectionn\u00e9e en mesh technique. Respirabilit\u00e9 optimis\u00e9e gr\u00e2ce \u00e0 la technologie de ventilation VTS. Le syst\u00e8me thermoscell\u00e9 JOMA SPORTECH offre un ajustement confortable au pied.<\/p>\n<p>Renfort en caoutchouc dans les zones les plus sensibles aux frottements et aux chocs. Ces applications forment le syst\u00e8me PROTECTION.<\/p>\n<p>Semelle interm\u00e9diaire compos\u00e9e de deux mat\u00e9riaux. La partie sup\u00e9rieure est en phylon, tandis que la partie inf\u00e9rieure int\u00e8gre la technologie REACTIVE BALL, qui absorbe les chocs et impulse. \u00c9quip\u00e9e d&rsquo;une pi\u00e8ce centrale STABILIS pour \u00e9viter les torsions des chaussures et offrir une stabilit\u00e9 sup\u00e9rieure.<\/p>\n<p>Semelle Clay en caoutchouc DURABILITY qui facilite les changements de direction, essentiels pour le jeu strat\u00e9gique en padel.<\/p>\n<ul class=\"featuresul\">\n<li>Empeigne en mesh respirant VTS<\/li>\n<li>Coupe avec syst\u00e8me de r\u00e9glage thermosoud\u00e9 SPORTECH<\/li>\n<li>Coupe avec renfort en caoutchouc dans les zones strat\u00e9giques PROTECTION<\/li>\n<li>Semelle interm\u00e9diaire en Phylon avec les technologies REACTIVE BALL et STABILIS.<\/li>\n<li>Semelle ext\u00e9rieure DURABILITY en caoutchouc<\/li>\n<\/ul>\n","protected":false},"excerpt":{"rendered":"<p>Chaussures de padel pour homme. Haut de gamme, performances maximales et technologie de pointe qui ont permis \u00e0 des joueurs professionnels comme Tolito d&rsquo;atteindre leurs succ\u00e8s. Ils offrent un maximum d&rsquo;amorti, de r\u00e9activit\u00e9, de protection, c&rsquo;est pourquoi ils requi\u00e8rent une technique affin\u00e9e.<\/p>\n","protected":false},"featured_media":35820,"template":"","meta":[],"product_brand":[],"product_cat":[57,61,42,33,275,276,273,113],"product_tag":[],"class_list":{"0":"post-35805","1":"product","2":"type-product","3":"status-publish","4":"has-post-thumbnail","6":"product_cat-chaussures","7":"product_cat-chaussures-homme","8":"product_cat-femme","9":"product_cat-homme","10":"product_cat-padel-homme","11":"product_cat-padel-femme","12":"product_cat-padel","13":"product_cat-sport","14":"pa_taille-643","15":"pa_taille-655","16":"pa_taille-644","17":"pa_taille-645","18":"pa_taille-646","19":"pa_taille-649","20":"pa_taille-650","21":"pa_taille-651","22":"pa_taille-653","24":"first","25":"outofstock","26":"sale","27":"purchasable","28":"product-type-variable"},"_links":{"self":[{"href":"https:\/\/accrosport.tn\/index.php\/wp-json\/wp\/v2\/product\/35805","targetHints":{"allow":["GET"]}}],"collection":[{"href":"https:\/\/accrosport.tn\/index.php\/wp-json\/wp\/v2\/product"}],"about":[{"href":"https:\/\/accrosport.tn\/index.php\/wp-json\/wp\/v2\/types\/product"}],"wp:featuredmedia":[{"embeddable":true,"href":"https:\/\/accrosport.tn\/index.php\/wp-json\/wp\/v2\/media\/35820"}],"wp:attachment":[{"href":"https:\/\/accrosport.tn\/index.php\/wp-json\/wp\/v2\/media?parent=35805"}],"wp:term":[{"taxonomy":"product_brand","embeddable":true,"href":"https:\/\/accrosport.tn\/index.php\/wp-json\/wp\/v2\/product_brand?post=35805"},{"taxonomy":"product_cat","embeddable":true,"href":"https:\/\/accrosport.tn\/index.php\/wp-json\/wp\/v2\/product_cat?post=35805"},{"taxonomy":"product_tag","embeddable":true,"href":"https:\/\/accrosport.tn\/index.php\/wp-json\/wp\/v2\/product_tag?post=35805"}],"curies":[{"name":"wp","href":"https:\/\/api.w.org\/{rel}","templated":true}]}}