{"id":35656,"date":"2025-11-21T14:26:51","date_gmt":"2025-11-21T14:26:51","guid":{"rendered":"https:\/\/accrosport.tn\/?post_type=product&#038;p=35656"},"modified":"2026-03-11T12:46:48","modified_gmt":"2026-03-11T12:46:48","slug":"chaussures-de-sport-femme-joma-set-lady-2502-blanco","status":"publish","type":"product","link":"https:\/\/accrosport.tn\/index.php\/product\/chaussures-de-sport-femme-joma-set-lady-2502-blanco\/","title":{"rendered":"Chaussures de sport Femme JOMA SET LADY 2502 BLANCO"},"content":{"rendered":"<p>Chaussure de sport con\u00e7ue pour performance et confort. Dot\u00e9e d\u2019une tige respirante en mesh, d\u2019une semelle interm\u00e9diaire amortissante et d\u2019une semelle ext\u00e9rieure adh\u00e9rente, elle assure stabilit\u00e9 et confort pour le tennis, padel ou autres sports rapides. Moderne et l\u00e9g\u00e8re, elle accompagne les sportives dans tous leurs mouvements.<\/p>\n","protected":false},"excerpt":{"rendered":"<p>Chaussure de sport con\u00e7ue pour performance et confort. Dot\u00e9e d\u2019une tige respirante en mesh, d\u2019une semelle interm\u00e9diaire amortissante et d\u2019une semelle ext\u00e9rieure adh\u00e9rente, elle assure stabilit\u00e9 et confort pour le tennis, padel ou autres sports rapides. Moderne et l\u00e9g\u00e8re, elle accompagne les sportives dans tous leurs mouvements.<\/p>\n","protected":false},"featured_media":35706,"template":"","meta":[],"product_brand":[],"product_cat":[57,42,273,276,113],"product_tag":[],"class_list":{"0":"post-35656","1":"product","2":"type-product","3":"status-publish","4":"has-post-thumbnail","6":"product_cat-chaussures","7":"product_cat-femme","8":"product_cat-padel","9":"product_cat-padel-femme","10":"product_cat-sport","11":"pa_taille-643","12":"pa_taille-655","13":"pa_taille-644","14":"pa_taille-645","15":"pa_taille-646","17":"first","18":"outofstock","19":"sale","20":"purchasable","21":"product-type-variable"},"_links":{"self":[{"href":"https:\/\/accrosport.tn\/index.php\/wp-json\/wp\/v2\/product\/35656","targetHints":{"allow":["GET"]}}],"collection":[{"href":"https:\/\/accrosport.tn\/index.php\/wp-json\/wp\/v2\/product"}],"about":[{"href":"https:\/\/accrosport.tn\/index.php\/wp-json\/wp\/v2\/types\/product"}],"wp:featuredmedia":[{"embeddable":true,"href":"https:\/\/accrosport.tn\/index.php\/wp-json\/wp\/v2\/media\/35706"}],"wp:attachment":[{"href":"https:\/\/accrosport.tn\/index.php\/wp-json\/wp\/v2\/media?parent=35656"}],"wp:term":[{"taxonomy":"product_brand","embeddable":true,"href":"https:\/\/accrosport.tn\/index.php\/wp-json\/wp\/v2\/product_brand?post=35656"},{"taxonomy":"product_cat","embeddable":true,"href":"https:\/\/accrosport.tn\/index.php\/wp-json\/wp\/v2\/product_cat?post=35656"},{"taxonomy":"product_tag","embeddable":true,"href":"https:\/\/accrosport.tn\/index.php\/wp-json\/wp\/v2\/product_tag?post=35656"}],"curies":[{"name":"wp","href":"https:\/\/api.w.org\/{rel}","templated":true}]}}