{"id":35642,"date":"2025-11-21T10:57:36","date_gmt":"2025-11-21T10:57:36","guid":{"rendered":"https:\/\/accrosport.tn\/?post_type=product&#038;p=35642"},"modified":"2025-11-21T12:05:38","modified_gmt":"2025-11-21T12:05:38","slug":"chaussures-football-propulsion-25-terrain-ferme-fg-turquoise","status":"publish","type":"product","link":"https:\/\/accrosport.tn\/index.php\/product\/chaussures-football-propulsion-25-terrain-ferme-fg-turquoise\/","title":{"rendered":"Chaussures football Propulsion 25 terrain ferme FG turquoise"},"content":{"rendered":"<p>Tige en cuir synth\u00e9tique l\u00e9ger et tr\u00e8s r\u00e9sistant. Conception monobloc (technologie ONE PIECE) offrant un confort exceptionnel gr\u00e2ce \u00e0 l&rsquo;absence de coutures. Int\u00e9gration du syst\u00e8me SOCK SYSTEM au niveau du talon pour une flexibilit\u00e9 et une adaptation optimales au pied.<br \/>\nLe contrepoids arri\u00e8re EXO COUNTER assure une grande fermet\u00e9 lors des changements de direction.<br \/>\nSemelle en fibre synth\u00e9tique, s&rsquo;adaptant parfaitement \u00e0 ce type de terrain et am\u00e9liorant le contr\u00f4le des mouvements sur sol ferme et non abrasif.<\/p>\n<p>Coupe en mat\u00e9riau synth\u00e9tique (Fibertech) r\u00e9sistant au frottement avec la technologie ONE PIECE<br \/>\nSemelle en fibre synth\u00e9tique<br \/>\nContrefort EXO Counter<br \/>\nSyst\u00e8me de chaussettes Col<br \/>\nTerrain : gazon naturel semi-s<\/p>\n","protected":false},"excerpt":{"rendered":"<p>Chaussures de football pour terrain ferme (FG). Le mod\u00e8le Propulsion est id\u00e9al pour les footballeurs les plus rapides. Con\u00e7u pour les futures stars, ce mod\u00e8le offre un gain de performance suppl\u00e9mentaire aux joueurs recherchant la vitesse sur le terrain.<\/p>\n","protected":false},"featured_media":35650,"template":"","meta":[],"product_brand":[],"product_cat":[61,75,33],"product_tag":[],"class_list":{"0":"post-35642","1":"product","2":"type-product","3":"status-publish","4":"has-post-thumbnail","6":"product_cat-chaussures-homme","7":"product_cat-foot","8":"product_cat-homme","9":"pa_couleur-turquoise","10":"pa_taille-645","11":"pa_taille-646","12":"pa_taille-649","13":"pa_taille-650","14":"pa_taille-651","15":"pa_taille-653","17":"first","18":"outofstock","19":"sale","20":"purchasable","21":"product-type-variable"},"_links":{"self":[{"href":"https:\/\/accrosport.tn\/index.php\/wp-json\/wp\/v2\/product\/35642","targetHints":{"allow":["GET"]}}],"collection":[{"href":"https:\/\/accrosport.tn\/index.php\/wp-json\/wp\/v2\/product"}],"about":[{"href":"https:\/\/accrosport.tn\/index.php\/wp-json\/wp\/v2\/types\/product"}],"wp:featuredmedia":[{"embeddable":true,"href":"https:\/\/accrosport.tn\/index.php\/wp-json\/wp\/v2\/media\/35650"}],"wp:attachment":[{"href":"https:\/\/accrosport.tn\/index.php\/wp-json\/wp\/v2\/media?parent=35642"}],"wp:term":[{"taxonomy":"product_brand","embeddable":true,"href":"https:\/\/accrosport.tn\/index.php\/wp-json\/wp\/v2\/product_brand?post=35642"},{"taxonomy":"product_cat","embeddable":true,"href":"https:\/\/accrosport.tn\/index.php\/wp-json\/wp\/v2\/product_cat?post=35642"},{"taxonomy":"product_tag","embeddable":true,"href":"https:\/\/accrosport.tn\/index.php\/wp-json\/wp\/v2\/product_tag?post=35642"}],"curies":[{"name":"wp","href":"https:\/\/api.w.org\/{rel}","templated":true}]}}