{"id":33023,"date":"2025-10-03T09:52:49","date_gmt":"2025-10-03T09:52:49","guid":{"rendered":"https:\/\/accrosport.tn\/index.php\/product\/nen-jr-2529-rosa\/"},"modified":"2025-10-14T10:53:38","modified_gmt":"2025-10-14T10:53:38","slug":"nen-jr-2529-rosa","status":"publish","type":"product","link":"https:\/\/accrosport.tn\/index.php\/product\/nen-jr-2529-rosa\/","title":{"rendered":"Chaussures casual Nen Jr 25 junior rose"},"content":{"rendered":"<p>Chaussures pieds nus pour gar\u00e7ons et filles. Ce mod\u00e8le respectueux offre une exp\u00e9rience de marche plus naturelle et permet aux pieds de bouger de mani\u00e8re plus libre et flexible. Ils am\u00e9liorent la biom\u00e9canique du corps des plus petits, c&rsquo;est pourquoi ils sont recommand\u00e9s par des experts.<\/p>\n<p>Tige l\u00e9g\u00e8re et flexible fabriqu\u00e9e en textile respirant. La fermeture adh\u00e9sive permet un ajustement ergonomique au pied et assure que l&rsquo;enfant reste confortable.<\/p>\n<p>Semelle int\u00e9rieure antibact\u00e9rienne qui aide \u00e0 pr\u00e9venir les mauvaises odeurs et absorbe la transpiration rapidement.<\/p>\n<p>Forme large pour un alignement correct des orteils. Permet de bouger librement et stimule la circulation sanguine.<\/p>\n<p>Semelle avec un drop 0, tr\u00e8s flexible pour s&rsquo;adapter au mouvement et ainsi adopter une posture plus naturelle.<\/p>\n<ul class=\"featuresul\">\n<li>Tige en textile respirant<\/li>\n<li>Fermeture \u00e0 bande auto-agrippante<\/li>\n<li>Semelle antibact\u00e9rienne<\/li>\n<li>Forme large<\/li>\n<\/ul>\n","protected":false},"excerpt":{"rendered":"<p>Chaussures pieds nus pour gar\u00e7ons et filles. Ce mod\u00e8le respectueux offre une exp\u00e9rience de marche plus naturelle et permet aux pieds de bouger de mani\u00e8re plus libre et flexible. Ils am\u00e9liorent la biom\u00e9canique du corps des plus petits, c&rsquo;est pourquoi ils sont recommand\u00e9s par des experts.<\/p>\n","protected":false},"featured_media":33170,"template":"","meta":[],"product_brand":[],"product_cat":[84,69,49],"product_tag":[],"class_list":{"0":"post-33023","1":"product","2":"type-product","3":"status-publish","4":"has-post-thumbnail","6":"product_cat-casual-chaussures-enfant","7":"product_cat-chaussures-enfant","8":"product_cat-enfant","9":"pa_couleur-pink","10":"pa_taille-806","11":"pa_taille-685","12":"pa_taille-686","13":"pa_taille-687","14":"pa_taille-688","15":"pa_taille-689","17":"first","18":"outofstock","19":"sale","20":"purchasable","21":"product-type-variable"},"_links":{"self":[{"href":"https:\/\/accrosport.tn\/index.php\/wp-json\/wp\/v2\/product\/33023","targetHints":{"allow":["GET"]}}],"collection":[{"href":"https:\/\/accrosport.tn\/index.php\/wp-json\/wp\/v2\/product"}],"about":[{"href":"https:\/\/accrosport.tn\/index.php\/wp-json\/wp\/v2\/types\/product"}],"wp:featuredmedia":[{"embeddable":true,"href":"https:\/\/accrosport.tn\/index.php\/wp-json\/wp\/v2\/media\/33170"}],"wp:attachment":[{"href":"https:\/\/accrosport.tn\/index.php\/wp-json\/wp\/v2\/media?parent=33023"}],"wp:term":[{"taxonomy":"product_brand","embeddable":true,"href":"https:\/\/accrosport.tn\/index.php\/wp-json\/wp\/v2\/product_brand?post=33023"},{"taxonomy":"product_cat","embeddable":true,"href":"https:\/\/accrosport.tn\/index.php\/wp-json\/wp\/v2\/product_cat?post=33023"},{"taxonomy":"product_tag","embeddable":true,"href":"https:\/\/accrosport.tn\/index.php\/wp-json\/wp\/v2\/product_tag?post=33023"}],"curies":[{"name":"wp","href":"https:\/\/api.w.org\/{rel}","templated":true}]}}