{"id":32737,"date":"2025-10-03T09:51:45","date_gmt":"2025-10-03T09:51:45","guid":{"rendered":"https:\/\/accrosport.tn\/index.php\/product\/s-island-jr-2502-white\/"},"modified":"2025-11-14T13:37:52","modified_gmt":"2025-11-14T13:37:52","slug":"s-island-jr-2502-white","status":"publish","type":"product","link":"https:\/\/accrosport.tn\/index.php\/product\/s-island-jr-2502-white\/","title":{"rendered":"Claquette Enfant JOMA S.ISLAND JR 2502 WHITE SISLJS2502"},"content":{"rendered":"","protected":false},"excerpt":{"rendered":"<p>Le mod\u00e8le S.ISLAND JR 2502 White se distingue par son design \u00e9pur\u00e9 et son confort exceptionnel. Con\u00e7u pour un usage quotidien, il combine l\u00e9g\u00e8ret\u00e9, style et praticit\u00e9. Sa couleur blanche intemporelle apporte une touche moderne et s\u2019adapte facilement \u00e0 toutes les tenues. Id\u00e9al pour les jeunes au style tendance et dynamique.<\/p>\n","protected":false},"featured_media":35334,"template":"","meta":[],"product_brand":[],"product_cat":[61,33,88],"product_tag":[],"class_list":{"0":"post-32737","1":"product","2":"type-product","3":"status-publish","4":"has-post-thumbnail","6":"product_cat-chaussures-homme","7":"product_cat-homme","8":"product_cat-tongs-et-claquettes-chaussures-homme","9":"pa_couleur-white","10":"pa_taille-682","11":"pa_taille-671","12":"pa_taille-667","13":"pa_taille-668","14":"pa_taille-669","15":"pa_taille-670","16":"pa_taille-641","17":"pa_taille-643","18":"pa_taille-655","20":"first","21":"outofstock","22":"purchasable","23":"product-type-variable"},"_links":{"self":[{"href":"https:\/\/accrosport.tn\/index.php\/wp-json\/wp\/v2\/product\/32737","targetHints":{"allow":["GET"]}}],"collection":[{"href":"https:\/\/accrosport.tn\/index.php\/wp-json\/wp\/v2\/product"}],"about":[{"href":"https:\/\/accrosport.tn\/index.php\/wp-json\/wp\/v2\/types\/product"}],"wp:featuredmedia":[{"embeddable":true,"href":"https:\/\/accrosport.tn\/index.php\/wp-json\/wp\/v2\/media\/35334"}],"wp:attachment":[{"href":"https:\/\/accrosport.tn\/index.php\/wp-json\/wp\/v2\/media?parent=32737"}],"wp:term":[{"taxonomy":"product_brand","embeddable":true,"href":"https:\/\/accrosport.tn\/index.php\/wp-json\/wp\/v2\/product_brand?post=32737"},{"taxonomy":"product_cat","embeddable":true,"href":"https:\/\/accrosport.tn\/index.php\/wp-json\/wp\/v2\/product_cat?post=32737"},{"taxonomy":"product_tag","embeddable":true,"href":"https:\/\/accrosport.tn\/index.php\/wp-json\/wp\/v2\/product_tag?post=32737"}],"curies":[{"name":"wp","href":"https:\/\/api.w.org\/{rel}","templated":true}]}}