{"id":32335,"date":"2025-10-02T13:18:05","date_gmt":"2025-10-02T13:18:05","guid":{"rendered":"https:\/\/accrosport.tn\/index.php\/product\/rodio-men-2517-petroleum\/"},"modified":"2026-01-08T15:27:52","modified_gmt":"2026-01-08T15:27:52","slug":"rodio-men-2517-petroleum","status":"publish","type":"product","link":"https:\/\/accrosport.tn\/index.php\/product\/rodio-men-2517-petroleum\/","title":{"rendered":"Chaussures running Rodio 2517 unisexe bleu p\u00e9trole"},"content":{"rendered":"<p>Chaussures de course pour hommes. Le mod\u00e8le polyvalent Rodio offre confort dans la gamme de course d\u00e9contract\u00e9e de Joma. Ces baskets sont parfaites pour un usage quotidien, pour la marche et pour ceux qui veulent se lancer dans la course \u00e0 pied.<\/p>\n<p>Tige en mesh tr\u00e8s l\u00e9ger et respirant gr\u00e2ce au syst\u00e8me de perforations VTS. Assure une ventilation de la transpiration et garde le pied frais. Le syst\u00e8me de r\u00e9glage thermoscell\u00e9 JOMA SPORTECH offre un ajustement l\u00e9ger et confortable au pied.<\/p>\n<p>Semelle interm\u00e9diaire en phylon d&rsquo;une seule pi\u00e8ce, riche en confort, flexibilit\u00e9 et amorti.<\/p>\n<p>Semelle en caoutchouc r\u00e9sistant \u00e0 l&rsquo;abrasion.<\/p>\n<ul class=\"featuresul\">\n<li>Empeigne en mesh respirant VTS<\/li>\n<li>Coupe avec syst\u00e8me de r\u00e9glage thermosoud\u00e9 SPORTECH<\/li>\n<li>Semelle interm\u00e9diaire en phylon<\/li>\n<li>Semelle ext\u00e9rieure en caoutchouc<\/li>\n<\/ul>\n","protected":false},"excerpt":{"rendered":"<p>Chaussures de course pour hommes. Le mod\u00e8le polyvalent Rodio offre confort dans la gamme de course d\u00e9contract\u00e9e de Joma. Ces baskets sont parfaites pour un usage quotidien, pour la marche et pour ceux qui veulent se lancer dans la course \u00e0 pied.<\/p>\n","protected":false},"featured_media":33397,"template":"","meta":[],"product_brand":[],"product_cat":[15],"product_tag":[],"class_list":{"0":"post-32335","1":"product","2":"type-product","3":"status-publish","4":"has-post-thumbnail","6":"product_cat-fitness","7":"pa_couleur-blue-petroleum","8":"pa_taille-645","9":"pa_taille-646","10":"pa_taille-649","11":"pa_taille-650","12":"pa_taille-651","13":"pa_taille-653","15":"first","16":"outofstock","17":"purchasable","18":"product-type-variable"},"_links":{"self":[{"href":"https:\/\/accrosport.tn\/index.php\/wp-json\/wp\/v2\/product\/32335","targetHints":{"allow":["GET"]}}],"collection":[{"href":"https:\/\/accrosport.tn\/index.php\/wp-json\/wp\/v2\/product"}],"about":[{"href":"https:\/\/accrosport.tn\/index.php\/wp-json\/wp\/v2\/types\/product"}],"wp:featuredmedia":[{"embeddable":true,"href":"https:\/\/accrosport.tn\/index.php\/wp-json\/wp\/v2\/media\/33397"}],"wp:attachment":[{"href":"https:\/\/accrosport.tn\/index.php\/wp-json\/wp\/v2\/media?parent=32335"}],"wp:term":[{"taxonomy":"product_brand","embeddable":true,"href":"https:\/\/accrosport.tn\/index.php\/wp-json\/wp\/v2\/product_brand?post=32335"},{"taxonomy":"product_cat","embeddable":true,"href":"https:\/\/accrosport.tn\/index.php\/wp-json\/wp\/v2\/product_cat?post=32335"},{"taxonomy":"product_tag","embeddable":true,"href":"https:\/\/accrosport.tn\/index.php\/wp-json\/wp\/v2\/product_tag?post=32335"}],"curies":[{"name":"wp","href":"https:\/\/api.w.org\/{rel}","templated":true}]}}