{"id":32328,"date":"2025-10-02T13:18:01","date_gmt":"2025-10-02T13:18:01","guid":{"rendered":"https:\/\/accrosport.tn\/index.php\/product\/propulsion-2502-white-firm-ground\/"},"modified":"2025-12-23T13:29:35","modified_gmt":"2025-12-23T13:29:35","slug":"propulsion-2502-white-firm-ground","status":"publish","type":"product","link":"https:\/\/accrosport.tn\/index.php\/product\/propulsion-2502-white-firm-ground\/","title":{"rendered":"Chaussures football Propulsion 2025 terrain ferme FG blanc"},"content":{"rendered":"<p>Crampons de football pour terrain sec (FG). Le mod\u00e8le Propulsion est id\u00e9al pour les footballeurs les plus rapides. D\u00e9velopp\u00e9 pour les futures stars, ce mod\u00e8le offre un gain de performance suppl\u00e9mentaire aux joueurs en qu\u00eate de vitesse sur le terrain.<\/p>\n<p>Tige en cuir synth\u00e9tique l\u00e9ger et tr\u00e8s r\u00e9sistant. Fabriqu\u00e9e d&rsquo;une seule pi\u00e8ce (technologie ONE PIECE), elle offre un confort optimal gr\u00e2ce \u00e0 l&rsquo;absence de coutures. Le syst\u00e8me SOCK au niveau du talon am\u00e9liore la flexibilit\u00e9 et l&rsquo;adaptation au pied.<\/p>\n<p>L&rsquo;EXO COUNTER arri\u00e8re assure la fermet\u00e9 dans les changements de direction.<\/p>\n<p>Semelle en fibre synth\u00e9tique, s&rsquo;adaptant parfaitement \u00e0 ce type de terrain am\u00e9liorant le contr\u00f4le des mouvements sur sol ferme et non abrasif.<\/p>\n<ul class=\"featuresul\">\n<li>Coupe en mat\u00e9riau synth\u00e9tique (Fibertech) r\u00e9sistant au frottement avec la technologie ONE PIECE<\/li>\n<li>Semelle en fibre synth\u00e9tique<\/li>\n<li>Contrefort EXO Counter<\/li>\n<li><span dir=\"auto\" style=\"vertical-align: inherit;\"><span dir=\"auto\" style=\"vertical-align: inherit;\">SYST\u00c8ME DE CHAUSSETTES Col<\/span><\/span><\/li>\n<\/ul>\n","protected":false},"excerpt":{"rendered":"<p>Crampons de football pour terrain sec (FG). Le mod\u00e8le Propulsion est id\u00e9al pour les footballeurs les plus rapides. D\u00e9velopp\u00e9 pour les futures stars, ce mod\u00e8le offre un gain de performance suppl\u00e9mentaire aux joueurs en qu\u00eate de vitesse sur le terrain.<\/p>\n","protected":false},"featured_media":33409,"template":"","meta":[],"product_brand":[],"product_cat":[61,75,33],"product_tag":[],"class_list":{"0":"post-32328","1":"product","2":"type-product","3":"status-publish","4":"has-post-thumbnail","6":"product_cat-chaussures-homme","7":"product_cat-foot","8":"product_cat-homme","9":"pa_couleur-white","10":"pa_taille-645","11":"pa_taille-646","12":"pa_taille-649","13":"pa_taille-650","14":"pa_taille-651","15":"pa_taille-653","17":"first","18":"outofstock","19":"sale","20":"purchasable","21":"product-type-variable"},"_links":{"self":[{"href":"https:\/\/accrosport.tn\/index.php\/wp-json\/wp\/v2\/product\/32328","targetHints":{"allow":["GET"]}}],"collection":[{"href":"https:\/\/accrosport.tn\/index.php\/wp-json\/wp\/v2\/product"}],"about":[{"href":"https:\/\/accrosport.tn\/index.php\/wp-json\/wp\/v2\/types\/product"}],"wp:featuredmedia":[{"embeddable":true,"href":"https:\/\/accrosport.tn\/index.php\/wp-json\/wp\/v2\/media\/33409"}],"wp:attachment":[{"href":"https:\/\/accrosport.tn\/index.php\/wp-json\/wp\/v2\/media?parent=32328"}],"wp:term":[{"taxonomy":"product_brand","embeddable":true,"href":"https:\/\/accrosport.tn\/index.php\/wp-json\/wp\/v2\/product_brand?post=32328"},{"taxonomy":"product_cat","embeddable":true,"href":"https:\/\/accrosport.tn\/index.php\/wp-json\/wp\/v2\/product_cat?post=32328"},{"taxonomy":"product_tag","embeddable":true,"href":"https:\/\/accrosport.tn\/index.php\/wp-json\/wp\/v2\/product_tag?post=32328"}],"curies":[{"name":"wp","href":"https:\/\/api.w.org\/{rel}","templated":true}]}}