{"id":31943,"date":"2025-10-02T07:21:52","date_gmt":"2025-10-02T07:21:52","guid":{"rendered":"https:\/\/accrosport.tn\/index.php\/product\/slam-men-2402-blanco\/"},"modified":"2025-12-17T21:36:18","modified_gmt":"2025-12-17T21:36:18","slug":"slam-men-2402-blanco","status":"publish","type":"product","link":"https:\/\/accrosport.tn\/index.php\/product\/slam-men-2402-blanco\/","title":{"rendered":"Chaussures Slam Men 2402 homme blanc"},"content":{"rendered":"<p>Arrive le nouveau Slam, le mod\u00e8le de chaussures de padel destin\u00e9 aux joueurs professionnels avec une refonte compl\u00e8te du design et de la technologie. Il conserve toujours ses niveaux maximums d&rsquo;adh\u00e9rence, de protection, de stabilit\u00e9 et d&rsquo;amorti.<\/p>\n<p>La tige est d&rsquo;abord \u00e9labor\u00e9e avec un mesh respirant, qui pr\u00e9sente une finition \u00e9l\u00e9gante en jacquard avec des perforations VTS. Gr\u00e2ce \u00e0 cette technologie, la ventilation de la transpiration est assur\u00e9e. Ensuite, elle comporte le syst\u00e8me de r\u00e9glage thermoscell\u00e9 JOMA SPORTECH dans des zones strat\u00e9giques, tandis que la m\u00eame technique a \u00e9t\u00e9 utilis\u00e9e \u00e0 l&rsquo;avant pour cr\u00e9er la technologie PROTECTION. L&rsquo;ensemble est une coupe l\u00e9g\u00e8re, flexible et offrant un haut niveau de maintien.<\/p>\n<p>La semelle interm\u00e9diaire adopte une nouvelle forme, tout en int\u00e9grant toujours la technologie DUAL REACTIVE, compos\u00e9e d&rsquo;un phylon sup\u00e9rieur et d&rsquo;une balle r\u00e9active inf\u00e9rieure. Elle atteint l&rsquo;\u00e9quilibre parfait entre amorti, r\u00e9activit\u00e9 et stabilit\u00e9, cette derni\u00e8re \u00e9tant renforc\u00e9e par la pi\u00e8ce STABILIS.<\/p>\n<p>La semelle Omni en caoutchouc DURABILITY est form\u00e9e de petits crampons circulaires pour am\u00e9liorer la durabilit\u00e9 sur les surfaces dures. Elle facilite les glissements pour atteindre plus rapidement la balle. Elle int\u00e8gre la structure g\u00e9om\u00e9trique ROTATION pour faciliter les virages.<\/p>\n<ul class=\"featuresul\">\n<li>Coupe en jacquard avec mesh respirant VTS<\/li>\n<li>Semelle en caoutchouc avec les technologies DURABILITY et ROTATION<\/li>\n<\/ul>\n","protected":false},"excerpt":{"rendered":"<p>Arrive le nouveau Slam, le mod\u00e8le de chaussures de padel destin\u00e9 aux joueurs professionnels avec une refonte compl\u00e8te du design et de la technologie. Il conserve toujours ses niveaux maximums d&rsquo;adh\u00e9rence, de protection, de stabilit\u00e9 et d&rsquo;amorti.<\/p>\n","protected":false},"featured_media":33537,"template":"","meta":[],"product_brand":[],"product_cat":[61,33,275,273,113],"product_tag":[],"class_list":{"0":"post-31943","1":"product","2":"type-product","3":"status-publish","4":"has-post-thumbnail","6":"product_cat-chaussures-homme","7":"product_cat-homme","8":"product_cat-padel-homme","9":"product_cat-padel","10":"product_cat-sport","11":"pa_couleur-white","12":"pa_taille-650","13":"pa_taille-43-5","14":"pa_taille-651","15":"pa_taille-44-5","16":"pa_taille-653","18":"first","19":"outofstock","20":"sale","21":"purchasable","22":"product-type-variable"},"_links":{"self":[{"href":"https:\/\/accrosport.tn\/index.php\/wp-json\/wp\/v2\/product\/31943","targetHints":{"allow":["GET"]}}],"collection":[{"href":"https:\/\/accrosport.tn\/index.php\/wp-json\/wp\/v2\/product"}],"about":[{"href":"https:\/\/accrosport.tn\/index.php\/wp-json\/wp\/v2\/types\/product"}],"wp:featuredmedia":[{"embeddable":true,"href":"https:\/\/accrosport.tn\/index.php\/wp-json\/wp\/v2\/media\/33537"}],"wp:attachment":[{"href":"https:\/\/accrosport.tn\/index.php\/wp-json\/wp\/v2\/media?parent=31943"}],"wp:term":[{"taxonomy":"product_brand","embeddable":true,"href":"https:\/\/accrosport.tn\/index.php\/wp-json\/wp\/v2\/product_brand?post=31943"},{"taxonomy":"product_cat","embeddable":true,"href":"https:\/\/accrosport.tn\/index.php\/wp-json\/wp\/v2\/product_cat?post=31943"},{"taxonomy":"product_tag","embeddable":true,"href":"https:\/\/accrosport.tn\/index.php\/wp-json\/wp\/v2\/product_tag?post=31943"}],"curies":[{"name":"wp","href":"https:\/\/api.w.org\/{rel}","templated":true}]}}