{"id":31825,"date":"2025-10-02T07:21:29","date_gmt":"2025-10-02T07:21:29","guid":{"rendered":"https:\/\/accrosport.tn\/index.php\/product\/c-301-men-2515-verde\/"},"modified":"2026-03-11T12:46:42","modified_gmt":"2026-03-11T12:46:42","slug":"c-301-men-2515-verde","status":"publish","type":"product","link":"https:\/\/accrosport.tn\/index.php\/product\/c-301-men-2515-verde\/","title":{"rendered":"Chaussures casual C.301 Men 2515 homme vert"},"content":{"rendered":"<p>Chaussures de sport pour hommes. Cette nouvelle addition a \u00e9t\u00e9 d\u00e9velopp\u00e9e pour apporter confort et style \u00e0 toute activit\u00e9 quotidienne. Inspir\u00e9e des baskets classiques, l&rsquo;\u00e9quipe de conception de Joma a su l&rsquo;adapter aux tendances actuelles de la chaussure de sport. Les C.301 apportent une nouvelle approche \u00e9l\u00e9gante \u00e0 la chaussure de tous les jours de Joma.<\/p>\n<p>Tige fabriqu\u00e9e en combinant du mesh respirant et du cuir synth\u00e9tique. Le syst\u00e8me de ventilation VTS \u00e9vacue la transpiration et maintient la fra\u00eecheur du pied \u00e0 l&rsquo;int\u00e9rieur des baskets.<\/p>\n<p>Semelle interm\u00e9diaire en phylon, un mat\u00e9riau l\u00e9ger, flexible et capable d&rsquo;absorber les chocs et d&rsquo;amortir la foul\u00e9e.<\/p>\n<p>Semelle en caoutchouc DURABILITY l\u00e9g\u00e8re et tr\u00e8s r\u00e9sistante \u00e0 l&rsquo;abrasion.<\/p>\n<ul class=\"featuresul\">\n<li>Empeigne en cuir synth\u00e9tique avec maille respirante VTS<\/li>\n<li>Semelle interm\u00e9diaire en phylon<\/li>\n<li>Semelle en caoutchouc DURABILITY avec STABILIS int\u00e9gr\u00e9<\/li>\n<\/ul>\n","protected":false},"excerpt":{"rendered":"<p>Chaussures de sport pour hommes. Cette nouvelle addition a \u00e9t\u00e9 d\u00e9velopp\u00e9e pour apporter confort et style \u00e0 toute activit\u00e9 quotidienne. Inspir\u00e9e des baskets classiques, l&rsquo;\u00e9quipe de conception de Joma a su l&rsquo;adapter aux tendances actuelles de la chaussure de sport. Les C.301 apportent une nouvelle approche \u00e9l\u00e9gante \u00e0 la chaussure de tous les jours de Joma.<\/p>\n","protected":false},"featured_media":33602,"template":"","meta":[],"product_brand":[],"product_cat":[78,61,33],"product_tag":[],"class_list":{"0":"post-31825","1":"product","2":"type-product","3":"status-publish","4":"has-post-thumbnail","6":"product_cat-casual","7":"product_cat-chaussures-homme","8":"product_cat-homme","9":"pa_couleur-green","10":"pa_taille-645","11":"pa_taille-646","12":"pa_taille-649","13":"pa_taille-650","14":"pa_taille-651","15":"pa_taille-653","16":"pa_taille-656","17":"pa_taille-719","19":"first","20":"outofstock","21":"sale","22":"purchasable","23":"product-type-variable"},"_links":{"self":[{"href":"https:\/\/accrosport.tn\/index.php\/wp-json\/wp\/v2\/product\/31825","targetHints":{"allow":["GET"]}}],"collection":[{"href":"https:\/\/accrosport.tn\/index.php\/wp-json\/wp\/v2\/product"}],"about":[{"href":"https:\/\/accrosport.tn\/index.php\/wp-json\/wp\/v2\/types\/product"}],"wp:featuredmedia":[{"embeddable":true,"href":"https:\/\/accrosport.tn\/index.php\/wp-json\/wp\/v2\/media\/33602"}],"wp:attachment":[{"href":"https:\/\/accrosport.tn\/index.php\/wp-json\/wp\/v2\/media?parent=31825"}],"wp:term":[{"taxonomy":"product_brand","embeddable":true,"href":"https:\/\/accrosport.tn\/index.php\/wp-json\/wp\/v2\/product_brand?post=31825"},{"taxonomy":"product_cat","embeddable":true,"href":"https:\/\/accrosport.tn\/index.php\/wp-json\/wp\/v2\/product_cat?post=31825"},{"taxonomy":"product_tag","embeddable":true,"href":"https:\/\/accrosport.tn\/index.php\/wp-json\/wp\/v2\/product_tag?post=31825"}],"curies":[{"name":"wp","href":"https:\/\/api.w.org\/{rel}","templated":true}]}}