{"id":31612,"date":"2025-10-01T11:37:35","date_gmt":"2025-10-01T11:37:35","guid":{"rendered":"https:\/\/accrosport.tn\/index.php\/product\/camiseta-tirantes-elite-xi-marino-blanco\/"},"modified":"2025-10-02T08:52:02","modified_gmt":"2025-10-02T08:52:02","slug":"camiseta-tirantes-elite-xi-marino-blanco","status":"publish","type":"product","link":"https:\/\/accrosport.tn\/index.php\/product\/camiseta-tirantes-elite-xi-marino-blanco\/","title":{"rendered":"D\u00e9bardeur homme Elite XI bleu marine blanc"},"content":{"rendered":"<p>D\u00e9bardeur pour homme. Un v\u00eatement technique et super l\u00e9ger, parfait pour courir par temps chaud. Parmi ses avantages, on souligne sa l\u00e9g\u00e8ret\u00e9, sa grande respirabilit\u00e9 et sa libert\u00e9 de mouvement.<\/p>\n<p>Il a un col rond, des coutures d\u00e9cal\u00e9es vers l&rsquo;arri\u00e8re et de petites ouvertures sur les c\u00f4t\u00e9s de l&rsquo;ourlet. \u00c0 l&rsquo;arri\u00e8re, des perforations ont \u00e9t\u00e9 ajout\u00e9es, qui sont destin\u00e9es \u00e0 optimiser la ventilation de la transpiration dans l&rsquo;une des zones o\u00f9 elle s&rsquo;accumule le plus. La construction du d\u00e9bardeur a \u00e9t\u00e9 r\u00e9alis\u00e9e avec des finitions d\u00e9coup\u00e9es au laser. Cette technologie vise \u00e0 am\u00e9liorer le confort du coureur, car elle pr\u00e9vient les frottements et le rend plus l\u00e9ger.<\/p>\n<p>En ce qui concerne la fabrication, il a \u00e9t\u00e9 confectionn\u00e9 avec un tissu tr\u00e8s l\u00e9ger, \u00e9lastique et respirant. Ainsi, le corps restera frais et sec en tout temps. Utilisation recommand\u00e9e surtout par temps chaud. Libert\u00e9 de mouvement assur\u00e9e.<\/p>\n<p>Design sublim\u00e9.<\/p>\n<p>Logo Joma en impression.<\/p>\n<ul class=\"featuresul\">\n<li>Bretelles<\/li>\n<li>Col rond<\/li>\n<li>Tissu \u00e9lastique, l\u00e9ger et respirant<\/li>\n<li>S\u00e9chage rapide<\/li>\n<li>Finitions d\u00e9coup\u00e9es au laser<\/li>\n<li>Libert\u00e9 de mouvement<\/li>\n<li>Type de coupe : semi fitted<\/li>\n<li>90% Polyester, 10% Spandex<\/li>\n<\/ul>\n","protected":false},"excerpt":{"rendered":"<p>D\u00e9bardeur pour homme. Un v\u00eatement technique et super l\u00e9ger, parfait pour courir par temps chaud. Parmi ses avantages, on souligne sa l\u00e9g\u00e8ret\u00e9, sa grande respirabilit\u00e9 et sa libert\u00e9 de mouvement.<\/p>\n","protected":false},"featured_media":32129,"template":"","meta":[],"product_brand":[],"product_cat":[33,63],"product_tag":[],"class_list":{"0":"post-31612","1":"product","2":"type-product","3":"status-publish","4":"has-post-thumbnail","6":"product_cat-homme","7":"product_cat-polos-et-t-shirt-homme","8":"pa_couleur-navy-blue-white","9":"pa_taille-l","10":"pa_taille-m","11":"pa_taille-xl","13":"first","14":"outofstock","15":"purchasable","16":"product-type-variable"},"_links":{"self":[{"href":"https:\/\/accrosport.tn\/index.php\/wp-json\/wp\/v2\/product\/31612","targetHints":{"allow":["GET"]}}],"collection":[{"href":"https:\/\/accrosport.tn\/index.php\/wp-json\/wp\/v2\/product"}],"about":[{"href":"https:\/\/accrosport.tn\/index.php\/wp-json\/wp\/v2\/types\/product"}],"wp:featuredmedia":[{"embeddable":true,"href":"https:\/\/accrosport.tn\/index.php\/wp-json\/wp\/v2\/media\/32129"}],"wp:attachment":[{"href":"https:\/\/accrosport.tn\/index.php\/wp-json\/wp\/v2\/media?parent=31612"}],"wp:term":[{"taxonomy":"product_brand","embeddable":true,"href":"https:\/\/accrosport.tn\/index.php\/wp-json\/wp\/v2\/product_brand?post=31612"},{"taxonomy":"product_cat","embeddable":true,"href":"https:\/\/accrosport.tn\/index.php\/wp-json\/wp\/v2\/product_cat?post=31612"},{"taxonomy":"product_tag","embeddable":true,"href":"https:\/\/accrosport.tn\/index.php\/wp-json\/wp\/v2\/product_tag?post=31612"}],"curies":[{"name":"wp","href":"https:\/\/api.w.org\/{rel}","templated":true}]}}