{"id":31597,"date":"2025-10-01T11:37:35","date_gmt":"2025-10-01T11:37:35","guid":{"rendered":"https:\/\/accrosport.tn\/index.php\/product\/set-ice-azul-turquesa-fluor\/"},"modified":"2026-03-11T12:46:41","modified_gmt":"2026-03-11T12:46:41","slug":"set-ice-azul-turquesa-fluor","status":"publish","type":"product","link":"https:\/\/accrosport.tn\/index.php\/product\/set-ice-azul-turquesa-fluor\/","title":{"rendered":"Ensemble pour enfants Joma Ice"},"content":{"rendered":"<p>Tenue de sport pour gar\u00e7on, compos\u00e9e d&rsquo;un t-shirt et d&rsquo;un short. Cet ensemble polyvalent lui offrira confort et libert\u00e9 de mouvement au quotidien. Con\u00e7u pour qu&rsquo;il puisse le porter au quotidien, quel que soit le jour. Pratique, par exemple, pour aller \u00e0 l&rsquo;\u00e9cole quand il fait chaud ou au parc.<\/p>\n<p>Cet ensemble d&rsquo;\u00e9t\u00e9 se compose d&rsquo;un t-shirt \u00e0 manches courtes et col rond. Il est orn\u00e9 d&rsquo;un patch de couleur contrastante sur la poitrine. Il est \u00e9galement accompagn\u00e9 d&rsquo;un short \u00e0 taille \u00e9lastiqu\u00e9e et cordon de serrage r\u00e9glable pour un meilleur maintien. Deux grandes poches lat\u00e9rales sans fermeture \u00e9clair compl\u00e8tent le look.<\/p>\n<p>Les deux pi\u00e8ces sont confectionn\u00e9es dans un tissu l\u00e9ger, confortable et r\u00e9sistant. Facile d&rsquo;entretien, cet ensemble est encore plus durable.<\/p>\n<p>Logo Joma en caoutchouc sur le pantalon. Autre imprim\u00e9 sur le t-shirt.<\/p>\n","protected":false},"excerpt":{"rendered":"<p>Tenue de sport pour gar\u00e7on, compos\u00e9e d&rsquo;un t-shirt et d&rsquo;un short. Cet ensemble polyvalent lui offrira confort et libert\u00e9 de mouvement au quotidien. Con\u00e7u pour qu&rsquo;il puisse le porter au quotidien, quel que soit le jour. Pratique, par exemple, pour aller \u00e0 l&rsquo;\u00e9cole quand il fait chaud ou au parc.<\/p>\n","protected":false},"featured_media":32113,"template":"","meta":[],"product_brand":[],"product_cat":[15],"product_tag":[],"class_list":{"0":"post-31597","1":"product","2":"type-product","3":"status-publish","4":"has-post-thumbnail","6":"product_cat-fitness","7":"pa_couleur-blue-fluorescent-turquoise","8":"pa_taille-3xs","9":"pa_taille-4xs","10":"pa_taille-5xs","11":"pa_taille-6xs","12":"pa_taille-7xs","14":"first","15":"outofstock","16":"purchasable","17":"product-type-variable"},"_links":{"self":[{"href":"https:\/\/accrosport.tn\/index.php\/wp-json\/wp\/v2\/product\/31597","targetHints":{"allow":["GET"]}}],"collection":[{"href":"https:\/\/accrosport.tn\/index.php\/wp-json\/wp\/v2\/product"}],"about":[{"href":"https:\/\/accrosport.tn\/index.php\/wp-json\/wp\/v2\/types\/product"}],"wp:featuredmedia":[{"embeddable":true,"href":"https:\/\/accrosport.tn\/index.php\/wp-json\/wp\/v2\/media\/32113"}],"wp:attachment":[{"href":"https:\/\/accrosport.tn\/index.php\/wp-json\/wp\/v2\/media?parent=31597"}],"wp:term":[{"taxonomy":"product_brand","embeddable":true,"href":"https:\/\/accrosport.tn\/index.php\/wp-json\/wp\/v2\/product_brand?post=31597"},{"taxonomy":"product_cat","embeddable":true,"href":"https:\/\/accrosport.tn\/index.php\/wp-json\/wp\/v2\/product_cat?post=31597"},{"taxonomy":"product_tag","embeddable":true,"href":"https:\/\/accrosport.tn\/index.php\/wp-json\/wp\/v2\/product_tag?post=31597"}],"curies":[{"name":"wp","href":"https:\/\/api.w.org\/{rel}","templated":true}]}}