{"id":31489,"date":"2025-10-01T11:37:06","date_gmt":"2025-10-01T11:37:06","guid":{"rendered":"https:\/\/accrosport.tn\/index.php\/product\/c-domus-men-2531-negro\/"},"modified":"2026-04-17T12:07:32","modified_gmt":"2026-04-17T12:07:32","slug":"c-domus-men-2531-negro","status":"publish","type":"product","link":"https:\/\/accrosport.tn\/index.php\/product\/c-domus-men-2531-negro\/","title":{"rendered":"Chaussures casual C.Domus Men 2531 homme noir"},"content":{"rendered":"<p>Chaussure d\u00e9contract\u00e9e pour homme. Le mod\u00e8le Domus red\u00e9finit la chaussure urbaine, alliant style et confort pour le quotidien. Con\u00e7ues pour suivre les derni\u00e8res tendances du march\u00e9 sportif, elles apportent une touche sophistiqu\u00e9e sans renoncer \u00e0 l&rsquo;\u00e9l\u00e9gance.<\/p>\n<p>Tige construite en cuir synth\u00e9tique r\u00e9sistant et durable, offrant une esth\u00e9tique enti\u00e8rement stylis\u00e9e. Sur ce mat\u00e9riau, la technologie VTS a \u00e9t\u00e9 appliqu\u00e9e. Elle se compose de petites perforations qui aident \u00e0 la ventilation de la transpiration et maintiennent le pied \u00e0 une temp\u00e9rature constante.<\/p>\n<p>Semelle int\u00e9rieure MEMORY FOAM fabriqu\u00e9e avec de la mousse et une base en EVA thermoform\u00e9e pour s&rsquo;adapter parfaitement \u00e0 la foul\u00e9e et l&rsquo;adoucir. Elle est d\u00e9sormais plus respirante gr\u00e2ce \u00e0 l&rsquo;application du syst\u00e8me de perforations VTS.<\/p>\n<p>Semelle \u00e9galement remodel\u00e9e, fabriqu\u00e9e en caoutchouc DURABILITY tr\u00e8s r\u00e9sistant aux frottements et \u00e0 l&rsquo;usure.<\/p>\n<ul class=\"featuresul\">\n<li>Empeigne en cuir synth\u00e9tique avec maille respirante VTS<\/li>\n<li>Semelle ext\u00e9rieure DURABILITY en caoutchouc<\/li>\n<li>Forme normale<\/li>\n<\/ul>\n","protected":false},"excerpt":{"rendered":"<p>Chaussure d\u00e9contract\u00e9e pour homme. Le mod\u00e8le Domus red\u00e9finit la chaussure urbaine, alliant style et confort pour le quotidien. Con\u00e7ues pour suivre les derni\u00e8res tendances du march\u00e9 sportif, elles apportent une touche sophistiqu\u00e9e sans renoncer \u00e0 l&rsquo;\u00e9l\u00e9gance.<\/p>\n","protected":false},"featured_media":32213,"template":"","meta":[],"product_brand":[],"product_cat":[78,61,33],"product_tag":[],"class_list":{"0":"post-31489","1":"product","2":"type-product","3":"status-publish","4":"has-post-thumbnail","6":"product_cat-casual","7":"product_cat-chaussures-homme","8":"product_cat-homme","9":"pa_couleur-noir","10":"pa_taille-645","11":"pa_taille-646","12":"pa_taille-649","13":"pa_taille-650","14":"pa_taille-651","15":"pa_taille-653","16":"pa_taille-656","18":"first","19":"outofstock","20":"sale","21":"purchasable","22":"product-type-variable"},"_links":{"self":[{"href":"https:\/\/accrosport.tn\/index.php\/wp-json\/wp\/v2\/product\/31489","targetHints":{"allow":["GET"]}}],"collection":[{"href":"https:\/\/accrosport.tn\/index.php\/wp-json\/wp\/v2\/product"}],"about":[{"href":"https:\/\/accrosport.tn\/index.php\/wp-json\/wp\/v2\/types\/product"}],"wp:featuredmedia":[{"embeddable":true,"href":"https:\/\/accrosport.tn\/index.php\/wp-json\/wp\/v2\/media\/32213"}],"wp:attachment":[{"href":"https:\/\/accrosport.tn\/index.php\/wp-json\/wp\/v2\/media?parent=31489"}],"wp:term":[{"taxonomy":"product_brand","embeddable":true,"href":"https:\/\/accrosport.tn\/index.php\/wp-json\/wp\/v2\/product_brand?post=31489"},{"taxonomy":"product_cat","embeddable":true,"href":"https:\/\/accrosport.tn\/index.php\/wp-json\/wp\/v2\/product_cat?post=31489"},{"taxonomy":"product_tag","embeddable":true,"href":"https:\/\/accrosport.tn\/index.php\/wp-json\/wp\/v2\/product_tag?post=31489"}],"curies":[{"name":"wp","href":"https:\/\/api.w.org\/{rel}","templated":true}]}}