{"id":31481,"date":"2025-10-01T11:37:06","date_gmt":"2025-10-01T11:37:06","guid":{"rendered":"https:\/\/accrosport.tn\/index.php\/product\/c-attica-men-2432-blanco\/"},"modified":"2026-01-08T15:27:51","modified_gmt":"2026-01-08T15:27:51","slug":"c-attica-men-2432-blanco","status":"publish","type":"product","link":"https:\/\/accrosport.tn\/index.php\/product\/c-attica-men-2432-blanco\/","title":{"rendered":"Chaussures casual C.Aticca 2432 unisexe blanc"},"content":{"rendered":"<p>Chaussures d\u00e9contract\u00e9es pour hommes. L&rsquo;\u00e9volution du mod\u00e8le Platea arrive \u00e0 Attica, avec une tige en cuir de qualit\u00e9 excellente, respirante, flexible et tr\u00e8s durable. Parfait pour \u00eatre combin\u00e9 avec n&rsquo;importe quelle tenue d\u00e9contract\u00e9e. \u00c9l\u00e9gance et modernit\u00e9 pr\u00eates pour le quotidien.<\/p>\n<p>Tige fabriqu\u00e9e en cuir flexible, durable et respirant. Pour optimiser la ventilation de la transpiration, nous avons ajout\u00e9 le syst\u00e8me de perforations VTS dans des zones strat\u00e9giques. Ils permettent l&rsquo;\u00e9vacuation de la transpiration pour que le pied reste frais \u00e0 tout moment.<\/p>\n<p>Nouvelle semelle int\u00e9rieure MEMORY FOAM fabriqu\u00e9e en mousse et base en EVA thermoform\u00e9e pour s&rsquo;adapter compl\u00e8tement \u00e0 la foul\u00e9e et l&rsquo;adoucir. Maintenant plus respirante gr\u00e2ce \u00e0 l&rsquo;application du syst\u00e8me de perforations VTS.<\/p>\n<p>Semelle en caoutchouc DURABILITY tr\u00e8s r\u00e9sistante \u00e0 l&rsquo;abrasion et \u00e0 l&rsquo;usure.<\/p>\n<ul class=\"featuresul\">\n<li>Empeigne en cuir r\u00e9sistant, souple et dot\u00e9e d&rsquo;une respirabilit\u00e9 optimis\u00e9e gr\u00e2ce au syst\u00e8me VTS<\/li>\n<li>Semelle int\u00e9rieure en mousse \u00e0 m\u00e9moire de forme thermoform\u00e9e EVA<\/li>\n<li>Semelle ext\u00e9rieure DURABILITY en caoutchouc<\/li>\n<\/ul>\n","protected":false},"excerpt":{"rendered":"<p>Chaussures d\u00e9contract\u00e9es pour hommes. L&rsquo;\u00e9volution du mod\u00e8le Platea arrive \u00e0 Attica, avec une tige en cuir de qualit\u00e9 excellente, respirante, flexible et tr\u00e8s durable. Parfait pour \u00eatre combin\u00e9 avec n&rsquo;importe quelle tenue d\u00e9contract\u00e9e. \u00c9l\u00e9gance et modernit\u00e9 pr\u00eates pour le quotidien.<\/p>\n","protected":false},"featured_media":32209,"template":"","meta":[],"product_brand":[],"product_cat":[78,80,61,57,42,33],"product_tag":[],"class_list":{"0":"post-31481","1":"product","2":"type-product","3":"status-publish","4":"has-post-thumbnail","6":"product_cat-casual","7":"product_cat-chaussures-casual-femme-tunisie","8":"product_cat-chaussures-homme","9":"product_cat-chaussures","10":"product_cat-femme","11":"product_cat-homme","12":"pa_couleur-white","13":"pa_taille-641","14":"pa_taille-645","15":"pa_taille-646","16":"pa_taille-649","17":"pa_taille-650","18":"pa_taille-651","19":"pa_taille-653","21":"first","22":"outofstock","23":"sale","24":"purchasable","25":"product-type-variable"},"_links":{"self":[{"href":"https:\/\/accrosport.tn\/index.php\/wp-json\/wp\/v2\/product\/31481","targetHints":{"allow":["GET"]}}],"collection":[{"href":"https:\/\/accrosport.tn\/index.php\/wp-json\/wp\/v2\/product"}],"about":[{"href":"https:\/\/accrosport.tn\/index.php\/wp-json\/wp\/v2\/types\/product"}],"wp:featuredmedia":[{"embeddable":true,"href":"https:\/\/accrosport.tn\/index.php\/wp-json\/wp\/v2\/media\/32209"}],"wp:attachment":[{"href":"https:\/\/accrosport.tn\/index.php\/wp-json\/wp\/v2\/media?parent=31481"}],"wp:term":[{"taxonomy":"product_brand","embeddable":true,"href":"https:\/\/accrosport.tn\/index.php\/wp-json\/wp\/v2\/product_brand?post=31481"},{"taxonomy":"product_cat","embeddable":true,"href":"https:\/\/accrosport.tn\/index.php\/wp-json\/wp\/v2\/product_cat?post=31481"},{"taxonomy":"product_tag","embeddable":true,"href":"https:\/\/accrosport.tn\/index.php\/wp-json\/wp\/v2\/product_tag?post=31481"}],"curies":[{"name":"wp","href":"https:\/\/api.w.org\/{rel}","templated":true}]}}