{"id":31420,"date":"2025-10-01T11:36:52","date_gmt":"2025-10-01T11:36:52","guid":{"rendered":"https:\/\/accrosport.tn\/index.php\/product\/aguila-2504-royal-turf\/"},"modified":"2026-03-11T12:46:41","modified_gmt":"2026-03-11T12:46:41","slug":"aguila-2504-royal-turf","status":"publish","type":"product","link":"https:\/\/accrosport.tn\/index.php\/product\/aguila-2504-royal-turf\/","title":{"rendered":"JOMA Eagle 2504 Royal TF pour homme"},"content":{"rendered":"<p>Chaussures de football pour terrains synth\u00e9tiques et moquettes. Ces chaussures polyvalentes \u00e0 la coupe classique ont \u00e9t\u00e9 con\u00e7ues pour les d\u00e9butants. Elles permettent aux jeunes footballeurs d&rsquo;am\u00e9liorer leur technique, leur organisation et leur pr\u00e9cision.<\/p>\n<p>Tige fabriqu\u00e9e \u00e0 partir d&rsquo;un mat\u00e9riau synth\u00e9tique plus abordable, qui offre \u00e0 la fois r\u00e9sistance et l\u00e9g\u00e8ret\u00e9.<\/p>\n<p>Le contrefort arri\u00e8re EXO COUNTER assure la fermet\u00e9 lors des changements de direction.<\/p>\n<p>Semelle en caoutchouc durable offrant une excellente r\u00e9sistance \u00e0 l&rsquo;abrasion et une bonne adh\u00e9rence. Sa structure \u00e0 crampons multiples r\u00e9duit la pression du pied et assure un bon maintien.<\/p>\n","protected":false},"excerpt":{"rendered":"<p>Chaussures de football pour terrains synth\u00e9tiques et moquettes. Ces chaussures polyvalentes \u00e0 la coupe classique ont \u00e9t\u00e9 con\u00e7ues pour les d\u00e9butants. Elles permettent aux jeunes footballeurs d&rsquo;am\u00e9liorer leur technique, leur organisation et leur pr\u00e9cision.<\/p>\n","protected":false},"featured_media":32455,"template":"","meta":[],"product_brand":[],"product_cat":[61,75,33],"product_tag":[],"class_list":{"0":"post-31420","1":"product","2":"type-product","3":"status-publish","4":"has-post-thumbnail","6":"product_cat-chaussures-homme","7":"product_cat-foot","8":"product_cat-homme","9":"pa_couleur-royal-blue","10":"pa_taille-645","11":"pa_taille-646","12":"pa_taille-649","13":"pa_taille-650","14":"pa_taille-651","15":"pa_taille-653","16":"pa_taille-656","18":"first","19":"outofstock","20":"sale","21":"purchasable","22":"product-type-variable"},"_links":{"self":[{"href":"https:\/\/accrosport.tn\/index.php\/wp-json\/wp\/v2\/product\/31420","targetHints":{"allow":["GET"]}}],"collection":[{"href":"https:\/\/accrosport.tn\/index.php\/wp-json\/wp\/v2\/product"}],"about":[{"href":"https:\/\/accrosport.tn\/index.php\/wp-json\/wp\/v2\/types\/product"}],"wp:featuredmedia":[{"embeddable":true,"href":"https:\/\/accrosport.tn\/index.php\/wp-json\/wp\/v2\/media\/32455"}],"wp:attachment":[{"href":"https:\/\/accrosport.tn\/index.php\/wp-json\/wp\/v2\/media?parent=31420"}],"wp:term":[{"taxonomy":"product_brand","embeddable":true,"href":"https:\/\/accrosport.tn\/index.php\/wp-json\/wp\/v2\/product_brand?post=31420"},{"taxonomy":"product_cat","embeddable":true,"href":"https:\/\/accrosport.tn\/index.php\/wp-json\/wp\/v2\/product_cat?post=31420"},{"taxonomy":"product_tag","embeddable":true,"href":"https:\/\/accrosport.tn\/index.php\/wp-json\/wp\/v2\/product_tag?post=31420"}],"curies":[{"name":"wp","href":"https:\/\/api.w.org\/{rel}","templated":true}]}}