{"id":31377,"date":"2025-10-01T10:01:59","date_gmt":"2025-10-01T10:01:59","guid":{"rendered":"https:\/\/accrosport.tn\/index.php\/product\/camiseta-manga-corta-pro-team-royal-blanco\/"},"modified":"2025-10-02T14:12:58","modified_gmt":"2025-10-02T14:12:58","slug":"camiseta-manga-corta-pro-team-royal-blanco","status":"publish","type":"product","link":"https:\/\/accrosport.tn\/index.php\/product\/camiseta-manga-corta-pro-team-royal-blanco\/","title":{"rendered":"Maillot manches courtes homme Pro team bleu roi blanc"},"content":{"rendered":"<p>T-shirt \u00e0 manches courtes multi-sports pour homme, con\u00e7ue pour ceux qui recherchent des performances maximales dans leurs activit\u00e9s sportives. Avec un design sublim\u00e9 qui couvre tout le v\u00eatement, ce t-shirt se distingue non seulement par son style moderne, mais aussi par ses hautes performances : confort, l\u00e9g\u00e8ret\u00e9 et libert\u00e9 de mouvement.<\/p>\n<p>Il comprend une bande de protection int\u00e9rieure ajout\u00e9e pour \u00e9viter les frottements, offrant une exp\u00e9rience sans g\u00eane. \u00c9tant un v\u00eatement multi-sports, il s&rsquo;adapte parfaitement \u00e0 vos besoins, que ce soit pour le football, le basketball ou le handball.<\/p>\n<p>Ce t-shirt a \u00e9t\u00e9 fabriqu\u00e9 \u00e0 100% en polyester interlock, un tissu offrant de nombreux avantages. Ce mat\u00e9riau est connu pour sa durabilit\u00e9, sa capacit\u00e9 de s\u00e9chage rapide et son excellente respirabilit\u00e9, ce qui en fait le choix parfait pour des entra\u00eenements de haute intensit\u00e9. De plus, sa structure permet une grande libert\u00e9 de mouvement, garantissant un excellent confort \u00e0 tout moment.<\/p>\n<p>Logo Joma brod\u00e9.<\/p>\n<ul class=\"featuresul\">\n<li>Manches courtes<\/li>\n<li>Col rond<\/li>\n<li>Tissu l\u00e9ger, respirant et r\u00e9sistant<\/li>\n<li>Design en sublimation<\/li>\n<li>Type de coupe : semi fitted<\/li>\n<li>100% Polyester<\/li>\n<\/ul>\n","protected":false},"excerpt":{"rendered":"<p>T-shirt \u00e0 manches courtes multi-sports pour homme, con\u00e7ue pour ceux qui recherchent des performances maximales dans leurs activit\u00e9s sportives. Avec un design sublim\u00e9 qui couvre tout le v\u00eatement, ce t-shirt se distingue non seulement par son style moderne, mais aussi par ses hautes performances : confort, l\u00e9g\u00e8ret\u00e9 et libert\u00e9 de mouvement.<\/p>\n","protected":false},"featured_media":32477,"template":"","meta":[],"product_brand":[],"product_cat":[15],"product_tag":[],"class_list":{"0":"post-31377","1":"product","2":"type-product","3":"status-publish","4":"has-post-thumbnail","6":"product_cat-fitness","7":"pa_couleur-royal-blue-white","8":"pa_taille-l","9":"pa_taille-m","10":"pa_taille-s","11":"pa_taille-xl","13":"first","14":"outofstock","15":"purchasable","16":"product-type-variable"},"_links":{"self":[{"href":"https:\/\/accrosport.tn\/index.php\/wp-json\/wp\/v2\/product\/31377","targetHints":{"allow":["GET"]}}],"collection":[{"href":"https:\/\/accrosport.tn\/index.php\/wp-json\/wp\/v2\/product"}],"about":[{"href":"https:\/\/accrosport.tn\/index.php\/wp-json\/wp\/v2\/types\/product"}],"wp:featuredmedia":[{"embeddable":true,"href":"https:\/\/accrosport.tn\/index.php\/wp-json\/wp\/v2\/media\/32477"}],"wp:attachment":[{"href":"https:\/\/accrosport.tn\/index.php\/wp-json\/wp\/v2\/media?parent=31377"}],"wp:term":[{"taxonomy":"product_brand","embeddable":true,"href":"https:\/\/accrosport.tn\/index.php\/wp-json\/wp\/v2\/product_brand?post=31377"},{"taxonomy":"product_cat","embeddable":true,"href":"https:\/\/accrosport.tn\/index.php\/wp-json\/wp\/v2\/product_cat?post=31377"},{"taxonomy":"product_tag","embeddable":true,"href":"https:\/\/accrosport.tn\/index.php\/wp-json\/wp\/v2\/product_tag?post=31377"}],"curies":[{"name":"wp","href":"https:\/\/api.w.org\/{rel}","templated":true}]}}