{"id":31307,"date":"2025-10-01T10:01:39","date_gmt":"2025-10-01T10:01:39","guid":{"rendered":"https:\/\/accrosport.tn\/index.php\/product\/bermuda-open-iii-marino\/"},"modified":"2025-10-03T08:11:03","modified_gmt":"2025-10-03T08:11:03","slug":"bermuda-open-iii-marino","status":"publish","type":"product","link":"https:\/\/accrosport.tn\/index.php\/product\/bermuda-open-iii-marino\/","title":{"rendered":"Bermuda homme Open III bleu marine"},"content":{"rendered":"<p>Short de tennis et de padel pour homme\/gar\u00e7on, \u00e9galement adapt\u00e9 \u00e0 d\u2019autres sports de raquette. Mod\u00e8le d\u2019entra\u00eenement et de comp\u00e9tition. Ce short est l\u00e9ger, confortable et respirant, garantissant la fra\u00eecheur du corps. Il vous apportera tout ce dont vous avez besoin pour jouer en comp\u00e9tition.<\/p>\n<p>Ce short est dot\u00e9 d\u2019une ceinture \u00e9lastiqu\u00e9e r\u00e9glable avec un cordon plat int\u00e9rieur pour un ajustement parfait. Les poches lat\u00e9rales amples sont suffisamment grandes pour contenir 2 ou 3\u00a0balles. Cela permet au joueur d\u2019encha\u00eener les services tr\u00e8s rapidement et d\u2019initier un nouvel \u00e9change. Tout est con\u00e7u pour vous aider \u00e0 jouer au mieux. De plus, il est dot\u00e9 de petites fentes sur le c\u00f4t\u00e9 inf\u00e9rieur pour faciliter la libert\u00e9 de mouvement.<\/p>\n<p>Il est fabriqu\u00e9 avec un tissu l\u00e9ger, respirant et confortable, qui facilite l\u2019\u00e9vacuation de la transpiration pour maximiser le confort du sportif. Avec lui, vous pourrez vous d\u00e9placer d\u2019un c\u00f4t\u00e9 \u00e0 l\u2019autre du court avec une totale libert\u00e9 de mouvement.<\/p>\n<p>Le design minimaliste et basique est dot\u00e9 d\u2019une bordure lat\u00e9rale de couleur contrast\u00e9e. Ce short est facile \u00e0 combiner avec un t-shirt technique pour une tenue compl\u00e8te de tennis ou de padel.<\/p>\n<p>Logo Joma brod\u00e9.<\/p>\n<ul class=\"featuresul\">\n<li>Ceinture \u00e9lastique \u00e0 cordon<\/li>\n<li>Poche pour balle<\/li>\n<li>Tissu l\u00e9ger<\/li>\n<li>Libert\u00e9 de mouvement<\/li>\n<li>Type de coupe : r\u00e9guli\u00e8re<\/li>\n<li>100% Polyester<\/li>\n<\/ul>\n","protected":false},"excerpt":{"rendered":"<div class=\"container product-detail product-wrapper\" data-product-url=\"https:\/\/www.joma-sport.com\/on\/demandware.store\/Sites-joma_eu-Site\/fr_FR\/Product-Show?pid=%24product%24\" data-sizebay-tenantid=\"3356\" data-pid=\"102252.331\">\n<div class=\"row\">\n<div class=\"product-container-information contentPDP-right\">\n<div class=\"product-sticky\">\n<div class=\"short-description\">\n<div class=\"text-short-description\">Short de tennis\/padel pour homme\/gar\u00e7on. Tissu doux et confortable. Les fentes en bas sur les c\u00f4t\u00e9s offrent une grande libert\u00e9 de mouvement.<\/div>\n<\/div>\n<\/div>\n<\/div>\n<\/div>\n<\/div>\n<div class=\"container product-detail \">\n<div class=\"row\">\n<div class=\"col-sm-12\">\n<div id=\"cq_recomm_slot-4432818939b95f78a018708f9e\">\n<div class=\"recommendations completeSet\"><\/div>\n<\/div>\n<\/div>\n<\/div>\n<\/div>\n","protected":false},"featured_media":32555,"template":"","meta":[],"product_brand":[],"product_cat":[62,33],"product_tag":[],"class_list":{"0":"post-31307","1":"product","2":"type-product","3":"status-publish","4":"has-post-thumbnail","6":"product_cat-bermudas-et-shorts-homme","7":"product_cat-homme","8":"pa_couleur-navy-blue","9":"pa_taille-l","10":"pa_taille-m","11":"pa_taille-s","12":"pa_taille-xl","14":"first","15":"outofstock","16":"purchasable","17":"product-type-variable"},"_links":{"self":[{"href":"https:\/\/accrosport.tn\/index.php\/wp-json\/wp\/v2\/product\/31307","targetHints":{"allow":["GET"]}}],"collection":[{"href":"https:\/\/accrosport.tn\/index.php\/wp-json\/wp\/v2\/product"}],"about":[{"href":"https:\/\/accrosport.tn\/index.php\/wp-json\/wp\/v2\/types\/product"}],"wp:featuredmedia":[{"embeddable":true,"href":"https:\/\/accrosport.tn\/index.php\/wp-json\/wp\/v2\/media\/32555"}],"wp:attachment":[{"href":"https:\/\/accrosport.tn\/index.php\/wp-json\/wp\/v2\/media?parent=31307"}],"wp:term":[{"taxonomy":"product_brand","embeddable":true,"href":"https:\/\/accrosport.tn\/index.php\/wp-json\/wp\/v2\/product_brand?post=31307"},{"taxonomy":"product_cat","embeddable":true,"href":"https:\/\/accrosport.tn\/index.php\/wp-json\/wp\/v2\/product_cat?post=31307"},{"taxonomy":"product_tag","embeddable":true,"href":"https:\/\/accrosport.tn\/index.php\/wp-json\/wp\/v2\/product_tag?post=31307"}],"curies":[{"name":"wp","href":"https:\/\/api.w.org\/{rel}","templated":true}]}}