{"id":30977,"date":"2025-09-29T14:34:35","date_gmt":"2025-09-29T14:34:35","guid":{"rendered":"https:\/\/accrosport.tn\/index.php\/product\/torneo-skirt-lime-blue\/"},"modified":"2025-10-27T11:24:44","modified_gmt":"2025-10-27T11:24:44","slug":"torneo-skirt-lime-blue","status":"publish","type":"product","link":"https:\/\/accrosport.tn\/index.php\/product\/torneo-skirt-lime-blue\/","title":{"rendered":"Jupe femme Torneo vert citron bleu"},"content":{"rendered":"<p>Jupe-short pour le padel. Son design a\u00e9rien allie \u00e9l\u00e9gance et confort n\u00e9cessaire pour atteindre les performances maximales \u00e0 chaque match.<\/p>\n<p>Il int\u00e8gre une ceinture avec bande \u00e9lastique int\u00e9rieure pour un ajustement et une fixation optimaux. La jupe est fabriqu\u00e9e dans un tissu l\u00e9ger et extensible, tout comme le short int\u00e9rieur. Ce dernier est construit avec des coutures plates FLATLOCK dans les zones les plus expos\u00e9es aux frottements et aux irritations. Libert\u00e9 de mouvement assur\u00e9e.<\/p>\n<p>Logo Joma en impression haute densit\u00e9.<\/p>\n<ul class=\"featuresul\">\n<li>Sous-short<\/li>\n<li>Ceinture \u00e9lastique<\/li>\n<li>Tissu \u00e9lastique confortable<\/li>\n<li>Coutures plates Flatlock<\/li>\n<li>Design en sublimation<\/li>\n<li>Tissu opaque, non transparent<\/li>\n<li>Type de coupe : r\u00e9guli\u00e8re<\/li>\n<li>Jupe 90% Polyester, 10% Spandex \/ Doublure 82% Polyester, 18% Spandex<\/li>\n<\/ul>\n","protected":false},"excerpt":{"rendered":"<p>Jupe-short pour le padel. Son design a\u00e9rien allie \u00e9l\u00e9gance et confort n\u00e9cessaire pour atteindre les performances maximales \u00e0 chaque match.<\/p>\n","protected":false},"featured_media":30989,"template":"","meta":[],"product_brand":[],"product_cat":[42,15,58,113],"product_tag":[],"class_list":{"0":"post-30977","1":"product","2":"type-product","3":"status-publish","4":"has-post-thumbnail","6":"product_cat-femme","7":"product_cat-fitness","8":"product_cat-bermudas-et-shorts","9":"product_cat-sport","10":"pa_couleur-lima","11":"pa_taille-l","12":"pa_taille-m","14":"first","15":"outofstock","16":"purchasable","17":"product-type-variable"},"_links":{"self":[{"href":"https:\/\/accrosport.tn\/index.php\/wp-json\/wp\/v2\/product\/30977","targetHints":{"allow":["GET"]}}],"collection":[{"href":"https:\/\/accrosport.tn\/index.php\/wp-json\/wp\/v2\/product"}],"about":[{"href":"https:\/\/accrosport.tn\/index.php\/wp-json\/wp\/v2\/types\/product"}],"wp:featuredmedia":[{"embeddable":true,"href":"https:\/\/accrosport.tn\/index.php\/wp-json\/wp\/v2\/media\/30989"}],"wp:attachment":[{"href":"https:\/\/accrosport.tn\/index.php\/wp-json\/wp\/v2\/media?parent=30977"}],"wp:term":[{"taxonomy":"product_brand","embeddable":true,"href":"https:\/\/accrosport.tn\/index.php\/wp-json\/wp\/v2\/product_brand?post=30977"},{"taxonomy":"product_cat","embeddable":true,"href":"https:\/\/accrosport.tn\/index.php\/wp-json\/wp\/v2\/product_cat?post=30977"},{"taxonomy":"product_tag","embeddable":true,"href":"https:\/\/accrosport.tn\/index.php\/wp-json\/wp\/v2\/product_tag?post=30977"}],"curies":[{"name":"wp","href":"https:\/\/api.w.org\/{rel}","templated":true}]}}