{"id":30951,"date":"2025-09-29T14:34:28","date_gmt":"2025-09-29T14:34:28","guid":{"rendered":"https:\/\/accrosport.tn\/index.php\/product\/bermuda-master-blanco-2\/"},"modified":"2025-10-08T08:19:05","modified_gmt":"2025-10-08T08:19:05","slug":"bermuda-master-blanco-2","status":"publish","type":"product","link":"https:\/\/accrosport.tn\/index.php\/product\/bermuda-master-blanco-2\/","title":{"rendered":"Bermuda homme Master blanc"},"content":{"rendered":"<p>Short de tennis et de padel pour homme. Soyez le plus \u00e0 l\u2019aise possible sur le court avec ce short en microfibre et \u00e9lasthanne. Associez-le \u00e0 un polo ou \u00e0 un t-shirt et cr\u00e9ez un look simple et parfait pour chaque match ou comp\u00e9tition. C\u2019est le short id\u00e9al pour faire chaque foul\u00e9e \u00e0 la recherche de la balle en toute libert\u00e9.<\/p>\n<p>Ce short est dot\u00e9 d\u2019une ceinture \u00e9lastiqu\u00e9e avec cordon r\u00e9glable qui assure un bon maintien du v\u00eatement et de deux poches lat\u00e9rales, parfaites pour ranger les balles pendant le jeu. Sa forme sp\u00e9cifique pour cette fonction \u00e9vite que la balle ne s\u2019\u00e9chappe et que le joueur ne perde des points. Il est \u00e9galement dot\u00e9 d\u2019une pi\u00e8ce suppl\u00e9mentaire au niveau de l\u2019aine et de fentes lat\u00e9rales dans l\u2019ourlet qui facilitent la libert\u00e9 de mouvement et aident \u00e0 cr\u00e9er les meilleurs jeux.<\/p>\n<p>Fabriqu\u00e9 en microfibre ultra-l\u00e9g\u00e8re avec de l\u2019\u00e9lasthanne qui s\u2019adapte parfaitement \u00e0 vos mouvements. La microfibre offre une grande r\u00e9sistance \u00e0 l\u2019abrasion et au frottement, une grande absorption de la transpiration sans perdre sa l\u00e9g\u00e8ret\u00e9 et s\u00e8che beaucoup plus rapidement que d\u2019autres mat\u00e9riaux.<\/p>\n<p>Il se caract\u00e9rise par un design basique et facile \u00e0 combiner, apportant de l\u2019\u00e9l\u00e9gance \u00e0 l\u2019\u00e9quipement, parce que moins, c\u2019est toujours plus.<\/p>\n<p>Logo Joma brod\u00e9.<\/p>\n<ul class=\"featuresul\">\n<li>Ceinture \u00e9lastique \u00e0 cordon<\/li>\n<li>Poches lat\u00e9rales<\/li>\n<li>Tissu \u00e9lastique et l\u00e9ger<\/li>\n<li>Libert\u00e9 de mouvement<\/li>\n<li>Type de coupe : r\u00e9guli\u00e8re<\/li>\n<li>95% Polyester, 5% Spandex<\/li>\n<\/ul>\n","protected":false},"excerpt":{"rendered":"<p>Short de comp\u00e9tition de tennis homme. Poches pour la balle. Le tissu \u00e9lastique et les ouvertures sur les c\u00f4t\u00e9s favorisent le confort et la libert\u00e9 de mouvement pendant le jeu.<\/p>\n","protected":false},"featured_media":31117,"template":"","meta":[],"product_brand":[414],"product_cat":[62,33],"product_tag":[],"class_list":{"0":"post-30951","1":"product","2":"type-product","3":"status-publish","4":"has-post-thumbnail","6":"product_brand-joma","7":"product_cat-bermudas-et-shorts-homme","8":"product_cat-homme","9":"pa_couleur-white","10":"pa_taille-l","12":"first","13":"outofstock","14":"purchasable","15":"product-type-simple"},"_links":{"self":[{"href":"https:\/\/accrosport.tn\/index.php\/wp-json\/wp\/v2\/product\/30951","targetHints":{"allow":["GET"]}}],"collection":[{"href":"https:\/\/accrosport.tn\/index.php\/wp-json\/wp\/v2\/product"}],"about":[{"href":"https:\/\/accrosport.tn\/index.php\/wp-json\/wp\/v2\/types\/product"}],"wp:featuredmedia":[{"embeddable":true,"href":"https:\/\/accrosport.tn\/index.php\/wp-json\/wp\/v2\/media\/31117"}],"wp:attachment":[{"href":"https:\/\/accrosport.tn\/index.php\/wp-json\/wp\/v2\/media?parent=30951"}],"wp:term":[{"taxonomy":"product_brand","embeddable":true,"href":"https:\/\/accrosport.tn\/index.php\/wp-json\/wp\/v2\/product_brand?post=30951"},{"taxonomy":"product_cat","embeddable":true,"href":"https:\/\/accrosport.tn\/index.php\/wp-json\/wp\/v2\/product_cat?post=30951"},{"taxonomy":"product_tag","embeddable":true,"href":"https:\/\/accrosport.tn\/index.php\/wp-json\/wp\/v2\/product_tag?post=30951"}],"curies":[{"name":"wp","href":"https:\/\/api.w.org\/{rel}","templated":true}]}}