{"id":30911,"date":"2025-09-29T14:34:18","date_gmt":"2025-09-29T14:34:18","guid":{"rendered":"https:\/\/accrosport.tn\/index.php\/product\/set-men-2403-royal-verde\/"},"modified":"2025-09-30T15:07:18","modified_gmt":"2025-09-30T15:07:18","slug":"chaussures-set-men-24-terrain-dur-homme-bleu-roi-vert","status":"publish","type":"product","link":"https:\/\/accrosport.tn\/index.php\/product\/chaussures-set-men-24-terrain-dur-homme-bleu-roi-vert\/","title":{"rendered":"Chaussures Set Men 24 terrain dur homme bleu roi vert"},"content":{"rendered":"<p>Chaussures de tennis pour homme. Mod\u00e8le d\u00e9velopp\u00e9 pour les joueurs en perfectionnement qui pratiquent des d\u00e9placements avec une intensit\u00e9 mod\u00e9r\u00e9e. Elles int\u00e8grent une technologie de maintien et de stabilit\u00e9.<\/p>\n<p>Tige confectionn\u00e9e avec diff\u00e9rents mat\u00e9riaux. D&rsquo;un c\u00f4t\u00e9, le mesh respirant avec des perforations VTS offre une bonne ventilation de la transpiration et maintient le pied frais \u00e0 l&rsquo;int\u00e9rieur de la chaussure. D&rsquo;un autre c\u00f4t\u00e9, du synth\u00e9tique thermocoll\u00e9 a \u00e9t\u00e9 ajout\u00e9 \u00e0 l&rsquo;avant, qui agit comme un renfort PROTECTION. Le syst\u00e8me de fermeture avec des lacets sp\u00e9ciaux assure le maintien des chaussures.<\/p>\n<p>Semelle interm\u00e9diaire en phylon avec STABILIS, qui enveloppe les zones les plus sujettes aux torsions inad\u00e9quates et pr\u00e9vient les \u00e9ventuelles blessures. Le phylon, quant \u00e0 lui, augmente la flexibilit\u00e9, la l\u00e9g\u00e8ret\u00e9 et l&rsquo;absorption des chocs.<\/p>\n<p>Semelle en caoutchouc DURABILITY all court, adapt\u00e9e et r\u00e9sistante pour jouer sur terrain dur\/rapide. Le dessin permet au joueur de glisser et de freiner sur le terrain selon ses besoins.<\/p>\n<ul class=\"featuresul\">\n<li>Empeigne en mesh respirant VTS<\/li>\n<li>Coupe avec syst\u00e8me de r\u00e9glage thermosoud\u00e9 SPORTECH<\/li>\n<li>Semelle interm\u00e9diaire en phylon avec STABILIS<\/li>\n<li>Semelle ext\u00e9rieure DURABILITY en caoutchouc<\/li>\n<li>Renfort \u00e0 l&rsquo;avant PROTECTION<\/li>\n<\/ul>\n","protected":false},"excerpt":{"rendered":"<p>Chaussures de tennis pour homme. Mod\u00e8le d\u00e9velopp\u00e9 pour les joueurs en perfectionnement qui pratiquent des d\u00e9placements avec une intensit\u00e9 mod\u00e9r\u00e9e. Elles int\u00e8grent une technologie de maintien et de stabilit\u00e9.<\/p>\n","protected":false},"featured_media":31154,"template":"","meta":[],"product_brand":[],"product_cat":[61,33,113,272,76],"product_tag":[],"class_list":{"0":"post-30911","1":"product","2":"type-product","3":"status-publish","4":"has-post-thumbnail","6":"product_cat-chaussures-homme","7":"product_cat-homme","8":"product_cat-sport","9":"product_cat-tennis-sport","10":"product_cat-tennis","11":"pa_couleur-royal-blue-green","12":"pa_taille-646","13":"pa_taille-649","14":"pa_taille-650","15":"pa_taille-651","16":"pa_taille-653","17":"pa_taille-656","19":"first","20":"outofstock","21":"purchasable","22":"product-type-variable"},"_links":{"self":[{"href":"https:\/\/accrosport.tn\/index.php\/wp-json\/wp\/v2\/product\/30911","targetHints":{"allow":["GET"]}}],"collection":[{"href":"https:\/\/accrosport.tn\/index.php\/wp-json\/wp\/v2\/product"}],"about":[{"href":"https:\/\/accrosport.tn\/index.php\/wp-json\/wp\/v2\/types\/product"}],"wp:featuredmedia":[{"embeddable":true,"href":"https:\/\/accrosport.tn\/index.php\/wp-json\/wp\/v2\/media\/31154"}],"wp:attachment":[{"href":"https:\/\/accrosport.tn\/index.php\/wp-json\/wp\/v2\/media?parent=30911"}],"wp:term":[{"taxonomy":"product_brand","embeddable":true,"href":"https:\/\/accrosport.tn\/index.php\/wp-json\/wp\/v2\/product_brand?post=30911"},{"taxonomy":"product_cat","embeddable":true,"href":"https:\/\/accrosport.tn\/index.php\/wp-json\/wp\/v2\/product_cat?post=30911"},{"taxonomy":"product_tag","embeddable":true,"href":"https:\/\/accrosport.tn\/index.php\/wp-json\/wp\/v2\/product_tag?post=30911"}],"curies":[{"name":"wp","href":"https:\/\/api.w.org\/{rel}","templated":true}]}}