{"id":30838,"date":"2025-09-29T14:33:59","date_gmt":"2025-09-29T14:33:59","guid":{"rendered":"https:\/\/accrosport.tn\/index.php\/product\/toledo-jr-2401-negro-blanco-turf\/"},"modified":"2025-11-17T08:05:14","modified_gmt":"2025-11-17T08:05:14","slug":"toledo-jr-2401-negro-blanco-turf","status":"publish","type":"product","link":"https:\/\/accrosport.tn\/index.php\/product\/toledo-jr-2401-negro-blanco-turf\/","title":{"rendered":"TOLEDO JR 2401 NOIR BLANC TURF"},"content":{"rendered":"<p>Chaussures de football pour gar\u00e7ons et filles. Pour terrains synth\u00e9tiques. Le mod\u00e8le classique de futsal pour enfants est de nouveau pr\u00e9sent dans le catalogue Joma. Gr\u00e2ce \u00e0 ces chaussures polyvalentes, les plus jeunes pourront jouer et s&rsquo;entra\u00eener sur tous les terrains.<\/p>\n<p>Ce mod\u00e8le est fabriqu\u00e9 en cuir synth\u00e9tique de haute qualit\u00e9, offrant r\u00e9sistance et un excellent contact avec la balle. Con\u00e7u pour dominer le jeu et exprimer tout votre potentiel sur les courts indoor. <\/p>\n<p>La semelle est fabriqu\u00e9e d&rsquo;une seule pi\u00e8ce en caoutchouc DURABILITY. De haute qualit\u00e9, elle offre une excellente r\u00e9sistance \u00e0 l&rsquo;usure et \u00e0 l&rsquo;abrasion, ainsi qu&rsquo;une adh\u00e9rence optimale. Sa structure multicrampons r\u00e9duit la pression exerc\u00e9e sur la semelle et assure un bon maintien. La flexibilit\u00e9 est garantie par les rainures FLEXO. Les changements de direction sont s\u00e9curis\u00e9s gr\u00e2ce aux structures g\u00e9om\u00e9triques ROTATION.<\/p>\n<p>Ce mod\u00e8le s&rsquo;inspire toujours des crampons traditionnels, tout en conservant la qualit\u00e9 qui les caract\u00e9rise. Personnalisation avec un marquage TOLEDO en relief.<\/p>\n","protected":false},"excerpt":{"rendered":"<p>Chaussures de football pour gar\u00e7ons et filles. Pour terrains synth\u00e9tiques. Le mod\u00e8le classique de futsal pour enfants est de nouveau pr\u00e9sent dans le catalogue Joma. Gr\u00e2ce \u00e0 ces chaussures polyvalentes, les plus jeunes pourront jouer et s&rsquo;entra\u00eener sur tous les terrains.<\/p>\n","protected":false},"featured_media":35377,"template":"","meta":[],"product_brand":[],"product_cat":[61,69,49,75,87,33,113],"product_tag":[],"class_list":{"0":"post-30838","1":"product","2":"type-product","3":"status-publish","4":"has-post-thumbnail","6":"product_cat-chaussures-homme","7":"product_cat-chaussures-enfant","8":"product_cat-enfant","9":"product_cat-foot","10":"product_cat-foot-chaussures-enfant","11":"product_cat-homme","12":"product_cat-sport","13":"pa_couleur-black-white","14":"pa_taille-671","15":"pa_taille-669","16":"pa_taille-670","17":"pa_taille-641","18":"pa_taille-643","19":"pa_taille-655","21":"first","22":"outofstock","23":"sale","24":"purchasable","25":"product-type-variable"},"_links":{"self":[{"href":"https:\/\/accrosport.tn\/index.php\/wp-json\/wp\/v2\/product\/30838","targetHints":{"allow":["GET"]}}],"collection":[{"href":"https:\/\/accrosport.tn\/index.php\/wp-json\/wp\/v2\/product"}],"about":[{"href":"https:\/\/accrosport.tn\/index.php\/wp-json\/wp\/v2\/types\/product"}],"wp:featuredmedia":[{"embeddable":true,"href":"https:\/\/accrosport.tn\/index.php\/wp-json\/wp\/v2\/media\/35377"}],"wp:attachment":[{"href":"https:\/\/accrosport.tn\/index.php\/wp-json\/wp\/v2\/media?parent=30838"}],"wp:term":[{"taxonomy":"product_brand","embeddable":true,"href":"https:\/\/accrosport.tn\/index.php\/wp-json\/wp\/v2\/product_brand?post=30838"},{"taxonomy":"product_cat","embeddable":true,"href":"https:\/\/accrosport.tn\/index.php\/wp-json\/wp\/v2\/product_cat?post=30838"},{"taxonomy":"product_tag","embeddable":true,"href":"https:\/\/accrosport.tn\/index.php\/wp-json\/wp\/v2\/product_tag?post=30838"}],"curies":[{"name":"wp","href":"https:\/\/api.w.org\/{rel}","templated":true}]}}