{"id":30784,"date":"2025-09-29T14:33:47","date_gmt":"2025-09-29T14:33:47","guid":{"rendered":"https:\/\/accrosport.tn\/index.php\/product\/s-yaiza-lady-2424-marron-blanc\/"},"modified":"2026-03-11T12:46:48","modified_gmt":"2026-03-11T12:46:48","slug":"s-yaiza-lady-2424-marron-blanc","status":"publish","type":"product","link":"https:\/\/accrosport.tn\/index.php\/product\/s-yaiza-lady-2424-marron-blanc\/","title":{"rendered":"Claquettes casual S.Yaiza Lady 2424 femme marron blanc"},"content":{"rendered":"<p>Tongs pour femmes. Mod\u00e8le pour piscine et plage. Elles ont des lani\u00e8res en textile brod\u00e9 formant un dessin \u00e9l\u00e9gant et une doublure int\u00e9rieure douce et confortable. La semelle est en mousse l\u00e9g\u00e8re et durable, tr\u00e8s confortable gr\u00e2ce \u00e0 son faible poids. De plus, elle est flexible pour une marche tout en confort. Faciles \u00e0 nettoyer et \u00e0 s\u00e9chage rapide.<\/p>\n","protected":false},"excerpt":{"rendered":"<p>Tongs pour femmes. Mod\u00e8le pour piscine et plage. Elles ont des lani\u00e8res en textile brod\u00e9 formant un dessin \u00e9l\u00e9gant et une doublure int\u00e9rieure douce et confortable. La semelle est en mousse l\u00e9g\u00e8re et durable, tr\u00e8s confortable gr\u00e2ce \u00e0 son faible poids. De plus, elle est flexible pour une marche tout en confort. Faciles \u00e0 nettoyer et \u00e0 s\u00e9chage rapide.<\/p>\n","protected":false},"featured_media":31224,"template":"","meta":[],"product_brand":[],"product_cat":[57,42,79],"product_tag":[],"class_list":{"0":"post-30784","1":"product","2":"type-product","3":"status-publish","4":"has-post-thumbnail","6":"product_cat-chaussures","7":"product_cat-femme","8":"product_cat-tongs-et-claquettes","9":"pa_couleur-brown-white","10":"pa_taille-641","11":"pa_taille-643","12":"pa_taille-655","13":"pa_taille-644","14":"pa_taille-646","16":"first","17":"outofstock","18":"purchasable","19":"product-type-variable"},"_links":{"self":[{"href":"https:\/\/accrosport.tn\/index.php\/wp-json\/wp\/v2\/product\/30784","targetHints":{"allow":["GET"]}}],"collection":[{"href":"https:\/\/accrosport.tn\/index.php\/wp-json\/wp\/v2\/product"}],"about":[{"href":"https:\/\/accrosport.tn\/index.php\/wp-json\/wp\/v2\/types\/product"}],"wp:featuredmedia":[{"embeddable":true,"href":"https:\/\/accrosport.tn\/index.php\/wp-json\/wp\/v2\/media\/31224"}],"wp:attachment":[{"href":"https:\/\/accrosport.tn\/index.php\/wp-json\/wp\/v2\/media?parent=30784"}],"wp:term":[{"taxonomy":"product_brand","embeddable":true,"href":"https:\/\/accrosport.tn\/index.php\/wp-json\/wp\/v2\/product_brand?post=30784"},{"taxonomy":"product_cat","embeddable":true,"href":"https:\/\/accrosport.tn\/index.php\/wp-json\/wp\/v2\/product_cat?post=30784"},{"taxonomy":"product_tag","embeddable":true,"href":"https:\/\/accrosport.tn\/index.php\/wp-json\/wp\/v2\/product_tag?post=30784"}],"curies":[{"name":"wp","href":"https:\/\/api.w.org\/{rel}","templated":true}]}}