{"id":30689,"date":"2025-09-29T14:33:23","date_gmt":"2025-09-29T14:33:23","guid":{"rendered":"https:\/\/accrosport.tn\/index.php\/product\/s-water-jr-2306-rojo-marino\/"},"modified":"2025-10-08T08:10:59","modified_gmt":"2025-10-08T08:10:59","slug":"s-water-jr-2306-rojo-marino","status":"publish","type":"product","link":"https:\/\/accrosport.tn\/index.php\/product\/s-water-jr-2306-rojo-marino\/","title":{"rendered":"S.WATER JR 2306 ROUGE MARIN"},"content":{"rendered":"<p><span dir=\"auto\">Tongs gar\u00e7on\/fille id\u00e9ales pour la plage ou la piscine. Design moderne, confortable et d\u00e9contract\u00e9. L\u00e9g\u00e8res, elles ne g\u00eanent pas la marche gr\u00e2ce \u00e0 leur faible poids.<\/span><br \/>\n<span dir=\"auto\">Elles sont dot\u00e9es de bandes en caoutchouc fix\u00e9es \u00e0 la semelle par une autre bande situ\u00e9e au niveau du gros orteil. La disposition des brides assure une meilleure adh\u00e9rence au pied, permettant aux sportifs de marcher confortablement et en toute s\u00e9curit\u00e9.<\/span><\/p>\n<p><span dir=\"auto\">La semelle est fabriqu\u00e9e en mousse l\u00e9g\u00e8re et flexible, vous permettant de marcher confortablement sans vous soucier de son poids. Son design est moderne et urbain.<\/span><\/p>\n<p><span dir=\"auto\">Facile \u00e0 nettoyer et s\u00e9chage rapide.<\/span><\/p>\n<p>&nbsp;<\/p>\n<p>&nbsp;<\/p>\n<p>&nbsp;<\/p>\n","protected":false},"excerpt":{"rendered":"<p><span dir=\"auto\">Tongs gar\u00e7on\/fille id\u00e9ales pour la plage ou la piscine. Design moderne, confortable et d\u00e9contract\u00e9. L\u00e9g\u00e8res, elles ne g\u00eanent pas la marche gr\u00e2ce \u00e0 leur faible poids.<\/span><\/p>\n","protected":false},"featured_media":33634,"template":"","meta":[],"product_brand":[],"product_cat":[57,69,49,42,79,226],"product_tag":[],"class_list":{"0":"post-30689","1":"product","2":"type-product","3":"status-publish","4":"has-post-thumbnail","6":"product_cat-chaussures","7":"product_cat-chaussures-enfant","8":"product_cat-enfant","9":"product_cat-femme","10":"product_cat-tongs-et-claquettes","11":"product_cat-tongs-et-claquettes-chaussures-enfant","12":"pa_couleur-red-navy-blue","13":"pa_taille-682","14":"pa_taille-671","15":"pa_taille-667","16":"pa_taille-668","17":"pa_taille-669","18":"pa_taille-670","19":"pa_taille-641","20":"pa_taille-643","21":"pa_taille-655","23":"first","24":"outofstock","25":"purchasable","26":"product-type-variable"},"_links":{"self":[{"href":"https:\/\/accrosport.tn\/index.php\/wp-json\/wp\/v2\/product\/30689","targetHints":{"allow":["GET"]}}],"collection":[{"href":"https:\/\/accrosport.tn\/index.php\/wp-json\/wp\/v2\/product"}],"about":[{"href":"https:\/\/accrosport.tn\/index.php\/wp-json\/wp\/v2\/types\/product"}],"wp:featuredmedia":[{"embeddable":true,"href":"https:\/\/accrosport.tn\/index.php\/wp-json\/wp\/v2\/media\/33634"}],"wp:attachment":[{"href":"https:\/\/accrosport.tn\/index.php\/wp-json\/wp\/v2\/media?parent=30689"}],"wp:term":[{"taxonomy":"product_brand","embeddable":true,"href":"https:\/\/accrosport.tn\/index.php\/wp-json\/wp\/v2\/product_brand?post=30689"},{"taxonomy":"product_cat","embeddable":true,"href":"https:\/\/accrosport.tn\/index.php\/wp-json\/wp\/v2\/product_cat?post=30689"},{"taxonomy":"product_tag","embeddable":true,"href":"https:\/\/accrosport.tn\/index.php\/wp-json\/wp\/v2\/product_tag?post=30689"}],"curies":[{"name":"wp","href":"https:\/\/api.w.org\/{rel}","templated":true}]}}