{"id":30671,"date":"2025-09-29T14:33:19","date_gmt":"2025-09-29T14:33:19","guid":{"rendered":"https:\/\/accrosport.tn\/index.php\/product\/s-water-men-2401-negro-rojo\/"},"modified":"2026-03-11T12:46:47","modified_gmt":"2026-03-11T12:46:47","slug":"s-water-men-2401-negro-rojo","status":"publish","type":"product","link":"https:\/\/accrosport.tn\/index.php\/product\/s-water-men-2401-negro-rojo\/","title":{"rendered":"S.Water Homme 2401 Noir Rouge"},"content":{"rendered":"<p>Tongs pour homme id\u00e9ales pour la plage ou la piscine. Design moderne, confortable et d\u00e9contract\u00e9. L\u00e9g\u00e8res, elles sont parfaites pour marcher sur le sable ou l&rsquo;herbe. Leur semelle en mousse amortissante offre douceur et confort. Des<br \/>\nbrides en caoutchouc, fix\u00e9es \u00e0 la semelle par une autre bride au niveau du gros orteil, assurent un bon maintien du pied et permettent de marcher confortablement et en toute s\u00e9curit\u00e9.<\/p>\n<p>La semelle est confectionn\u00e9e en mousse l\u00e9g\u00e8re et flexible, vous permettant de marcher confortablement sans vous soucier de son poids. Son design est moderne et urbain.<\/p>\n<p>Facile \u00e0 nettoyer et s\u00e9chage rapide.<\/p>\n","protected":false},"excerpt":{"rendered":"<p>Tongs pour homme id\u00e9ales pour la plage ou la piscine. Design moderne, confortable et d\u00e9contract\u00e9.<\/p>\n","protected":false},"featured_media":35392,"template":"","meta":[],"product_brand":[],"product_cat":[61,33,88],"product_tag":[],"class_list":{"0":"post-30671","1":"product","2":"type-product","3":"status-publish","4":"has-post-thumbnail","6":"product_cat-chaussures-homme","7":"product_cat-homme","8":"product_cat-tongs-et-claquettes-chaussures-homme","9":"pa_couleur-black-red","10":"pa_taille-644","11":"pa_taille-645","12":"pa_taille-646","13":"pa_taille-649","14":"pa_taille-650","15":"pa_taille-651","16":"pa_taille-653","17":"pa_taille-656","19":"first","20":"outofstock","21":"purchasable","22":"product-type-variable"},"_links":{"self":[{"href":"https:\/\/accrosport.tn\/index.php\/wp-json\/wp\/v2\/product\/30671","targetHints":{"allow":["GET"]}}],"collection":[{"href":"https:\/\/accrosport.tn\/index.php\/wp-json\/wp\/v2\/product"}],"about":[{"href":"https:\/\/accrosport.tn\/index.php\/wp-json\/wp\/v2\/types\/product"}],"wp:featuredmedia":[{"embeddable":true,"href":"https:\/\/accrosport.tn\/index.php\/wp-json\/wp\/v2\/media\/35392"}],"wp:attachment":[{"href":"https:\/\/accrosport.tn\/index.php\/wp-json\/wp\/v2\/media?parent=30671"}],"wp:term":[{"taxonomy":"product_brand","embeddable":true,"href":"https:\/\/accrosport.tn\/index.php\/wp-json\/wp\/v2\/product_brand?post=30671"},{"taxonomy":"product_cat","embeddable":true,"href":"https:\/\/accrosport.tn\/index.php\/wp-json\/wp\/v2\/product_cat?post=30671"},{"taxonomy":"product_tag","embeddable":true,"href":"https:\/\/accrosport.tn\/index.php\/wp-json\/wp\/v2\/product_tag?post=30671"}],"curies":[{"name":"wp","href":"https:\/\/api.w.org\/{rel}","templated":true}]}}