{"id":30626,"date":"2025-09-29T14:33:09","date_gmt":"2025-09-29T14:33:09","guid":{"rendered":"https:\/\/accrosport.tn\/index.php\/product\/s-mali-lady-2401-negro-rosa\/"},"modified":"2026-03-11T12:46:47","modified_gmt":"2026-03-11T12:46:47","slug":"s-mali-lady-2401-negro-rosa","status":"publish","type":"product","link":"https:\/\/accrosport.tn\/index.php\/product\/s-mali-lady-2401-negro-rosa\/","title":{"rendered":"Sandales JOMA &#8211; S.Mali Lady 2401"},"content":{"rendered":"","protected":false},"excerpt":{"rendered":"<p>Sandales de sport pour femmes. Id\u00e9ales pour la marche et la randonn\u00e9e. Tr\u00e8s confortables gr\u00e2ce \u00e0 leur excellent maintien et leur ajustement parfait.<\/p>\n","protected":false},"featured_media":35396,"template":"","meta":[],"product_brand":[],"product_cat":[49,382],"product_tag":[],"class_list":{"0":"post-30626","1":"product","2":"type-product","3":"status-publish","4":"has-post-thumbnail","6":"product_cat-enfant","7":"product_cat-sandales","8":"pa_couleur-black-pink","9":"pa_taille-641","10":"pa_taille-643","11":"pa_taille-655","12":"pa_taille-644","13":"pa_taille-645","15":"first","16":"outofstock","17":"purchasable","18":"product-type-variable"},"_links":{"self":[{"href":"https:\/\/accrosport.tn\/index.php\/wp-json\/wp\/v2\/product\/30626","targetHints":{"allow":["GET"]}}],"collection":[{"href":"https:\/\/accrosport.tn\/index.php\/wp-json\/wp\/v2\/product"}],"about":[{"href":"https:\/\/accrosport.tn\/index.php\/wp-json\/wp\/v2\/types\/product"}],"wp:featuredmedia":[{"embeddable":true,"href":"https:\/\/accrosport.tn\/index.php\/wp-json\/wp\/v2\/media\/35396"}],"wp:attachment":[{"href":"https:\/\/accrosport.tn\/index.php\/wp-json\/wp\/v2\/media?parent=30626"}],"wp:term":[{"taxonomy":"product_brand","embeddable":true,"href":"https:\/\/accrosport.tn\/index.php\/wp-json\/wp\/v2\/product_brand?post=30626"},{"taxonomy":"product_cat","embeddable":true,"href":"https:\/\/accrosport.tn\/index.php\/wp-json\/wp\/v2\/product_cat?post=30626"},{"taxonomy":"product_tag","embeddable":true,"href":"https:\/\/accrosport.tn\/index.php\/wp-json\/wp\/v2\/product_tag?post=30626"}],"curies":[{"name":"wp","href":"https:\/\/api.w.org\/{rel}","templated":true}]}}