{"id":30573,"date":"2025-09-29T14:32:55","date_gmt":"2025-09-29T14:32:55","guid":{"rendered":"https:\/\/accrosport.tn\/index.php\/product\/rodio-men-2401-negro\/"},"modified":"2025-10-08T08:36:07","modified_gmt":"2025-10-08T08:36:07","slug":"rodio-men-2401-negro","status":"publish","type":"product","link":"https:\/\/accrosport.tn\/index.php\/product\/rodio-men-2401-negro\/","title":{"rendered":"Chaussures running Rodio Men 2401 homme noir"},"content":{"rendered":"<p>Chaussures de course pour homme. Le mod\u00e8le Rodio fait partie des lignes de course d\u00e9contract\u00e9es de Joma. Ces chaussures de sport sont parfaites pour \u00eatre \u00e0 l&rsquo;aise au quotidien ou pour faire une promenade.<\/p>\n<p>La tige est fabriqu\u00e9e en maille jacquard personnalis\u00e9e, tr\u00e8s l\u00e9g\u00e8re et respirante, accompagn\u00e9e de perforations VTS. Le syst\u00e8me de fermeture thermosoud\u00e9e JOMA SPORTECH ajuste la chaussure au pied tout en maintenant sa l\u00e9g\u00e8ret\u00e9.<\/p>\n<p>Elles sont \u00e9quip\u00e9es d&rsquo;une semelle int\u00e9rieure en mousse \u00e0 m\u00e9moire de forme, qui s&rsquo;adapte \u00e0 la foul\u00e9e, absorbe les chocs et retrouve rapidement sa forme, \u00e9vitant ainsi les douleurs aux pieds. Avec des perforations pour la rendre respirante.<\/p>\n<p>Semelle interm\u00e9diaire en phylon d&rsquo;une seule pi\u00e8ce.<\/p>\n<p>Semelle en caoutchouc r\u00e9sistant \u00e0 l&rsquo;abrasion.<\/p>\n<ul class=\"featuresul\">\n<li>Coupe avec syst\u00e8me de r\u00e9glage thermosoud\u00e9 SPORTECH<\/li>\n<li>Empeigne en mesh respirant VTS<\/li>\n<li>Semelle en MOUSSE \u00c0 M\u00c9MOIRE DE FORME<\/li>\n<li>Semelle interm\u00e9diaire en phylon<\/li>\n<li>Semelle ext\u00e9rieure en caoutchouc<\/li>\n<\/ul>\n","protected":false},"excerpt":{"rendered":"<p>Chaussures de course pour homme. Le mod\u00e8le Rodio fait partie des lignes de course d\u00e9contract\u00e9es de Joma. Ces chaussures de sport sont parfaites pour \u00eatre \u00e0 l&rsquo;aise au quotidien ou pour faire une promenade.<\/p>\n","protected":false},"featured_media":33653,"template":"","meta":[],"product_brand":[],"product_cat":[61,33,77,113,137],"product_tag":[],"class_list":{"0":"post-30573","1":"product","2":"type-product","3":"status-publish","4":"has-post-thumbnail","6":"product_cat-chaussures-homme","7":"product_cat-homme","8":"product_cat-running","9":"product_cat-sport","10":"product_cat-training","11":"pa_couleur-noir","12":"pa_taille-645","13":"pa_taille-646","14":"pa_taille-649","15":"pa_taille-650","16":"pa_taille-651","17":"pa_taille-653","19":"first","20":"outofstock","21":"purchasable","22":"product-type-variable"},"_links":{"self":[{"href":"https:\/\/accrosport.tn\/index.php\/wp-json\/wp\/v2\/product\/30573","targetHints":{"allow":["GET"]}}],"collection":[{"href":"https:\/\/accrosport.tn\/index.php\/wp-json\/wp\/v2\/product"}],"about":[{"href":"https:\/\/accrosport.tn\/index.php\/wp-json\/wp\/v2\/types\/product"}],"wp:featuredmedia":[{"embeddable":true,"href":"https:\/\/accrosport.tn\/index.php\/wp-json\/wp\/v2\/media\/33653"}],"wp:attachment":[{"href":"https:\/\/accrosport.tn\/index.php\/wp-json\/wp\/v2\/media?parent=30573"}],"wp:term":[{"taxonomy":"product_brand","embeddable":true,"href":"https:\/\/accrosport.tn\/index.php\/wp-json\/wp\/v2\/product_brand?post=30573"},{"taxonomy":"product_cat","embeddable":true,"href":"https:\/\/accrosport.tn\/index.php\/wp-json\/wp\/v2\/product_cat?post=30573"},{"taxonomy":"product_tag","embeddable":true,"href":"https:\/\/accrosport.tn\/index.php\/wp-json\/wp\/v2\/product_tag?post=30573"}],"curies":[{"name":"wp","href":"https:\/\/api.w.org\/{rel}","templated":true}]}}