{"id":30524,"date":"2025-09-29T14:32:45","date_gmt":"2025-09-29T14:32:45","guid":{"rendered":"https:\/\/accrosport.tn\/index.php\/product\/meta-men-2401-negro\/"},"modified":"2025-12-19T13:16:42","modified_gmt":"2025-12-19T13:16:42","slug":"meta-men-2401-negro","status":"publish","type":"product","link":"https:\/\/accrosport.tn\/index.php\/product\/meta-men-2401-negro\/","title":{"rendered":"Chaussures running Meta Men 2401 homme noir"},"content":{"rendered":"<p>Chaussures de course pour hommes. Le mod\u00e8le Meta est parfait pour les coureurs qui sont dans la phase d&rsquo;initiation et qui ont besoin des avantages de base en termes de confort et de durabilit\u00e9. Recommand\u00e9 pour un rythme de course doux.<\/p>\n<p>La tige est fabriqu\u00e9e en mesh, accompagn\u00e9e de perforations VTS qui permettent la ventilation de la transpiration pour maintenir le pied \u00e0 une temp\u00e9rature constante. Elle int\u00e8gre \u00e9galement du mat\u00e9riau synth\u00e9tique, qui agit comme un syst\u00e8me de r\u00e9glage et donne de la fermet\u00e9 \u00e0 la partie sup\u00e9rieure.<\/p>\n<p>La semelle interm\u00e9diaire avec un drop de 10 mm est construite en phylon, riche en confort, flexibilit\u00e9 et amorti.<\/p>\n<p>La semelle est en caoutchouc r\u00e9sistant \u00e0 l&rsquo;abrasion.<\/p>\n<ul class=\"featuresul\">\n<li>Tige en semi-microfibre avec maille respirante VTS<\/li>\n<li>Semelle interm\u00e9diaire en phylon<\/li>\n<li>Semelle ext\u00e9rieure en caoutchouc<\/li>\n<\/ul>\n","protected":false},"excerpt":{"rendered":"<div class=\"container product-detail product-wrapper\" data-product-url=\"https:\/\/www.joma-sport.com\/on\/demandware.store\/Sites-joma_eu-Site\/fr_FR\/Product-Show?pid=%24product%24\" data-sizebay-tenantid=\"3356\" data-pid=\"RMETAW2401\">\n<div class=\"row\">\n<div class=\"product-container-information contentPDP-right\">\n<div class=\"product-sticky\">\n<div class=\"short-description\">\n<div class=\"text-short-description\">Chaussures de running Meta pour homme, id\u00e9ales pour les d\u00e9butants, offrant confort et durabilit\u00e9. Tige en mesh ventil\u00e9 avec ajustement synth\u00e9tique, semelle interm\u00e9diaire en phylon avec un drop de 10 mm pour un amorti et semelle ext\u00e9rieure en caoutchouc r\u00e9sistant \u00e0 l&rsquo;abrasion. Parfaites pour des rythmes doux.<\/div>\n<\/div>\n<\/div>\n<\/div>\n<\/div>\n<\/div>\n<div class=\"container product-detail \">\n<div class=\"row\">\n<div class=\"col-sm-12\">\n<div id=\"cq_recomm_slot-4432818939b95f78a018708f9e\">\n<div class=\"recommendations completeSet\"><\/div>\n<\/div>\n<\/div>\n<\/div>\n<\/div>\n","protected":false},"featured_media":33681,"template":"","meta":[],"product_brand":[],"product_cat":[61,33,77,114,113],"product_tag":[],"class_list":{"0":"post-30524","1":"product","2":"type-product","3":"status-publish","4":"has-post-thumbnail","6":"product_cat-chaussures-homme","7":"product_cat-homme","8":"product_cat-running","9":"product_cat-running-sport","10":"product_cat-sport","11":"pa_couleur-noir","12":"pa_taille-646","13":"pa_taille-649","14":"pa_taille-650","15":"pa_taille-651","16":"pa_taille-653","17":"pa_taille-656","18":"pa_taille-719","20":"first","21":"outofstock","22":"purchasable","23":"product-type-variable"},"_links":{"self":[{"href":"https:\/\/accrosport.tn\/index.php\/wp-json\/wp\/v2\/product\/30524","targetHints":{"allow":["GET"]}}],"collection":[{"href":"https:\/\/accrosport.tn\/index.php\/wp-json\/wp\/v2\/product"}],"about":[{"href":"https:\/\/accrosport.tn\/index.php\/wp-json\/wp\/v2\/types\/product"}],"wp:featuredmedia":[{"embeddable":true,"href":"https:\/\/accrosport.tn\/index.php\/wp-json\/wp\/v2\/media\/33681"}],"wp:attachment":[{"href":"https:\/\/accrosport.tn\/index.php\/wp-json\/wp\/v2\/media?parent=30524"}],"wp:term":[{"taxonomy":"product_brand","embeddable":true,"href":"https:\/\/accrosport.tn\/index.php\/wp-json\/wp\/v2\/product_brand?post=30524"},{"taxonomy":"product_cat","embeddable":true,"href":"https:\/\/accrosport.tn\/index.php\/wp-json\/wp\/v2\/product_cat?post=30524"},{"taxonomy":"product_tag","embeddable":true,"href":"https:\/\/accrosport.tn\/index.php\/wp-json\/wp\/v2\/product_tag?post=30524"}],"curies":[{"name":"wp","href":"https:\/\/api.w.org\/{rel}","templated":true}]}}