{"id":30513,"date":"2025-09-29T14:32:40","date_gmt":"2025-09-29T14:32:40","guid":{"rendered":"https:\/\/accrosport.tn\/index.php\/product\/fenix-men-2404-royal\/"},"modified":"2025-10-08T09:23:02","modified_gmt":"2025-10-08T09:23:02","slug":"fenix-men-2404-royal","status":"publish","type":"product","link":"https:\/\/accrosport.tn\/index.php\/product\/fenix-men-2404-royal\/","title":{"rendered":"Chaussures de course pour hommes 2404 Joma Fenix \u200b\u200bRoyal"},"content":{"rendered":"<p>Les chaussures de running pour homme Joma Fenix \u200b\u200bassocient les technologies Protection et Durabilit\u00e9 pour une protection et une durabilit\u00e9 maximales. La ventilation VTS, le double amorti Full Dual Pulsor et le stabilisateur Stabilis assurent confort et stabilit\u00e9. Les mousses Foam Reactive et Sportech apportent l\u00e9g\u00e8ret\u00e9 et souplesse.<\/p>\n<p>Avantages<\/p>\n<p>Respirabilit\u00e9<br \/>\nLes mat\u00e9riaux utilis\u00e9s dans ce mod\u00e8le sont hautement respirants, ce qui signifie que l&rsquo;humidit\u00e9 est efficacement \u00e9vacu\u00e9e, laissant l&rsquo;int\u00e9rieur de la chaussure de course sec et confortable.<br \/>\nAdh\u00e9sion<br \/>\nLa construction de la semelle utilis\u00e9e se distingue par son coefficient de traction \u00e9lev\u00e9, qui permet une marche stable lors de la course dans des conditions m\u00e9t\u00e9orologiques d\u00e9favorables ou sur des terrains difficiles.<br \/>\nD\u00e9pr\u00e9ciation<br \/>\nLe mat\u00e9riau de la semelle offre un excellent amorti et un retour d&rsquo;\u00e9nergie \u00e9lev\u00e9 pour rendre votre course confortable et s\u00fbre, quel que soit le terrain sur lequel vous vous trouvez.<br \/>\nStabilisation<br \/>\nLes chaussures sont con\u00e7ues avec une attention particuli\u00e8re port\u00e9e \u00e0 la s\u00e9curit\u00e9, elles offrent donc une stabilit\u00e9 exceptionnelle pour pr\u00e9venir les blessures et les traumatismes et prot\u00e9ger les pieds lors de s\u00e9ances d&rsquo;entra\u00eenement intenses.<br \/>\nPied neutre<br \/>\nLes chaussures sont con\u00e7ues pour les personnes ayant des pieds neutres, qui n&rsquo;ont pas besoin de soutien suppl\u00e9mentaire ni d&rsquo;\u00e9l\u00e9ments pour corriger le roulement, car ce type de pied r\u00e9partit le poids uniform\u00e9ment.<br \/>\nCorrespondance<br \/>\nGr\u00e2ce au syst\u00e8me de la\u00e7age de la chaussure, un ajustement individuel et pr\u00e9cis est possible, ce qui garantit un confort, une s\u00e9curit\u00e9 et une stabilit\u00e9 du pied maximum, m\u00eame lors de courses exigeantes.<\/p>\n","protected":false},"excerpt":{"rendered":"<p>Les chaussures de running pour homme Joma Fenix \u200b\u200bassocient les technologies Protection et Durabilit\u00e9 pour une protection et une durabilit\u00e9 maximales. La ventilation VTS, le double amorti Full Dual Pulsor et le stabilisateur Stabilis assurent confort et stabilit\u00e9. Les mousses Foam Reactive et Sportech apportent l\u00e9g\u00e8ret\u00e9 et souplesse. Avantages Respirabilit\u00e9 Les mat\u00e9riaux utilis\u00e9s dans ce [&hellip;]<\/p>\n","protected":false},"featured_media":33704,"template":"","meta":[],"product_brand":[],"product_cat":[61,33,77,114,113],"product_tag":[],"class_list":{"0":"post-30513","1":"product","2":"type-product","3":"status-publish","4":"has-post-thumbnail","6":"product_cat-chaussures-homme","7":"product_cat-homme","8":"product_cat-running","9":"product_cat-running-sport","10":"product_cat-sport","11":"pa_couleur-royal-blue","12":"pa_taille-645","13":"pa_taille-649","14":"pa_taille-650","15":"pa_taille-651","16":"pa_taille-653","18":"first","19":"outofstock","20":"purchasable","21":"product-type-variable"},"_links":{"self":[{"href":"https:\/\/accrosport.tn\/index.php\/wp-json\/wp\/v2\/product\/30513","targetHints":{"allow":["GET"]}}],"collection":[{"href":"https:\/\/accrosport.tn\/index.php\/wp-json\/wp\/v2\/product"}],"about":[{"href":"https:\/\/accrosport.tn\/index.php\/wp-json\/wp\/v2\/types\/product"}],"wp:featuredmedia":[{"embeddable":true,"href":"https:\/\/accrosport.tn\/index.php\/wp-json\/wp\/v2\/media\/33704"}],"wp:attachment":[{"href":"https:\/\/accrosport.tn\/index.php\/wp-json\/wp\/v2\/media?parent=30513"}],"wp:term":[{"taxonomy":"product_brand","embeddable":true,"href":"https:\/\/accrosport.tn\/index.php\/wp-json\/wp\/v2\/product_brand?post=30513"},{"taxonomy":"product_cat","embeddable":true,"href":"https:\/\/accrosport.tn\/index.php\/wp-json\/wp\/v2\/product_cat?post=30513"},{"taxonomy":"product_tag","embeddable":true,"href":"https:\/\/accrosport.tn\/index.php\/wp-json\/wp\/v2\/product_tag?post=30513"}],"curies":[{"name":"wp","href":"https:\/\/api.w.org\/{rel}","templated":true}]}}