{"id":30457,"date":"2025-09-29T11:18:06","date_gmt":"2025-09-29T11:18:06","guid":{"rendered":"https:\/\/accrosport.tn\/index.php\/product\/r-5000-2126-rojo\/"},"modified":"2025-09-29T11:51:41","modified_gmt":"2025-09-29T11:51:41","slug":"r-5000-2126-rojo","status":"publish","type":"product","link":"https:\/\/accrosport.tn\/index.php\/product\/r-5000-2126-rojo\/","title":{"rendered":"Chaussures running R.5000 21 homme rouge"},"content":{"rendered":"<p>Cette chaussure est destin\u00e9e aux coureurs dot\u00e9s d&rsquo;une excellente technique, d&rsquo;un travail musculaire ad\u00e9quat et d&rsquo;un excellent contr\u00f4le de la foul\u00e9e, rendant inutile un amorti ou un soutien excessif, avec une allure inf\u00e9rieure \u00e0 2,3 minutes par kilom\u00e8tre.<\/p>\n<p>Elle est recommand\u00e9e pour les s\u00e9ries ou les courtes distances \u00e0 l&rsquo;entra\u00eenement, ainsi que pour les comp\u00e9titions de longue distance. Le poids minimal ajout\u00e9 par la chaussure pendant la course r\u00e9duit la charge et contribue \u00e0 optimiser les r\u00e9sultats.<\/p>\n<p>La chaussure est construite avec le syst\u00e8me JOMA SPORTECH qui permet un ajustement parfait des lacets au talon en utilisant du caoutchouc inject\u00e9, plus l\u00e9ger que le TPU classique ; et le renfort interne permet d&rsquo;abaisser les c\u00f4t\u00e9s pour \u00e9liminer l&rsquo;exc\u00e8s de mati\u00e8re dont les coureurs avec une frappe de pied bien entra\u00een\u00e9e n&rsquo;ont pas besoin.<\/p>\n","protected":false},"excerpt":{"rendered":"<p>Chaussure de running professionnelle est la plus l\u00e9g\u00e8re con\u00e7ue par Joma. Elle offre une a\u00e9ration optimale permettant au pied de rester au frais. Adapt\u00e9e aux coureurs qui n&rsquo;ont pas besoin d&rsquo;un grand amorti.<\/p>\n","protected":false},"featured_media":30480,"template":"","meta":[],"product_brand":[],"product_cat":[33,77],"product_tag":[],"class_list":{"0":"post-30457","1":"product","2":"type-product","3":"status-publish","4":"has-post-thumbnail","6":"product_cat-homme","7":"product_cat-running","8":"pa_couleur-rojo","9":"pa_taille-645","10":"pa_taille-646","11":"pa_taille-649","12":"pa_taille-650","13":"pa_taille-651","14":"pa_taille-653","16":"first","17":"outofstock","18":"purchasable","19":"product-type-variable"},"_links":{"self":[{"href":"https:\/\/accrosport.tn\/index.php\/wp-json\/wp\/v2\/product\/30457","targetHints":{"allow":["GET"]}}],"collection":[{"href":"https:\/\/accrosport.tn\/index.php\/wp-json\/wp\/v2\/product"}],"about":[{"href":"https:\/\/accrosport.tn\/index.php\/wp-json\/wp\/v2\/types\/product"}],"wp:featuredmedia":[{"embeddable":true,"href":"https:\/\/accrosport.tn\/index.php\/wp-json\/wp\/v2\/media\/30480"}],"wp:attachment":[{"href":"https:\/\/accrosport.tn\/index.php\/wp-json\/wp\/v2\/media?parent=30457"}],"wp:term":[{"taxonomy":"product_brand","embeddable":true,"href":"https:\/\/accrosport.tn\/index.php\/wp-json\/wp\/v2\/product_brand?post=30457"},{"taxonomy":"product_cat","embeddable":true,"href":"https:\/\/accrosport.tn\/index.php\/wp-json\/wp\/v2\/product_cat?post=30457"},{"taxonomy":"product_tag","embeddable":true,"href":"https:\/\/accrosport.tn\/index.php\/wp-json\/wp\/v2\/product_tag?post=30457"}],"curies":[{"name":"wp","href":"https:\/\/api.w.org\/{rel}","templated":true}]}}