{"id":30450,"date":"2025-09-29T11:18:01","date_gmt":"2025-09-29T11:18:01","guid":{"rendered":"https:\/\/accrosport.tn\/index.php\/product\/r-5000-2317-turquesa\/"},"modified":"2025-10-08T10:55:10","modified_gmt":"2025-10-08T10:55:10","slug":"r-5000-2317-turquesa","status":"publish","type":"product","link":"https:\/\/accrosport.tn\/index.php\/product\/r-5000-2317-turquesa\/","title":{"rendered":"Chaussures de running Joma R.5000 2317"},"content":{"rendered":"<p>Chaussures de running pour homme. Test\u00e9es sur les meilleurs athl\u00e8tes professionnels qui r\u00e9affirment que ces chaussures sont les plus l\u00e9g\u00e8res de l&rsquo;histoire de Joma. Ces chaussures sont parfaites pour les coureurs professionnels avec une excellente technique, un travail musculaire ad\u00e9quat et un contr\u00f4le de la foul\u00e9e, ils n&rsquo;ont donc pas besoin d&rsquo;un amorti excessif ni de direction de la foul\u00e9e.<\/p>\n<p>Recommand\u00e9es pour les comp\u00e9titions de longue distance ou les marathons.<\/p>\n<p>Gr\u00e2ce au syst\u00e8me VTS am\u00e9lior\u00e9, Joma s&rsquo;est efforc\u00e9 d&rsquo;obtenir une ventilation maximale. Gr\u00e2ce \u00e0 l&rsquo;orientation du dessin en mesh, on obtient un flux interne d&rsquo;air qui parcourt toute la chaussure, du bout vers l&rsquo;arri\u00e8re, en ventilant le pied \u00e0 chaque foul\u00e9e. La tige est renforc\u00e9e par des inserts en mati\u00e8re synth\u00e9tique FLEXSHIELD, qui offrent un meilleur ajustement au pied, le prot\u00e8gent et assurent la stabilit\u00e9 de la course.<\/p>\n<p>La l\u00e9g\u00e8re languette d&rsquo;une seule pi\u00e8ce et plate passera inaper\u00e7ue pour le coureur, car elle n&rsquo;ajoutera aucun poids \u00e0 la chaussure.<\/p>\n<p>Sa semelle interm\u00e9diaire en fait une chaussure basse. L&rsquo;amorti apport\u00e9 par le syst\u00e8me FOAM REACTIVE absorbe chaque foul\u00e9e tout en permettant de d\u00e9coller \u00e0 grande vitesse sans trop se soulever du sol tout en \u00e9conomisant de l&rsquo;\u00e9nergie.<\/p>\n<p>Le syst\u00e8me DURABILITY maintient la qualit\u00e9 du caoutchouc haute densit\u00e9 en offrant une durabilit\u00e9 et une r\u00e9sistance \u00e0 l&rsquo;usure maximales. Joma a d\u00e9velopp\u00e9 une \u00e9tude biom\u00e9canique exhaustive de la foul\u00e9e du couloir technique auquel s&rsquo;adresse la R.5000 pour r\u00e9duire la semelle exclusivement aux points o\u00f9 la plante du pied est en contact avec la surface.<\/p>\n","protected":false},"excerpt":{"rendered":"<p>Chaussures de running pour homme. Test\u00e9es sur les meilleurs athl\u00e8tes professionnels qui r\u00e9affirment que ces chaussures sont les plus l\u00e9g\u00e8res de l&rsquo;histoire de Joma. Ces chaussures sont parfaites pour les coureurs professionnels avec une excellente technique, un travail musculaire ad\u00e9quat et un contr\u00f4le de la foul\u00e9e, ils n&rsquo;ont donc pas besoin d&rsquo;un amorti excessif ni de direction de la foul\u00e9e.<\/p>\n","protected":false},"featured_media":33744,"template":"","meta":[],"product_brand":[],"product_cat":[61,33,77,114,113],"product_tag":[],"class_list":{"0":"post-30450","1":"product","2":"type-product","3":"status-publish","4":"has-post-thumbnail","6":"product_cat-chaussures-homme","7":"product_cat-homme","8":"product_cat-running","9":"product_cat-running-sport","10":"product_cat-sport","11":"pa_couleur-turquesa","12":"pa_taille-645","13":"pa_taille-646","14":"pa_taille-649","15":"pa_taille-650","16":"pa_taille-651","17":"pa_taille-653","19":"first","20":"outofstock","21":"purchasable","22":"product-type-variable"},"_links":{"self":[{"href":"https:\/\/accrosport.tn\/index.php\/wp-json\/wp\/v2\/product\/30450","targetHints":{"allow":["GET"]}}],"collection":[{"href":"https:\/\/accrosport.tn\/index.php\/wp-json\/wp\/v2\/product"}],"about":[{"href":"https:\/\/accrosport.tn\/index.php\/wp-json\/wp\/v2\/types\/product"}],"wp:featuredmedia":[{"embeddable":true,"href":"https:\/\/accrosport.tn\/index.php\/wp-json\/wp\/v2\/media\/33744"}],"wp:attachment":[{"href":"https:\/\/accrosport.tn\/index.php\/wp-json\/wp\/v2\/media?parent=30450"}],"wp:term":[{"taxonomy":"product_brand","embeddable":true,"href":"https:\/\/accrosport.tn\/index.php\/wp-json\/wp\/v2\/product_brand?post=30450"},{"taxonomy":"product_cat","embeddable":true,"href":"https:\/\/accrosport.tn\/index.php\/wp-json\/wp\/v2\/product_cat?post=30450"},{"taxonomy":"product_tag","embeddable":true,"href":"https:\/\/accrosport.tn\/index.php\/wp-json\/wp\/v2\/product_tag?post=30450"}],"curies":[{"name":"wp","href":"https:\/\/api.w.org\/{rel}","templated":true}]}}