{"id":30430,"date":"2025-09-29T11:17:56","date_gmt":"2025-09-29T11:17:56","guid":{"rendered":"https:\/\/accrosport.tn\/index.php\/product\/powerful-2401-negro-oro-firm-ground\/"},"modified":"2025-10-08T11:32:07","modified_gmt":"2025-10-08T11:32:07","slug":"powerful-2401-negro-oro-firm-ground","status":"publish","type":"product","link":"https:\/\/accrosport.tn\/index.php\/product\/powerful-2401-negro-oro-firm-ground\/","title":{"rendered":"Chaussures football Powerful 2401 terrain ferme FG noir or"},"content":{"rendered":"<p>Chaussures de football pour terrains fermes (FG). Cette version de chaussures de football en salle est d\u00e9velopp\u00e9e pour les footballeurs qui souhaitent continuer \u00e0 am\u00e9liorer leur technique, en particulier ceux qui se basent sur le contr\u00f4le et la pr\u00e9cision.<\/p>\n<p>La tige est fabriqu\u00e9e en mat\u00e9riau synth\u00e9tique plus \u00e9conomique, mais tout aussi r\u00e9sistant et l\u00e9ger. C&rsquo;est pourquoi elles sont parfaites pour le football amateur. Les nouvelles Powerful ont \u00e9t\u00e9 dot\u00e9es du syst\u00e8me de chaussette SOCK SYSTEM, qui optimise l&rsquo;ajustement au pied et am\u00e9liore la flexibilit\u00e9.<\/p>\n<p>Le contrefort EXO COUNTER \u00e0 l&rsquo;arri\u00e8re offre une fermet\u00e9 lors des changements de direction.<\/p>\n<p>La semelle est en fibre synth\u00e9tique, adapt\u00e9e \u00e0 ce type de terrain pour mieux contr\u00f4ler les mouvements sur terrains fermes non abrasifs.<\/p>\n<ul class=\"featuresul\">\n<li>Coupe en mat\u00e9riau synth\u00e9tique (Fibertech)<\/li>\n<li>Semelle en fibre synth\u00e9tique r\u00e9sistante<\/li>\n<li>Col SOCK SYSTEM<\/li>\n<\/ul>\n","protected":false},"excerpt":{"rendered":"<p>Chaussures de football pour terrains fermes (FG). Cette version de chaussures de football en salle est d\u00e9velopp\u00e9e pour les footballeurs qui souhaitent continuer \u00e0 am\u00e9liorer leur technique, en particulier ceux qui se basent sur le contr\u00f4le et la pr\u00e9cision.<\/p>\n","protected":false},"featured_media":33756,"template":"","meta":[],"product_brand":[],"product_cat":[61,75,33],"product_tag":[],"class_list":{"0":"post-30430","1":"product","2":"type-product","3":"status-publish","4":"has-post-thumbnail","6":"product_cat-chaussures-homme","7":"product_cat-foot","8":"product_cat-homme","9":"pa_couleur-black-gold","10":"pa_taille-644","11":"pa_taille-645","12":"pa_taille-646","13":"pa_taille-649","14":"pa_taille-651","15":"pa_taille-653","17":"first","18":"outofstock","19":"sale","20":"purchasable","21":"product-type-variable"},"_links":{"self":[{"href":"https:\/\/accrosport.tn\/index.php\/wp-json\/wp\/v2\/product\/30430","targetHints":{"allow":["GET"]}}],"collection":[{"href":"https:\/\/accrosport.tn\/index.php\/wp-json\/wp\/v2\/product"}],"about":[{"href":"https:\/\/accrosport.tn\/index.php\/wp-json\/wp\/v2\/types\/product"}],"wp:featuredmedia":[{"embeddable":true,"href":"https:\/\/accrosport.tn\/index.php\/wp-json\/wp\/v2\/media\/33756"}],"wp:attachment":[{"href":"https:\/\/accrosport.tn\/index.php\/wp-json\/wp\/v2\/media?parent=30430"}],"wp:term":[{"taxonomy":"product_brand","embeddable":true,"href":"https:\/\/accrosport.tn\/index.php\/wp-json\/wp\/v2\/product_brand?post=30430"},{"taxonomy":"product_cat","embeddable":true,"href":"https:\/\/accrosport.tn\/index.php\/wp-json\/wp\/v2\/product_cat?post=30430"},{"taxonomy":"product_tag","embeddable":true,"href":"https:\/\/accrosport.tn\/index.php\/wp-json\/wp\/v2\/product_tag?post=30430"}],"curies":[{"name":"wp","href":"https:\/\/api.w.org\/{rel}","templated":true}]}}