{"id":30382,"date":"2025-09-29T11:17:46","date_gmt":"2025-09-29T11:17:46","guid":{"rendered":"https:\/\/accrosport.tn\/index.php\/product\/j-vitaly-jr-2233-marino-fucsia\/"},"modified":"2025-10-08T13:15:08","modified_gmt":"2025-10-08T13:15:08","slug":"j-vitaly-jr-2233-marino-fucsia","status":"publish","type":"product","link":"https:\/\/accrosport.tn\/index.php\/product\/j-vitaly-jr-2233-marino-fucsia\/","title":{"rendered":"chaussure Enfant \u2013 J.VITALY JR 2233 \u2013 MARINO FUCSIA"},"content":{"rendered":"<p>Chaussure neutre con\u00e7ue pour les d\u00e9butants.<\/p>\n<p>La tige est fabriqu\u00e9e en nylon respirant et en micro PU.<\/p>\n<p>La semelle int\u00e9rieure est en EVA plat. La base est en Texon.<\/p>\n<p>La semelle interm\u00e9diaire est en phylon sectionn\u00e9 en une seule pi\u00e8ce pour favoriser l&rsquo;adaptation au 2e champ.<\/p>\n<p>La semelle ext\u00e9rieure est en caoutchouc de tr\u00e8s haute qualit\u00e9 DIN-90.<\/p>\n","protected":false},"excerpt":{"rendered":"<p>Chaussure neutre con\u00e7ue pour les d\u00e9butants. La tige est fabriqu\u00e9e en nylon respirant et en micro PU. La semelle int\u00e9rieure est en EVA plat. La base est en Texon. La semelle interm\u00e9diaire est en phylon sectionn\u00e9 en une seule pi\u00e8ce pour favoriser l&rsquo;adaptation au 2e champ. La semelle ext\u00e9rieure est en caoutchouc de tr\u00e8s haute [&hellip;]<\/p>\n","protected":false},"featured_media":33770,"template":"","meta":[],"product_brand":[],"product_cat":[69,49,86],"product_tag":[],"class_list":{"0":"post-30382","1":"product","2":"type-product","3":"status-publish","4":"has-post-thumbnail","6":"product_cat-chaussures-enfant","7":"product_cat-enfant","8":"product_cat-runnning","9":"pa_couleur-marino","10":"pa_taille-671","11":"pa_taille-668","13":"first","14":"outofstock","15":"purchasable","16":"product-type-variable"},"_links":{"self":[{"href":"https:\/\/accrosport.tn\/index.php\/wp-json\/wp\/v2\/product\/30382","targetHints":{"allow":["GET"]}}],"collection":[{"href":"https:\/\/accrosport.tn\/index.php\/wp-json\/wp\/v2\/product"}],"about":[{"href":"https:\/\/accrosport.tn\/index.php\/wp-json\/wp\/v2\/types\/product"}],"wp:featuredmedia":[{"embeddable":true,"href":"https:\/\/accrosport.tn\/index.php\/wp-json\/wp\/v2\/media\/33770"}],"wp:attachment":[{"href":"https:\/\/accrosport.tn\/index.php\/wp-json\/wp\/v2\/media?parent=30382"}],"wp:term":[{"taxonomy":"product_brand","embeddable":true,"href":"https:\/\/accrosport.tn\/index.php\/wp-json\/wp\/v2\/product_brand?post=30382"},{"taxonomy":"product_cat","embeddable":true,"href":"https:\/\/accrosport.tn\/index.php\/wp-json\/wp\/v2\/product_cat?post=30382"},{"taxonomy":"product_tag","embeddable":true,"href":"https:\/\/accrosport.tn\/index.php\/wp-json\/wp\/v2\/product_tag?post=30382"}],"curies":[{"name":"wp","href":"https:\/\/api.w.org\/{rel}","templated":true}]}}