{"id":30379,"date":"2025-09-29T11:17:46","date_gmt":"2025-09-29T11:17:46","guid":{"rendered":"https:\/\/accrosport.tn\/index.php\/product\/vitory-jr-2104-royal-orange\/"},"modified":"2025-10-08T13:09:37","modified_gmt":"2025-10-08T13:09:37","slug":"vitory-jr-2104-royal-orange","status":"publish","type":"product","link":"https:\/\/accrosport.tn\/index.php\/product\/vitory-jr-2104-royal-orange\/","title":{"rendered":"Chaussures enfant Joma Vitory 2104"},"content":{"rendered":"<p>Chaussure neutre con\u00e7ue pour les gar\u00e7ons et filles d\u00e9butant la course \u00e0 pied. On n&rsquo;oublie jamais ses premi\u00e8res chaussures de course !<\/p>\n<p>Tige en nylon respirant et micro PU.<\/p>\n<p>Semelle int\u00e9rieure en EVA lisse.<\/p>\n<p>Premi\u00e8re de montage en Texon.<\/p>\n<p>Semelle interm\u00e9diaire compos\u00e9e d&rsquo;une seule pi\u00e8ce de phylon, divis\u00e9e en sections pour une meilleure adaptation au terrain.<\/p>\n<p>Semelle ext\u00e9rieure en caoutchouc, r\u00e9sistance \u00e0 l&rsquo;abrasion DIN-90.<\/p>\n<p>&nbsp;<\/p>\n<p>&nbsp;<\/p>\n","protected":false},"excerpt":{"rendered":"<p>Chaussure neutre con\u00e7ue pour les gar\u00e7ons et filles d\u00e9butant la course \u00e0 pied. <\/p>\n","protected":false},"featured_media":33768,"template":"","meta":[],"product_brand":[],"product_cat":[69,49,86],"product_tag":[],"class_list":{"0":"post-30379","1":"product","2":"type-product","3":"status-publish","4":"has-post-thumbnail","6":"product_cat-chaussures-enfant","7":"product_cat-enfant","8":"product_cat-runnning","9":"pa_couleur-royal-naranja","10":"pa_taille-671","11":"pa_taille-667","13":"first","14":"outofstock","15":"purchasable","16":"product-type-variable"},"_links":{"self":[{"href":"https:\/\/accrosport.tn\/index.php\/wp-json\/wp\/v2\/product\/30379","targetHints":{"allow":["GET"]}}],"collection":[{"href":"https:\/\/accrosport.tn\/index.php\/wp-json\/wp\/v2\/product"}],"about":[{"href":"https:\/\/accrosport.tn\/index.php\/wp-json\/wp\/v2\/types\/product"}],"wp:featuredmedia":[{"embeddable":true,"href":"https:\/\/accrosport.tn\/index.php\/wp-json\/wp\/v2\/media\/33768"}],"wp:attachment":[{"href":"https:\/\/accrosport.tn\/index.php\/wp-json\/wp\/v2\/media?parent=30379"}],"wp:term":[{"taxonomy":"product_brand","embeddable":true,"href":"https:\/\/accrosport.tn\/index.php\/wp-json\/wp\/v2\/product_brand?post=30379"},{"taxonomy":"product_cat","embeddable":true,"href":"https:\/\/accrosport.tn\/index.php\/wp-json\/wp\/v2\/product_cat?post=30379"},{"taxonomy":"product_tag","embeddable":true,"href":"https:\/\/accrosport.tn\/index.php\/wp-json\/wp\/v2\/product_tag?post=30379"}],"curies":[{"name":"wp","href":"https:\/\/api.w.org\/{rel}","templated":true}]}}