{"id":30373,"date":"2025-09-29T11:17:41","date_gmt":"2025-09-29T11:17:41","guid":{"rendered":"https:\/\/accrosport.tn\/index.php\/product\/tornado-jr-2433-blanco-negro\/"},"modified":"2025-10-09T10:14:42","modified_gmt":"2025-10-09T10:14:42","slug":"tornado-jr-2433-blanco-negro","status":"publish","type":"product","link":"https:\/\/accrosport.tn\/index.php\/product\/tornado-jr-2433-blanco-negro\/","title":{"rendered":"Baskets Tornado JR 2433 Blanc Noir"},"content":{"rendered":"<p>Les baskets Joma TORNADO pour enfant sont con\u00e7ues pour les loisirs et le sport, fabriqu\u00e9es en cuir v\u00e9ritable.<br \/>\nLeur construction est adapt\u00e9e \u00e0 l&rsquo;anatomie des enfants et garantit un confort et une s\u00e9curit\u00e9 optimaux quelle que soit leur activit\u00e9.<br \/>\nLa semelle ext\u00e9rieure en caoutchouc durable et r\u00e9sistant \u00e0 l&rsquo;usure prolonge la dur\u00e9e de vie de la chaussure, tandis que la semelle int\u00e9rieure confortable et souple \u00e9pouse les courbes du pied et assure une stabilit\u00e9 optimale.<br \/>\nPour une meilleure ventilation, la tige est dot\u00e9e de perforations sp\u00e9ciales utilisant la technologie VTS. Celles-ci favorisent l&rsquo;\u00e9vacuation de l&rsquo;humidit\u00e9 et maintiennent le pied au frais.<br \/>\nDes empi\u00e8cements en cuir suppl\u00e9mentaires sont plac\u00e9s aux zones d&rsquo;usure. Une fermeture \u00e0 lacets pratique avec scratch permet un ajustement personnalis\u00e9.<br \/>\nCe mod\u00e8le d\u00e9contract\u00e9 pour filles et gar\u00e7ons convient au sport et au quotidien, comme les promenades ou l&rsquo;\u00e9cole.<br \/>\nExtr\u00eamement robustes et durables, elles arborent les logos de la marque sur les c\u00f4t\u00e9s et la languette.<\/p>\n<p>Avantages :<br \/>\nLa technologie Durabilit\u00e9 garantit une utilisation longue dur\u00e9e.<br \/>\nLe syst\u00e8me de ventilation VTS favorise la thermor\u00e9gulation.<br \/>\nLes chaussures se ferment par lacets et velcro.<\/p>\n","protected":false},"excerpt":{"rendered":"<p>Les baskets Joma TORNADO pour enfant sont con\u00e7ues pour les loisirs et le sport, fabriqu\u00e9es en cuir v\u00e9ritable.<\/p>\n","protected":false},"featured_media":33788,"template":"","meta":[],"product_brand":[],"product_cat":[84,69,49],"product_tag":[],"class_list":{"0":"post-30373","1":"product","2":"type-product","3":"status-publish","4":"has-post-thumbnail","6":"product_cat-casual-chaussures-enfant","7":"product_cat-chaussures-enfant","8":"product_cat-enfant","9":"pa_couleur-white-black","10":"pa_taille-676","11":"pa_taille-682","12":"pa_taille-671","13":"pa_taille-667","14":"pa_taille-670","16":"first","17":"outofstock","18":"purchasable","19":"product-type-variable"},"_links":{"self":[{"href":"https:\/\/accrosport.tn\/index.php\/wp-json\/wp\/v2\/product\/30373","targetHints":{"allow":["GET"]}}],"collection":[{"href":"https:\/\/accrosport.tn\/index.php\/wp-json\/wp\/v2\/product"}],"about":[{"href":"https:\/\/accrosport.tn\/index.php\/wp-json\/wp\/v2\/types\/product"}],"wp:featuredmedia":[{"embeddable":true,"href":"https:\/\/accrosport.tn\/index.php\/wp-json\/wp\/v2\/media\/33788"}],"wp:attachment":[{"href":"https:\/\/accrosport.tn\/index.php\/wp-json\/wp\/v2\/media?parent=30373"}],"wp:term":[{"taxonomy":"product_brand","embeddable":true,"href":"https:\/\/accrosport.tn\/index.php\/wp-json\/wp\/v2\/product_brand?post=30373"},{"taxonomy":"product_cat","embeddable":true,"href":"https:\/\/accrosport.tn\/index.php\/wp-json\/wp\/v2\/product_cat?post=30373"},{"taxonomy":"product_tag","embeddable":true,"href":"https:\/\/accrosport.tn\/index.php\/wp-json\/wp\/v2\/product_tag?post=30373"}],"curies":[{"name":"wp","href":"https:\/\/api.w.org\/{rel}","templated":true}]}}