{"id":30293,"date":"2025-09-29T11:17:23","date_gmt":"2025-09-29T11:17:23","guid":{"rendered":"https:\/\/accrosport.tn\/index.php\/product\/tempo-jr-2153-petroleum-pink\/"},"modified":"2025-10-10T08:29:23","modified_gmt":"2025-10-10T08:29:23","slug":"tempo-jr-2153-petroleum-pink","status":"publish","type":"product","link":"https:\/\/accrosport.tn\/index.php\/product\/tempo-jr-2153-petroleum-pink\/","title":{"rendered":"Chaussure joma pour enfant TEMPO JR 2153 \u2013 ROSE P\u00c9TROLE"},"content":{"rendered":"<p>Mod\u00e8le loisir, l\u00e9ger et tr\u00e8s confortable \u00e0 porter au quotidien.<\/p>\n<p>La tige est en nylon et Micro PU.<br \/>\nLa semelle int\u00e9rieure Memory Foam vous procure une sensation de confort extraordinaire.<br \/>\nPour donner de la stabilit\u00e9 \u00e0 la jambe lors du mouvement, la couche interm\u00e9diaire monobloc est constitu\u00e9e de phylon poreux, divis\u00e9 en sections.<br \/>\nLa semelle ext\u00e9rieure est renforc\u00e9e par une couche de caoutchouc dans les zones d\u2019usure accrue.<\/p>\n","protected":false},"excerpt":{"rendered":"<p>Mod\u00e8le loisir, l\u00e9ger et tr\u00e8s confortable \u00e0 porter au quotidien.<\/p>\n","protected":false},"featured_media":33920,"template":"","meta":[],"product_brand":[],"product_cat":[69,49,87],"product_tag":[],"class_list":{"0":"post-30293","1":"product","2":"type-product","3":"status-publish","4":"has-post-thumbnail","6":"product_cat-chaussures-enfant","7":"product_cat-enfant","8":"product_cat-foot-chaussures-enfant","9":"pa_couleur-petroleo","10":"pa_taille-687","11":"pa_taille-688","12":"pa_taille-674","13":"pa_taille-678","14":"pa_taille-682","15":"pa_taille-671","17":"first","18":"outofstock","19":"purchasable","20":"product-type-variable"},"_links":{"self":[{"href":"https:\/\/accrosport.tn\/index.php\/wp-json\/wp\/v2\/product\/30293","targetHints":{"allow":["GET"]}}],"collection":[{"href":"https:\/\/accrosport.tn\/index.php\/wp-json\/wp\/v2\/product"}],"about":[{"href":"https:\/\/accrosport.tn\/index.php\/wp-json\/wp\/v2\/types\/product"}],"wp:featuredmedia":[{"embeddable":true,"href":"https:\/\/accrosport.tn\/index.php\/wp-json\/wp\/v2\/media\/33920"}],"wp:attachment":[{"href":"https:\/\/accrosport.tn\/index.php\/wp-json\/wp\/v2\/media?parent=30293"}],"wp:term":[{"taxonomy":"product_brand","embeddable":true,"href":"https:\/\/accrosport.tn\/index.php\/wp-json\/wp\/v2\/product_brand?post=30293"},{"taxonomy":"product_cat","embeddable":true,"href":"https:\/\/accrosport.tn\/index.php\/wp-json\/wp\/v2\/product_cat?post=30293"},{"taxonomy":"product_tag","embeddable":true,"href":"https:\/\/accrosport.tn\/index.php\/wp-json\/wp\/v2\/product_tag?post=30293"}],"curies":[{"name":"wp","href":"https:\/\/api.w.org\/{rel}","templated":true}]}}