{"id":30265,"date":"2025-09-29T11:17:18","date_gmt":"2025-09-29T11:17:18","guid":{"rendered":"https:\/\/accrosport.tn\/index.php\/product\/slam-jr-2302-blanco-marino\/"},"modified":"2025-10-10T08:41:10","modified_gmt":"2025-10-10T08:41:10","slug":"slam-jr-2302-blanco-marino","status":"publish","type":"product","link":"https:\/\/accrosport.tn\/index.php\/product\/slam-jr-2302-blanco-marino\/","title":{"rendered":"Chaussures de padel enfant Joma Slam 2302 Blanc marine"},"content":{"rendered":"<p>Chaussures sp\u00e9cifiques pour padel gar\u00e7on\/fille. Destin\u00e9es \u00e0 un usage professionnel pour un entra\u00eenement tr\u00e8s fr\u00e9quent et pour la comp\u00e9tition. Ce sont les chaussures de padel de Joma les plus compl\u00e8tes, qui allient stabilit\u00e9, r\u00e9activit\u00e9 et amorti.<\/p>\n<p>La tige a \u00e9t\u00e9 fabriqu\u00e9e en textile et en mat\u00e9riau synth\u00e9tique. La technologie VTS a \u00e9t\u00e9 ajout\u00e9e dans le textile, un syst\u00e8me de ventilation qui maintient la temp\u00e9rature du pied. Le mat\u00e9riau synth\u00e9tique est ins\u00e9r\u00e9 sans couture pour laisser les chaussures l\u00e9g\u00e8res, tout en prot\u00e9geant et en ajustant la tige.<\/p>\n<p>La semelle interm\u00e9diaire est en phylon r\u00e9sistant qui amortit la foul\u00e9e et absorbe les chocs. Cet amorti est renforc\u00e9 gr\u00e2ce \u00e0 la technologie de pi\u00e8ces en gel PULSOR.<\/p>\n<p>Pour plus de protection, elles comprennent la technologie PROTECTION, qui prot\u00e8ge les zones les plus sujettes aux frottements et aux chocs. Elles ont une pi\u00e8ce STABILIS pour stabiliser la foul\u00e9e et \u00e9viter les torsions inappropri\u00e9es.<\/p>\n<p>La semelle ext\u00e9rieure est en caoutchouc DURABILITY, tr\u00e8s r\u00e9sistant \u00e0 l&rsquo;usure par abrasion. Ce mat\u00e9riau prolonge la dur\u00e9e de vie des chaussures.<\/p>\n<p>Semelle ext\u00e9rieure DURABILITY en caoutchouc<\/p>\n","protected":false},"excerpt":{"rendered":"<p>Chaussures sp\u00e9cifiques pour padel gar\u00e7on\/fille. Destin\u00e9es \u00e0 un usage professionnel pour un entra\u00eenement tr\u00e8s fr\u00e9quent et pour la comp\u00e9tition. Ce sont les chaussures de padel de Joma les plus compl\u00e8tes, qui allient stabilit\u00e9, r\u00e9activit\u00e9 et amorti.<\/p>\n","protected":false},"featured_media":33927,"template":"","meta":[],"product_brand":[],"product_cat":[69,49,301],"product_tag":[],"class_list":{"0":"post-30265","1":"product","2":"type-product","3":"status-publish","4":"has-post-thumbnail","6":"product_cat-chaussures-enfant","7":"product_cat-enfant","8":"product_cat-padel-chaussures-enfant","9":"pa_couleur-white-navy","10":"pa_taille-669","11":"pa_taille-670","12":"pa_taille-641","13":"pa_taille-643","14":"pa_taille-655","15":"pa_taille-644","17":"first","18":"outofstock","19":"purchasable","20":"product-type-variable"},"_links":{"self":[{"href":"https:\/\/accrosport.tn\/index.php\/wp-json\/wp\/v2\/product\/30265","targetHints":{"allow":["GET"]}}],"collection":[{"href":"https:\/\/accrosport.tn\/index.php\/wp-json\/wp\/v2\/product"}],"about":[{"href":"https:\/\/accrosport.tn\/index.php\/wp-json\/wp\/v2\/types\/product"}],"wp:featuredmedia":[{"embeddable":true,"href":"https:\/\/accrosport.tn\/index.php\/wp-json\/wp\/v2\/media\/33927"}],"wp:attachment":[{"href":"https:\/\/accrosport.tn\/index.php\/wp-json\/wp\/v2\/media?parent=30265"}],"wp:term":[{"taxonomy":"product_brand","embeddable":true,"href":"https:\/\/accrosport.tn\/index.php\/wp-json\/wp\/v2\/product_brand?post=30265"},{"taxonomy":"product_cat","embeddable":true,"href":"https:\/\/accrosport.tn\/index.php\/wp-json\/wp\/v2\/product_cat?post=30265"},{"taxonomy":"product_tag","embeddable":true,"href":"https:\/\/accrosport.tn\/index.php\/wp-json\/wp\/v2\/product_tag?post=30265"}],"curies":[{"name":"wp","href":"https:\/\/api.w.org\/{rel}","templated":true}]}}