{"id":30206,"date":"2025-09-29T11:17:03","date_gmt":"2025-09-29T11:17:03","guid":{"rendered":"https:\/\/accrosport.tn\/index.php\/product\/horizon-jr-2421-negro-blanco\/"},"modified":"2025-10-10T14:03:06","modified_gmt":"2025-10-10T14:03:06","slug":"horizon-jr-2421-negro-blanco","status":"publish","type":"product","link":"https:\/\/accrosport.tn\/index.php\/product\/horizon-jr-2421-negro-blanco\/","title":{"rendered":"Chaussures Joma Horizon JR 2421 noir blanc"},"content":{"rendered":"<p>Les chaussures Joma Horizon 2421 sont un excellent choix pour les jeunes sportifs ! Con\u00e7ues pour le confort et la s\u00e9curit\u00e9 des pieds des enfants, ces  chaussures de sport basses allient design moderne et fonctionnalit\u00e9. La tige noire, fabriqu\u00e9e en mati\u00e8res synth\u00e9tiques r\u00e9sistantes, offre non seulement un excellent ajustement, mais aussi une ventilation optimale. Ainsi, m\u00eame lors de jeux intenses, les petits pieds seront \u00e0 l&rsquo;aise. La fermeture velcro permet d&rsquo;enfiler et de retirer  les chaussures rapidement et facilement, un atout appr\u00e9ci\u00e9 des enfants comme des parents.<\/p>\n<p>Une semelle amortissante, l\u00e9g\u00e8re et flexible est un \u00e9l\u00e9ment cl\u00e9 de ces chaussures, parfaitement adapt\u00e9es \u00e0 diverses activit\u00e9s. Que ce soit pour jouer au football, courir dans l&rsquo;aire de jeux ou se promener avec ses parents, les chaussures Joma Horizon 2421 sont un partenaire sur lequel vous pouvez compter.<\/p>\n","protected":false},"excerpt":{"rendered":"<p>Les chaussures Joma Horizon 2421 sont un excellent choix pour les jeunes sportifs ! Con\u00e7ues pour le confort et la s\u00e9curit\u00e9 des pieds des enfants, ces  chaussures de sport basses allient design moderne et fonctionnalit\u00e9.<\/p>\n","protected":false},"featured_media":33990,"template":"","meta":[],"product_brand":[],"product_cat":[69,49,87],"product_tag":[],"class_list":{"0":"post-30206","1":"product","2":"type-product","3":"status-publish","4":"has-post-thumbnail","6":"product_cat-chaussures-enfant","7":"product_cat-enfant","8":"product_cat-foot-chaussures-enfant","9":"pa_couleur-black-white","10":"pa_taille-685","11":"pa_taille-686","12":"pa_taille-687","13":"pa_taille-688","14":"pa_taille-689","15":"pa_taille-674","16":"pa_taille-676","17":"pa_taille-678","18":"pa_taille-682","19":"pa_taille-671","20":"pa_taille-667","21":"pa_taille-668","22":"pa_taille-669","23":"pa_taille-670","25":"first","26":"outofstock","27":"sale","28":"purchasable","29":"product-type-variable"},"_links":{"self":[{"href":"https:\/\/accrosport.tn\/index.php\/wp-json\/wp\/v2\/product\/30206","targetHints":{"allow":["GET"]}}],"collection":[{"href":"https:\/\/accrosport.tn\/index.php\/wp-json\/wp\/v2\/product"}],"about":[{"href":"https:\/\/accrosport.tn\/index.php\/wp-json\/wp\/v2\/types\/product"}],"wp:featuredmedia":[{"embeddable":true,"href":"https:\/\/accrosport.tn\/index.php\/wp-json\/wp\/v2\/media\/33990"}],"wp:attachment":[{"href":"https:\/\/accrosport.tn\/index.php\/wp-json\/wp\/v2\/media?parent=30206"}],"wp:term":[{"taxonomy":"product_brand","embeddable":true,"href":"https:\/\/accrosport.tn\/index.php\/wp-json\/wp\/v2\/product_brand?post=30206"},{"taxonomy":"product_cat","embeddable":true,"href":"https:\/\/accrosport.tn\/index.php\/wp-json\/wp\/v2\/product_cat?post=30206"},{"taxonomy":"product_tag","embeddable":true,"href":"https:\/\/accrosport.tn\/index.php\/wp-json\/wp\/v2\/product_tag?post=30206"}],"curies":[{"name":"wp","href":"https:\/\/api.w.org\/{rel}","templated":true}]}}