{"id":30196,"date":"2025-09-29T11:17:03","date_gmt":"2025-09-29T11:17:03","guid":{"rendered":"https:\/\/accrosport.tn\/index.php\/product\/j-boro-jr-2243-navy-pink\/"},"modified":"2025-10-10T11:21:30","modified_gmt":"2025-10-10T11:21:30","slug":"j-boro-jr-2243-navy-pink","status":"publish","type":"product","link":"https:\/\/accrosport.tn\/index.php\/product\/j-boro-jr-2243-navy-pink\/","title":{"rendered":"Chaussures enfant Joma j.boro R 2243"},"content":{"rendered":"<p>Mod\u00e8le de course pour les petits.<\/p>\n<p>La tige est fabriqu\u00e9e en nylon et micro PU respirant et r\u00e9sistant. Il int\u00e8gre des renforts externes \u00e0 l&rsquo;arri\u00e8re pour maintenir la stabilit\u00e9 sur les surfaces irr\u00e9guli\u00e8res.<\/p>\n<p>La semelle int\u00e9rieure est en EVA lisse et la semelle interm\u00e9diaire est en Texon.<\/p>\n<p>La semelle interm\u00e9diaire est en phylon.<\/p>\n<p>La semelle est en caoutchouc.<\/p>\n","protected":false},"excerpt":{"rendered":"<p>Mod\u00e8le de course pour les petits.<\/p>\n","protected":false},"featured_media":33986,"template":"","meta":[],"product_brand":[],"product_cat":[69,49,86],"product_tag":[],"class_list":{"0":"post-30196","1":"product","2":"type-product","3":"status-publish","4":"has-post-thumbnail","6":"product_cat-chaussures-enfant","7":"product_cat-enfant","8":"product_cat-runnning","9":"pa_couleur-marino-rosa","10":"pa_taille-671","11":"pa_taille-667","13":"first","14":"outofstock","15":"purchasable","16":"product-type-variable"},"_links":{"self":[{"href":"https:\/\/accrosport.tn\/index.php\/wp-json\/wp\/v2\/product\/30196","targetHints":{"allow":["GET"]}}],"collection":[{"href":"https:\/\/accrosport.tn\/index.php\/wp-json\/wp\/v2\/product"}],"about":[{"href":"https:\/\/accrosport.tn\/index.php\/wp-json\/wp\/v2\/types\/product"}],"wp:featuredmedia":[{"embeddable":true,"href":"https:\/\/accrosport.tn\/index.php\/wp-json\/wp\/v2\/media\/33986"}],"wp:attachment":[{"href":"https:\/\/accrosport.tn\/index.php\/wp-json\/wp\/v2\/media?parent=30196"}],"wp:term":[{"taxonomy":"product_brand","embeddable":true,"href":"https:\/\/accrosport.tn\/index.php\/wp-json\/wp\/v2\/product_brand?post=30196"},{"taxonomy":"product_cat","embeddable":true,"href":"https:\/\/accrosport.tn\/index.php\/wp-json\/wp\/v2\/product_cat?post=30196"},{"taxonomy":"product_tag","embeddable":true,"href":"https:\/\/accrosport.tn\/index.php\/wp-json\/wp\/v2\/product_tag?post=30196"}],"curies":[{"name":"wp","href":"https:\/\/api.w.org\/{rel}","templated":true}]}}