{"id":30048,"date":"2025-09-29T11:16:22","date_gmt":"2025-09-29T11:16:22","guid":{"rendered":"https:\/\/accrosport.tn\/index.php\/product\/mistic-lady-2425-negro-beige\/"},"modified":"2025-10-13T15:15:30","modified_gmt":"2025-10-13T15:15:30","slug":"mistic-lady-2425-negro-beige","status":"publish","type":"product","link":"https:\/\/accrosport.tn\/index.php\/product\/mistic-lady-2425-negro-beige\/","title":{"rendered":"Chaussures joma pour femme MISTIC LADY 2425 Noir beige"},"content":{"rendered":"<p>Chaussure pour femme de la marque joma. Fabriqu\u00e9e \u00e0 partir d&rsquo;une combinaison de mat\u00e9riaux synth\u00e9tiques de diff\u00e9rentes textures. Semelle int\u00e9rieure rembourr\u00e9e amovible et fermeture \u00e0 lacets pour un ajustement parfait au pied.<\/p>\n","protected":false},"excerpt":{"rendered":"<p>Chaussure pour femme de la marque joma. Fabriqu\u00e9e \u00e0 partir d&rsquo;une combinaison de mat\u00e9riaux synth\u00e9tiques de diff\u00e9rentes textures. Semelle int\u00e9rieure rembourr\u00e9e amovible et fermeture \u00e0 lacets pour un ajustement parfait au pied.<\/p>\n","protected":false},"featured_media":34071,"template":"","meta":[],"product_brand":[],"product_cat":[80,57,42],"product_tag":[],"class_list":{"0":"post-30048","1":"product","2":"type-product","3":"status-publish","4":"has-post-thumbnail","6":"product_cat-chaussures-casual-femme-tunisie","7":"product_cat-chaussures","8":"product_cat-femme","9":"pa_couleur-black-beige","10":"pa_taille-641","11":"pa_taille-655","12":"pa_taille-646","14":"first","15":"outofstock","16":"purchasable","17":"product-type-variable"},"_links":{"self":[{"href":"https:\/\/accrosport.tn\/index.php\/wp-json\/wp\/v2\/product\/30048","targetHints":{"allow":["GET"]}}],"collection":[{"href":"https:\/\/accrosport.tn\/index.php\/wp-json\/wp\/v2\/product"}],"about":[{"href":"https:\/\/accrosport.tn\/index.php\/wp-json\/wp\/v2\/types\/product"}],"wp:featuredmedia":[{"embeddable":true,"href":"https:\/\/accrosport.tn\/index.php\/wp-json\/wp\/v2\/media\/34071"}],"wp:attachment":[{"href":"https:\/\/accrosport.tn\/index.php\/wp-json\/wp\/v2\/media?parent=30048"}],"wp:term":[{"taxonomy":"product_brand","embeddable":true,"href":"https:\/\/accrosport.tn\/index.php\/wp-json\/wp\/v2\/product_brand?post=30048"},{"taxonomy":"product_cat","embeddable":true,"href":"https:\/\/accrosport.tn\/index.php\/wp-json\/wp\/v2\/product_cat?post=30048"},{"taxonomy":"product_tag","embeddable":true,"href":"https:\/\/accrosport.tn\/index.php\/wp-json\/wp\/v2\/product_tag?post=30048"}],"curies":[{"name":"wp","href":"https:\/\/api.w.org\/{rel}","templated":true}]}}