{"id":29904,"date":"2025-09-29T09:39:06","date_gmt":"2025-09-29T09:39:06","guid":{"rendered":"https:\/\/accrosport.tn\/index.php\/product\/camiseta-tirantes-challenge-ve\/"},"modified":"2025-10-16T14:45:26","modified_gmt":"2025-10-16T14:45:26","slug":"camiseta-tirantes-challenge-ve","status":"publish","type":"product","link":"https:\/\/accrosport.tn\/index.php\/product\/camiseta-tirantes-challenge-ve\/","title":{"rendered":"D\u00e9bardeur femme Challenge vert"},"content":{"rendered":"<p>D\u00e9bardeur pour femme. Ce d\u00e9bardeur technique de tennis vous offrira des performances \u00e9lev\u00e9es. Riche en confort, douceur et \u00e9lasticit\u00e9, il vous accompagnera dans tous vos mouvements lors des entra\u00eenements et des matchs.<\/p>\n<p>Il comporte un col rond et des bretelles larges. Fabriqu\u00e9 dans un tissu de haute qualit\u00e9, l\u00e9ger, doux et \u00e9lastique. Son \u00e9l\u00e9gant fini en piqu\u00e9 est dot\u00e9 de microperforations qui favorisent l&rsquo;\u00e9vacuation de la transpiration. Ainsi, l&rsquo;humidit\u00e9 sera contr\u00f4l\u00e9e et la temp\u00e9rature corporelle restera constante. Cela est \u00e9galement favoris\u00e9 par l&rsquo;ouverture du dos, pour une meilleure ventilation.<\/p>\n<p>Le point fort de ce d\u00e9bardeur est sa protection contre les rayons UV. Son niveau de protection solaire s&rsquo;adapte \u00e0 la quantit\u00e9 de chaleur absorb\u00e9e par le v\u00eatement : +50 pour les couleurs fonc\u00e9es et +30 pour les couleurs claires.<\/p>\n<p>Un sublim\u00e9 a \u00e9t\u00e9 ajout\u00e9 pour simuler des figures en mouvement, apportant dynamisme et modernit\u00e9 au d\u00e9bardeur.<\/p>\n<p>Logo Joma en impression silicone.<\/p>\n<ul class=\"featuresul\">\n<li>Bretelles<\/li>\n<li>Col rondD\u00e9bardeur pour femme. Mod\u00e8le f\u00e9minin fabriqu\u00e9 en tissu technique haute performance. Fabriqu\u00e9 en tissu l\u00e9ger, \u00e9lastique et respirant, avec une finition \u00e0 protection solaire. \u00c9quip\u00e9 de la technologie capable de r\u00e9guler l&rsquo;humidit\u00e9 et la temp\u00e9rature corporelle.<\/li>\n<li>Tissu \u00e9lastique et l\u00e9ger<\/li>\n<li>Inclut un syst\u00e8me de ventilation dans les zones de transpiration excessive<\/li>\n<li>D\u00e9tails en impression<\/li>\n<li>Design en sublimation<\/li>\n<li>Type de coupe : semi fitted<\/li>\n<li>90% Polyester, 10% Spandex<\/li>\n<\/ul>\n","protected":false},"excerpt":{"rendered":"<p>D\u00e9bardeur pour femme. Mod\u00e8le f\u00e9minin fabriqu\u00e9 en tissu technique haute performance. Fabriqu\u00e9 en tissu l\u00e9ger, \u00e9lastique et respirant, avec une finition \u00e0 protection solaire. \u00c9quip\u00e9 de la technologie capable de r\u00e9guler l&rsquo;humidit\u00e9 et la temp\u00e9rature corporelle.<\/p>\n","protected":false},"featured_media":34229,"template":"","meta":[],"product_brand":[],"product_cat":[42,56],"product_tag":[],"class_list":{"0":"post-29904","1":"product","2":"type-product","3":"status-publish","4":"has-post-thumbnail","6":"product_cat-femme","7":"product_cat-polos-et-t-shirt","8":"pa_couleur-green","9":"pa_taille-l","11":"first","12":"instock","13":"purchasable","14":"product-type-simple"},"_links":{"self":[{"href":"https:\/\/accrosport.tn\/index.php\/wp-json\/wp\/v2\/product\/29904","targetHints":{"allow":["GET"]}}],"collection":[{"href":"https:\/\/accrosport.tn\/index.php\/wp-json\/wp\/v2\/product"}],"about":[{"href":"https:\/\/accrosport.tn\/index.php\/wp-json\/wp\/v2\/types\/product"}],"wp:featuredmedia":[{"embeddable":true,"href":"https:\/\/accrosport.tn\/index.php\/wp-json\/wp\/v2\/media\/34229"}],"wp:attachment":[{"href":"https:\/\/accrosport.tn\/index.php\/wp-json\/wp\/v2\/media?parent=29904"}],"wp:term":[{"taxonomy":"product_brand","embeddable":true,"href":"https:\/\/accrosport.tn\/index.php\/wp-json\/wp\/v2\/product_brand?post=29904"},{"taxonomy":"product_cat","embeddable":true,"href":"https:\/\/accrosport.tn\/index.php\/wp-json\/wp\/v2\/product_cat?post=29904"},{"taxonomy":"product_tag","embeddable":true,"href":"https:\/\/accrosport.tn\/index.php\/wp-json\/wp\/v2\/product_tag?post=29904"}],"curies":[{"name":"wp","href":"https:\/\/api.w.org\/{rel}","templated":true}]}}