{"id":29884,"date":"2025-09-29T09:39:01","date_gmt":"2025-09-29T09:39:01","guid":{"rendered":"https:\/\/accrosport.tn\/index.php\/product\/mallas-largas-challenge-blanco\/"},"modified":"2025-11-07T23:48:34","modified_gmt":"2025-11-07T23:48:34","slug":"mallas-largas-challenge-blanco","status":"publish","type":"product","link":"https:\/\/accrosport.tn\/index.php\/product\/mallas-largas-challenge-blanco\/","title":{"rendered":"Leggings femme Joma Challenge blanc"},"content":{"rendered":"<p>Legging long pour les femmes, con\u00e7u pour l&rsquo;entra\u00eenement et la comp\u00e9tition dans les sports de raquette comme le tennis. Ce legging avec poche boule sp\u00e9ciale est \u00e9lastique, confortable et offre un excellent soutien. Qui plus est, il n&rsquo;y a pas de limites respect\u00e9es au mouvement.<\/p>\n<p>Ce legging comporte une couche de tulle \u00e9lastique \u00e0 l&rsquo;int\u00e9rieur de la ceinture pour un meilleur ajustement autour de la taille. Le dos comporte une petite poche pour ranger les petits objets, tels que les cl\u00e9s. La poche sp\u00e9cifique pour ranger la balle est une autre caract\u00e9ristique suppl\u00e9mentaire, et elle est situ\u00e9e dans une zone facile d&rsquo;acc\u00e8s pour ne pas perdre une seconde. La bille est maintenue en place par la finition \u00e9lastique, qui l&#8217;emp\u00eache de tomber pendant le mouvement. En cons\u00e9quence, le joueur ne perdra pas un seul point pendant la partie.<\/p>\n<p>En ce qui concerne la construction, elle a \u00e9t\u00e9 con\u00e7ue avec un tissu \u00e9lastique qui s&rsquo;adapte \u00e0 la silhouette tout en permettant une totale libert\u00e9 de mouvement. Il est \u00e9galement dot\u00e9 de coutures plates pour \u00e9viter les frottements. Ce type de couture dans les zones sensibles de la peau am\u00e9liore la sensation de confort.<\/p>\n<p>Le design accrocheur est pr\u00e9sent tout au long du legging. C&rsquo;est une sublimation moderne qui cr\u00e9e un effet optique d&rsquo;impression infinie.<\/p>\n<p>Poche arri\u00e8re int\u00e9rieure<br \/>\nTissu \u00e9lastique confortable<br \/>\nCoutures plates<br \/>\nLibert\u00e9 de circulation<br \/>\nV\u00eatement de compression<br \/>\n88 % polyester, 12 % \u00e9lasthanne<\/p>\n","protected":false},"excerpt":{"rendered":"<p>Legging long pour les femmes, con\u00e7u pour l&rsquo;entra\u00eenement et la comp\u00e9tition dans les sports de raquette comme le tennis. Ce legging avec poche boule sp\u00e9ciale est \u00e9lastique, confortable et offre un excellent soutien. Qui plus est, il n&rsquo;y a pas de limites respect\u00e9es au mouvemen<\/p>\n","protected":false},"featured_media":34249,"template":"","meta":[],"product_brand":[],"product_cat":[42,58],"product_tag":[],"class_list":{"0":"post-29884","1":"product","2":"type-product","3":"status-publish","4":"has-post-thumbnail","6":"product_cat-femme","7":"product_cat-bermudas-et-shorts","8":"pa_couleur-white","9":"pa_taille-l","10":"pa_taille-m","12":"first","13":"instock","14":"purchasable","15":"product-type-variable"},"_links":{"self":[{"href":"https:\/\/accrosport.tn\/index.php\/wp-json\/wp\/v2\/product\/29884","targetHints":{"allow":["GET"]}}],"collection":[{"href":"https:\/\/accrosport.tn\/index.php\/wp-json\/wp\/v2\/product"}],"about":[{"href":"https:\/\/accrosport.tn\/index.php\/wp-json\/wp\/v2\/types\/product"}],"wp:featuredmedia":[{"embeddable":true,"href":"https:\/\/accrosport.tn\/index.php\/wp-json\/wp\/v2\/media\/34249"}],"wp:attachment":[{"href":"https:\/\/accrosport.tn\/index.php\/wp-json\/wp\/v2\/media?parent=29884"}],"wp:term":[{"taxonomy":"product_brand","embeddable":true,"href":"https:\/\/accrosport.tn\/index.php\/wp-json\/wp\/v2\/product_brand?post=29884"},{"taxonomy":"product_cat","embeddable":true,"href":"https:\/\/accrosport.tn\/index.php\/wp-json\/wp\/v2\/product_cat?post=29884"},{"taxonomy":"product_tag","embeddable":true,"href":"https:\/\/accrosport.tn\/index.php\/wp-json\/wp\/v2\/product_tag?post=29884"}],"curies":[{"name":"wp","href":"https:\/\/api.w.org\/{rel}","templated":true}]}}