{"id":29857,"date":"2025-09-29T09:38:55","date_gmt":"2025-09-29T09:38:55","guid":{"rendered":"https:\/\/accrosport.tn\/index.php\/product\/falda-combi-torneo-negro\/"},"modified":"2025-10-21T07:42:07","modified_gmt":"2025-10-21T07:42:07","slug":"falda-combi-torneo-negro","status":"publish","type":"product","link":"https:\/\/accrosport.tn\/index.php\/product\/falda-combi-torneo-negro\/","title":{"rendered":"Jupe femme Combi Torneo noir"},"content":{"rendered":"<p>Jupe de tennis et de padel pour femme. Peut \u00eatre utilis\u00e9e aussi bien pour l&rsquo;entra\u00eenement que pour les matchs \u00e0 n&rsquo;importe quelle p\u00e9riode de l&rsquo;ann\u00e9e. Une jupe qui flatte beaucoup la silhouette gr\u00e2ce \u00e0 sa conception et son \u00e9lasticit\u00e9. Collants int\u00e9gr\u00e9s pour une meilleure couverture.<\/p>\n<p>Couche ext\u00e9rieure avec taille \u00e9lastique d&rsquo;excellente adaptabilit\u00e9 et petite poche. Tissu \u00e9galement \u00e9lastique et l\u00e9ger. Ouverture sur les c\u00f4t\u00e9s pour une foul\u00e9e plus large.<\/p>\n<p>Les collants int\u00e9rieurs s&rsquo;adaptent au corps et au mouvement comme une deuxi\u00e8me peau. Permet de se d\u00e9placer avec un dynamisme total. Une partie de la construction a \u00e9t\u00e9 r\u00e9alis\u00e9e avec des coutures plates Flatlock, qui pr\u00e9viennent l&rsquo;apparition de frottements possibles sur la peau et augmentent le confort pendant le jeu. Ils comportent une poche sp\u00e9cifique pour ranger la balle, situ\u00e9e dans une zone d&rsquo;acc\u00e8s rapide.<\/p>\n<p>D&rsquo;autre part, elle pr\u00e9sente un design simple et facile \u00e0 combiner avec n&rsquo;importe quel maillot technique.<\/p>\n<p>Logo Joma en impression.<\/p>\n<ul class=\"featuresul\">\n<li>Sous-short<\/li>\n<li>Poche pour balle<\/li>\n<li>Tissu \u00e9lastique et l\u00e9ger<\/li>\n<li>Coutures plates Flatlock<\/li>\n<li>Libert\u00e9 de mouvement<\/li>\n<li>Tissu opaque, non transparent<\/li>\n<li>Type de coupe : r\u00e9guli\u00e8re<\/li>\n<li>Tissu principal 77% Polyester, 23% Spandex \/ Tissu contrastant 95% Polyester, 5% \u00c9lasthanne<\/li>\n<\/ul>\n","protected":false},"excerpt":{"rendered":"<p>Jupe de tennis anti-frottement avec corsaire int\u00e9gr\u00e9. La maille int\u00e9rieure est tr\u00e8s souple et son design offre un grand confort pendant le jeu. Poche pour la balle.<\/p>\n","protected":false},"featured_media":34276,"template":"","meta":[],"product_brand":[],"product_cat":[42,58],"product_tag":[],"class_list":{"0":"post-29857","1":"product","2":"type-product","3":"status-publish","4":"has-post-thumbnail","6":"product_cat-femme","7":"product_cat-bermudas-et-shorts","8":"pa_couleur-noir","9":"pa_taille-m","11":"first","12":"instock","13":"purchasable","14":"product-type-simple"},"_links":{"self":[{"href":"https:\/\/accrosport.tn\/index.php\/wp-json\/wp\/v2\/product\/29857","targetHints":{"allow":["GET"]}}],"collection":[{"href":"https:\/\/accrosport.tn\/index.php\/wp-json\/wp\/v2\/product"}],"about":[{"href":"https:\/\/accrosport.tn\/index.php\/wp-json\/wp\/v2\/types\/product"}],"wp:featuredmedia":[{"embeddable":true,"href":"https:\/\/accrosport.tn\/index.php\/wp-json\/wp\/v2\/media\/34276"}],"wp:attachment":[{"href":"https:\/\/accrosport.tn\/index.php\/wp-json\/wp\/v2\/media?parent=29857"}],"wp:term":[{"taxonomy":"product_brand","embeddable":true,"href":"https:\/\/accrosport.tn\/index.php\/wp-json\/wp\/v2\/product_brand?post=29857"},{"taxonomy":"product_cat","embeddable":true,"href":"https:\/\/accrosport.tn\/index.php\/wp-json\/wp\/v2\/product_cat?post=29857"},{"taxonomy":"product_tag","embeddable":true,"href":"https:\/\/accrosport.tn\/index.php\/wp-json\/wp\/v2\/product_tag?post=29857"}],"curies":[{"name":"wp","href":"https:\/\/api.w.org\/{rel}","templated":true}]}}