{"id":29856,"date":"2025-09-29T09:38:55","date_gmt":"2025-09-29T09:38:55","guid":{"rendered":"https:\/\/accrosport.tn\/index.php\/product\/mallas-largas-combi-torneo-neg-black-coral\/"},"modified":"2025-10-21T07:34:00","modified_gmt":"2025-10-21T07:34:00","slug":"mallas-largas-combi-torneo-neg-black-coral","status":"publish","type":"product","link":"https:\/\/accrosport.tn\/index.php\/product\/mallas-largas-combi-torneo-neg-black-coral\/","title":{"rendered":"Legging long femme Combi Torneo noir corail"},"content":{"rendered":"<p>Long legging avec fente \u00e0 l&rsquo;ourlet. Comprend un passepoil \u00e9lastique de couleur contrast\u00e9e pour une plus grande libert\u00e9 de mouvement de l&rsquo;athl\u00e8te. Taille en V dans le dos.<\/p>\n<ul class=\"featuresul\">\n<li>Inserts en tissu mesh<\/li>\n<li>Tissu \u00e9lastique<\/li>\n<li>Libert\u00e9 de mouvement<\/li>\n<li>Type de coupe : ajust\u00e9e<\/li>\n<li>77% Polyester, 23% Spandex<\/li>\n<\/ul>\n","protected":false},"excerpt":{"rendered":"<div class=\"container product-detail product-wrapper\" data-product-url=\"https:\/\/www.joma-sport.com\/on\/demandware.store\/Sites-joma_eu-Site\/fr_FR\/Product-Show?pid=%24product%24\" data-sizebay-tenantid=\"3356\" data-pid=\"901572.119\">\n<div class=\"row\">\n<div class=\"product-container-information contentPDP-right\">\n<div class=\"product-sticky\">\n<div class=\"short-description\">\n<div class=\"text-short-description\">Legging long de tennis\/padel femme. Les coutures anti-frottement et le tissu souple et ajust\u00e9 offrent une grande libert\u00e9 de mouvement pendant le jeu.<\/div>\n<\/div>\n<\/div>\n<\/div>\n<\/div>\n<\/div>\n<div class=\"container product-detail \">\n<div class=\"row\">\n<div class=\"col-sm-12\">\n<div id=\"cq_recomm_slot-4432818939b95f78a018708f9e\">\n<div class=\"recommendations completeSet\"><\/div>\n<\/div>\n<\/div>\n<\/div>\n<\/div>\n","protected":false},"featured_media":34271,"template":"","meta":[],"product_brand":[],"product_cat":[42,58],"product_tag":[],"class_list":{"0":"post-29856","1":"product","2":"type-product","3":"status-publish","4":"has-post-thumbnail","6":"product_cat-femme","7":"product_cat-bermudas-et-shorts","8":"pa_couleur-black-coral","9":"pa_taille-m","11":"first","12":"instock","13":"purchasable","14":"product-type-simple"},"_links":{"self":[{"href":"https:\/\/accrosport.tn\/index.php\/wp-json\/wp\/v2\/product\/29856","targetHints":{"allow":["GET"]}}],"collection":[{"href":"https:\/\/accrosport.tn\/index.php\/wp-json\/wp\/v2\/product"}],"about":[{"href":"https:\/\/accrosport.tn\/index.php\/wp-json\/wp\/v2\/types\/product"}],"wp:featuredmedia":[{"embeddable":true,"href":"https:\/\/accrosport.tn\/index.php\/wp-json\/wp\/v2\/media\/34271"}],"wp:attachment":[{"href":"https:\/\/accrosport.tn\/index.php\/wp-json\/wp\/v2\/media?parent=29856"}],"wp:term":[{"taxonomy":"product_brand","embeddable":true,"href":"https:\/\/accrosport.tn\/index.php\/wp-json\/wp\/v2\/product_brand?post=29856"},{"taxonomy":"product_cat","embeddable":true,"href":"https:\/\/accrosport.tn\/index.php\/wp-json\/wp\/v2\/product_cat?post=29856"},{"taxonomy":"product_tag","embeddable":true,"href":"https:\/\/accrosport.tn\/index.php\/wp-json\/wp\/v2\/product_tag?post=29856"}],"curies":[{"name":"wp","href":"https:\/\/api.w.org\/{rel}","templated":true}]}}