{"id":29833,"date":"2025-09-29T09:38:43","date_gmt":"2025-09-29T09:38:43","guid":{"rendered":"https:\/\/accrosport.tn\/index.php\/product\/camiseta-manga-corta-desert-azul\/"},"modified":"2025-10-21T11:38:44","modified_gmt":"2025-10-21T11:38:44","slug":"camiseta-manga-corta-desert-azul","status":"publish","type":"product","link":"https:\/\/accrosport.tn\/index.php\/product\/camiseta-manga-corta-desert-azul\/","title":{"rendered":"Maillot femme Joma Desert"},"content":{"rendered":"<p>Maillot \u00e0 manches courtes en coton femme\/fille. Design uni et \u00e9pur\u00e9, id\u00e9al pour un usage tr\u00e8s fr\u00e9quent. Doux au toucher et confort optimal.<\/p>\n","protected":false},"excerpt":{"rendered":"<div class=\"content\">\n<div class=\"product-desc\">\n<p>Maillot \u00e0 manches courtes en coton femme\/fille. Design uni et \u00e9pur\u00e9, id\u00e9al pour un usage tr\u00e8s fr\u00e9quent. Doux au toucher et confort optimal.<\/p>\n<\/div>\n<\/div>\n","protected":false},"featured_media":34344,"template":"","meta":[],"product_brand":[],"product_cat":[42,56],"product_tag":[],"class_list":{"0":"post-29833","1":"product","2":"type-product","3":"status-publish","4":"has-post-thumbnail","6":"product_cat-femme","7":"product_cat-polos-et-t-shirt","8":"pa_couleur-azul","9":"pa_taille-2xl","10":"pa_taille-l","11":"pa_taille-m","12":"pa_taille-s","14":"first","15":"instock","16":"purchasable","17":"product-type-variable"},"_links":{"self":[{"href":"https:\/\/accrosport.tn\/index.php\/wp-json\/wp\/v2\/product\/29833","targetHints":{"allow":["GET"]}}],"collection":[{"href":"https:\/\/accrosport.tn\/index.php\/wp-json\/wp\/v2\/product"}],"about":[{"href":"https:\/\/accrosport.tn\/index.php\/wp-json\/wp\/v2\/types\/product"}],"wp:featuredmedia":[{"embeddable":true,"href":"https:\/\/accrosport.tn\/index.php\/wp-json\/wp\/v2\/media\/34344"}],"wp:attachment":[{"href":"https:\/\/accrosport.tn\/index.php\/wp-json\/wp\/v2\/media?parent=29833"}],"wp:term":[{"taxonomy":"product_brand","embeddable":true,"href":"https:\/\/accrosport.tn\/index.php\/wp-json\/wp\/v2\/product_brand?post=29833"},{"taxonomy":"product_cat","embeddable":true,"href":"https:\/\/accrosport.tn\/index.php\/wp-json\/wp\/v2\/product_cat?post=29833"},{"taxonomy":"product_tag","embeddable":true,"href":"https:\/\/accrosport.tn\/index.php\/wp-json\/wp\/v2\/product_tag?post=29833"}],"curies":[{"name":"wp","href":"https:\/\/api.w.org\/{rel}","templated":true}]}}