{"id":29697,"date":"2025-09-26T14:15:31","date_gmt":"2025-09-26T14:15:31","guid":{"rendered":"https:\/\/accrosport.tn\/index.php\/product\/tshirt-larisa-melange-sleevele\/"},"modified":"2025-10-24T16:19:07","modified_gmt":"2025-10-24T16:19:07","slug":"tshirt-larisa-melange-sleevele","status":"publish","type":"product","link":"https:\/\/accrosport.tn\/index.php\/product\/tshirt-larisa-melange-sleevele\/","title":{"rendered":"D\u00e9bardeur femme Joma Larisa"},"content":{"rendered":"<p>D\u00e9bardeur femme Joma Larisa<\/p>\n<p>D\u00e9bardeur avec logo brod\u00e9.<\/p>\n<p>Les produits pour femmes ont tendance \u00e0 \u00eatre petits<\/p>\n","protected":false},"excerpt":{"rendered":"<p>D\u00e9bardeur femme Joma Larisa D\u00e9bardeur avec logo brod\u00e9. Les produits pour femmes ont tendance \u00e0 \u00eatre petits<\/p>\n","protected":false},"featured_media":34553,"template":"","meta":[],"product_brand":[],"product_cat":[42,56],"product_tag":[],"class_list":{"0":"post-29697","1":"product","2":"type-product","3":"status-publish","4":"has-post-thumbnail","6":"product_cat-femme","7":"product_cat-polos-et-t-shirt","8":"pa_couleur-gris-melange-claro","9":"pa_taille-l","10":"pa_taille-m","11":"pa_taille-s","12":"pa_taille-xl","14":"first","15":"outofstock","16":"purchasable","17":"product-type-variable"},"_links":{"self":[{"href":"https:\/\/accrosport.tn\/index.php\/wp-json\/wp\/v2\/product\/29697","targetHints":{"allow":["GET"]}}],"collection":[{"href":"https:\/\/accrosport.tn\/index.php\/wp-json\/wp\/v2\/product"}],"about":[{"href":"https:\/\/accrosport.tn\/index.php\/wp-json\/wp\/v2\/types\/product"}],"wp:featuredmedia":[{"embeddable":true,"href":"https:\/\/accrosport.tn\/index.php\/wp-json\/wp\/v2\/media\/34553"}],"wp:attachment":[{"href":"https:\/\/accrosport.tn\/index.php\/wp-json\/wp\/v2\/media?parent=29697"}],"wp:term":[{"taxonomy":"product_brand","embeddable":true,"href":"https:\/\/accrosport.tn\/index.php\/wp-json\/wp\/v2\/product_brand?post=29697"},{"taxonomy":"product_cat","embeddable":true,"href":"https:\/\/accrosport.tn\/index.php\/wp-json\/wp\/v2\/product_cat?post=29697"},{"taxonomy":"product_tag","embeddable":true,"href":"https:\/\/accrosport.tn\/index.php\/wp-json\/wp\/v2\/product_tag?post=29697"}],"curies":[{"name":"wp","href":"https:\/\/api.w.org\/{rel}","templated":true}]}}