{"id":29667,"date":"2025-09-26T14:15:26","date_gmt":"2025-09-26T14:15:26","guid":{"rendered":"https:\/\/accrosport.tn\/index.php\/product\/pantalon-pirata-latino-ii-negr\/"},"modified":"2025-10-28T08:46:10","modified_gmt":"2025-10-28T08:46:10","slug":"pantalon-pirata-latino-ii-negr","status":"publish","type":"product","link":"https:\/\/accrosport.tn\/index.php\/product\/pantalon-pirata-latino-ii-negr\/","title":{"rendered":"Legging 3\/4 femme Latino II noir"},"content":{"rendered":"<p>Corsaire avec cordon cach\u00e9 au niveau de la ceinture pour un ajustement optimal et logo brod\u00e9.<\/p>\n<ul class=\"featuresul\">\n<li>Ceinture \u00e0 cordon<\/li>\n<li>Inserts en tissu mesh<\/li>\n<li>Tissu doux et \u00e9lastique<\/li>\n<li>Libert\u00e9 de mouvement<\/li>\n<li>Type de coupe : ajust\u00e9e<\/li>\n<li>90% Coton, 10% \u00c9lasthanne<\/li>\n<\/ul>\n","protected":false},"excerpt":{"rendered":"<p>Legging corsaire femme pour un look outdoor. Fabriqu\u00e9 dans un mat\u00e9riau qui offre un confort exceptionnel. Ajustement optimal \u00e0 l&rsquo;aide d&rsquo;un cordon cach\u00e9 dans la ceinture.<\/p>\n","protected":false},"featured_media":34597,"template":"","meta":[],"product_brand":[],"product_cat":[42,58],"product_tag":[],"class_list":{"0":"post-29667","1":"product","2":"type-product","3":"status-publish","4":"has-post-thumbnail","6":"product_cat-femme","7":"product_cat-bermudas-et-shorts","8":"pa_couleur-negro","9":"pa_taille-l","10":"pa_taille-m","11":"pa_taille-s","12":"pa_taille-xl","13":"pa_taille-xxl","15":"first","16":"outofstock","17":"purchasable","18":"product-type-variable"},"_links":{"self":[{"href":"https:\/\/accrosport.tn\/index.php\/wp-json\/wp\/v2\/product\/29667","targetHints":{"allow":["GET"]}}],"collection":[{"href":"https:\/\/accrosport.tn\/index.php\/wp-json\/wp\/v2\/product"}],"about":[{"href":"https:\/\/accrosport.tn\/index.php\/wp-json\/wp\/v2\/types\/product"}],"wp:featuredmedia":[{"embeddable":true,"href":"https:\/\/accrosport.tn\/index.php\/wp-json\/wp\/v2\/media\/34597"}],"wp:attachment":[{"href":"https:\/\/accrosport.tn\/index.php\/wp-json\/wp\/v2\/media?parent=29667"}],"wp:term":[{"taxonomy":"product_brand","embeddable":true,"href":"https:\/\/accrosport.tn\/index.php\/wp-json\/wp\/v2\/product_brand?post=29667"},{"taxonomy":"product_cat","embeddable":true,"href":"https:\/\/accrosport.tn\/index.php\/wp-json\/wp\/v2\/product_cat?post=29667"},{"taxonomy":"product_tag","embeddable":true,"href":"https:\/\/accrosport.tn\/index.php\/wp-json\/wp\/v2\/product_tag?post=29667"}],"curies":[{"name":"wp","href":"https:\/\/api.w.org\/{rel}","templated":true}]}}