{"id":29637,"date":"2025-09-26T14:15:16","date_gmt":"2025-09-26T14:15:16","guid":{"rendered":"https:\/\/accrosport.tn\/index.php\/product\/campus-ii-women-sleeveless-shi\/"},"modified":"2025-10-28T14:04:19","modified_gmt":"2025-10-28T14:04:19","slug":"campus-ii-women-sleeveless-shi","status":"publish","type":"product","link":"https:\/\/accrosport.tn\/index.php\/product\/campus-ii-women-sleeveless-shi\/","title":{"rendered":"T-shirt d&rsquo;entra\u00eenement SANS MANCHES CAMPUS II"},"content":{"rendered":"<p>T-shirt sans manches \u00e0 col arrondi avec deux tissus. Au recto et au verso, le tissu Jacquard imprim\u00e9 horizontalement se d\u00e9marque et plaisante. Comprend la technologie Micro-Mesh sur les c\u00f4t\u00e9s pour am\u00e9liorer la respirabilit\u00e9. Avec DRY MX, une technologie capable de contr\u00f4ler la transpiration des athl\u00e8tes.<br \/>\nPolyester 100%<\/p>\n","protected":false},"excerpt":{"rendered":"<p>Chemise femme Joma Campus II d\u00e9bardeur sans manches avec tissus, sur le devant et le dos avec un tissu jacquard pr\u00e9sent\u00e9 horizontalement et une coupe. Il est \u00e9quip\u00e9 d&rsquo;une technologie de micro-maillage sur les c\u00f4t\u00e9s pour am\u00e9liorer la transpiration. Avec Dry MX, une technologie qui contr\u00f4le le liquide corporel de l&rsquo;athl\u00e8te. Les produits destin\u00e9s aux femmes ont tendance \u00e0 \u00eatre petits.<\/p>\n","protected":false},"featured_media":34647,"template":"","meta":[],"product_brand":[414],"product_cat":[42,56],"product_tag":[],"class_list":{"0":"post-29637","1":"product","2":"type-product","3":"status-publish","4":"has-post-thumbnail","6":"product_brand-joma","7":"product_cat-femme","8":"product_cat-polos-et-t-shirt","9":"pa_couleur-amarillo-verde","10":"pa_taille-2xl","12":"first","13":"instock","14":"purchasable","15":"product-type-simple"},"_links":{"self":[{"href":"https:\/\/accrosport.tn\/index.php\/wp-json\/wp\/v2\/product\/29637","targetHints":{"allow":["GET"]}}],"collection":[{"href":"https:\/\/accrosport.tn\/index.php\/wp-json\/wp\/v2\/product"}],"about":[{"href":"https:\/\/accrosport.tn\/index.php\/wp-json\/wp\/v2\/types\/product"}],"wp:featuredmedia":[{"embeddable":true,"href":"https:\/\/accrosport.tn\/index.php\/wp-json\/wp\/v2\/media\/34647"}],"wp:attachment":[{"href":"https:\/\/accrosport.tn\/index.php\/wp-json\/wp\/v2\/media?parent=29637"}],"wp:term":[{"taxonomy":"product_brand","embeddable":true,"href":"https:\/\/accrosport.tn\/index.php\/wp-json\/wp\/v2\/product_brand?post=29637"},{"taxonomy":"product_cat","embeddable":true,"href":"https:\/\/accrosport.tn\/index.php\/wp-json\/wp\/v2\/product_cat?post=29637"},{"taxonomy":"product_tag","embeddable":true,"href":"https:\/\/accrosport.tn\/index.php\/wp-json\/wp\/v2\/product_tag?post=29637"}],"curies":[{"name":"wp","href":"https:\/\/api.w.org\/{rel}","templated":true}]}}