{"id":29529,"date":"2025-09-26T14:14:48","date_gmt":"2025-09-26T14:14:48","guid":{"rendered":"https:\/\/accrosport.tn\/index.php\/product\/guantes-portero-hunter-naranja\/"},"modified":"2025-10-29T09:17:38","modified_gmt":"2025-10-29T09:17:38","slug":"guantes-portero-hunter-naranja","status":"publish","type":"product","link":"https:\/\/accrosport.tn\/index.php\/product\/guantes-portero-hunter-naranja\/","title":{"rendered":"Gants gardien de but football Hunter orange fluo noir"},"content":{"rendered":"<p>Gants de gardien de but pour gar\u00e7on\/fille. Con\u00e7us pour que les plus petits deviennent les meilleurs gardiens de but.<\/p>\n<p>Le corps est fabriqu\u00e9 avec un mat\u00e9riau imperm\u00e9able avec une mousse int\u00e9rieure pour un confort extr\u00eame. La paume douce offre une bonne adh\u00e9rence et absorbe les chocs. Couverture de 3 mm. Avec du lycra pour permettre une totale libert\u00e9 de mouvement.<\/p>\n<p>Ils sont faciles \u00e0 mettre et \u00e0 enlever gr\u00e2ce \u00e0 la poign\u00e9e \u00e9lastique et respirante.<\/p>\n<p>Conception personnalis\u00e9e avec des d\u00e9tails en impression.<\/p>\n<ul class=\"featuresul\">\n<li>Mat\u00e9riau r\u00e9sistant<\/li>\n<li>55% Latex, 32% Polyester, 6% Coton, 4% Caoutchouc, 3% Nylon<\/li>\n<\/ul>\n","protected":false},"excerpt":{"rendered":"<p>Gants de gardien de but pour gar\u00e7on\/fille. Con\u00e7us pour que les plus petits deviennent les meilleurs gardiens de but.<\/p>\n","protected":false},"featured_media":34742,"template":"","meta":[],"product_brand":[],"product_cat":[45,71],"product_tag":[],"class_list":{"0":"post-29529","1":"product","2":"type-product","3":"status-publish","4":"has-post-thumbnail","6":"product_cat-accessoires","7":"product_cat-gant-gardien","8":"pa_couleur-fluorescent-orange-b","9":"pa_taille-606","10":"pa_taille-607","11":"pa_taille-615","12":"pa_taille-592","13":"pa_taille-594","15":"first","16":"outofstock","17":"purchasable","18":"product-type-variable"},"_links":{"self":[{"href":"https:\/\/accrosport.tn\/index.php\/wp-json\/wp\/v2\/product\/29529","targetHints":{"allow":["GET"]}}],"collection":[{"href":"https:\/\/accrosport.tn\/index.php\/wp-json\/wp\/v2\/product"}],"about":[{"href":"https:\/\/accrosport.tn\/index.php\/wp-json\/wp\/v2\/types\/product"}],"wp:featuredmedia":[{"embeddable":true,"href":"https:\/\/accrosport.tn\/index.php\/wp-json\/wp\/v2\/media\/34742"}],"wp:attachment":[{"href":"https:\/\/accrosport.tn\/index.php\/wp-json\/wp\/v2\/media?parent=29529"}],"wp:term":[{"taxonomy":"product_brand","embeddable":true,"href":"https:\/\/accrosport.tn\/index.php\/wp-json\/wp\/v2\/product_brand?post=29529"},{"taxonomy":"product_cat","embeddable":true,"href":"https:\/\/accrosport.tn\/index.php\/wp-json\/wp\/v2\/product_cat?post=29529"},{"taxonomy":"product_tag","embeddable":true,"href":"https:\/\/accrosport.tn\/index.php\/wp-json\/wp\/v2\/product_tag?post=29529"}],"curies":[{"name":"wp","href":"https:\/\/api.w.org\/{rel}","templated":true}]}}